115.131.141.210 - - [30/Apr/2026:23:12:38 +1000] "GET /wp-content/themes/galaxy-beads-not-ecommorce/css/mobile.css?01&ver=6.9.4 HTTP/1.1" 200 1964 "https://galaxybeads.com.au/" "Mozilla/5.0 (Linux; Android 10; K) AppleWebKit/537.36 (KHTML, like Gecko) Chrome/147.0.0.0 Mobile Safari/537.36"
115.131.141.210 - - [30/Apr/2026:23:12:38 +1000] "GET /wp-content/themes/galaxy-beads-not-ecommorce/css/typography.css?ver=6.9.4 HTTP/1.1" 200 349 "https://galaxybeads.com.au/" "Mozilla/5.0 (Linux; Android 10; K) AppleWebKit/537.36 (KHTML, like Gecko) Chrome/147.0.0.0 Mobile Safari/537.36"
115.131.141.210 - - [30/Apr/2026:23:12:38 +1000] "GET /wp-content/themes/galaxy-beads-not-ecommorce/style.css?ver=6.9.4 HTTP/1.1" 200 5700 "https://galaxybeads.com.au/" "Mozilla/5.0 (Linux; Android 10; K) AppleWebKit/537.36 (KHTML, like Gecko) Chrome/147.0.0.0 Mobile Safari/537.36"
115.131.141.210 - - [30/Apr/2026:23:12:38 +1000] "GET /wp-content/themes/galaxy-beads-not-ecommorce/js/functions.js?ver=1 HTTP/1.1" 200 707 "https://galaxybeads.com.au/" "Mozilla/5.0 (Linux; Android 10; K) AppleWebKit/537.36 (KHTML, like Gecko) Chrome/147.0.0.0 Mobile Safari/537.36"
115.131.141.210 - - [30/Apr/2026:23:12:38 +1000] "GET /wp-content/themes/galaxy-beads-not-ecommorce/js/scroll-master/_dependent/jquery.min.js?ver=6.9.4 HTTP/1.1" 200 42291 "https://galaxybeads.com.au/" "Mozilla/5.0 (Linux; Android 10; K) AppleWebKit/537.36 (KHTML, like Gecko) Chrome/147.0.0.0 Mobile Safari/537.36"
115.131.141.210 - - [30/Apr/2026:23:12:38 +1000] "GET /wp-content/themes/galaxy-beads-not-ecommorce/images/logo-top-float.png HTTP/1.1" 200 971 "https://galaxybeads.com.au/" "Mozilla/5.0 (Linux; Android 10; K) AppleWebKit/537.36 (KHTML, like Gecko) Chrome/147.0.0.0 Mobile Safari/537.36"
115.131.141.210 - - [30/Apr/2026:23:12:38 +1000] "GET /wp-content/themes/galaxy-beads-not-ecommorce/js/owl.carousel.min.js?ver=1 HTTP/1.1" 200 8079 "https://galaxybeads.com.au/" "Mozilla/5.0 (Linux; Android 10; K) AppleWebKit/537.36 (KHTML, like Gecko) Chrome/147.0.0.0 Mobile Safari/537.36"
115.131.141.210 - - [30/Apr/2026:23:12:38 +1000] "GET /wp-content/themes/galaxy-beads-not-ecommorce/images/green-beads.png HTTP/1.1" 200 58245 "https://galaxybeads.com.au/" "Mozilla/5.0 (Linux; Android 10; K) AppleWebKit/537.36 (KHTML, like Gecko) Chrome/147.0.0.0 Mobile Safari/537.36"
115.131.141.210 - - [30/Apr/2026:23:12:38 +1000] "GET /wp-content/themes/galaxy-beads-not-ecommorce/images/homepage/birth-stone.png HTTP/1.1" 200 22414 "https://galaxybeads.com.au/" "Mozilla/5.0 (Linux; Android 10; K) AppleWebKit/537.36 (KHTML, like Gecko) Chrome/147.0.0.0 Mobile Safari/537.36"
115.131.141.210 - - [30/Apr/2026:23:12:38 +1000] "GET /wp-includes/js/dist/i18n.min.js?ver=c26c3dc7bed366793375 HTTP/1.1" 200 2319 "https://galaxybeads.com.au/" "Mozilla/5.0 (Linux; Android 10; K) AppleWebKit/537.36 (KHTML, like Gecko) Chrome/147.0.0.0 Mobile Safari/537.36"
115.131.141.210 - - [30/Apr/2026:23:12:38 +1000] "GET /wp-content/themes/galaxy-beads-not-ecommorce/images/homepage/glasses-and-beads.png HTTP/1.1" 200 17690 "https://galaxybeads.com.au/" "Mozilla/5.0 (Linux; Android 10; K) AppleWebKit/537.36 (KHTML, like Gecko) Chrome/147.0.0.0 Mobile Safari/537.36"
115.131.141.210 - - [30/Apr/2026:23:12:38 +1000] "GET /wp-includes/js/dist/hooks.min.js?ver=dd5603f07f9220ed27f1 HTTP/1.1" 200 2014 "https://galaxybeads.com.au/" "Mozilla/5.0 (Linux; Android 10; K) AppleWebKit/537.36 (KHTML, like Gecko) Chrome/147.0.0.0 Mobile Safari/537.36"
115.131.141.210 - - [30/Apr/2026:23:12:38 +1000] "GET /wp-content/themes/galaxy-beads-not-ecommorce/css/fonts/karine_aime_les_chocolats-webfont.woff2 HTTP/1.1" 200 35864 "https://galaxybeads.com.au/wp-content/themes/galaxy-beads-not-ecommorce/css/typography.css?ver=6.9.4" "Mozilla/5.0 (Linux; Android 10; K) AppleWebKit/537.36 (KHTML, like Gecko) Chrome/147.0.0.0 Mobile Safari/537.36"
115.131.141.210 - - [30/Apr/2026:23:12:38 +1000] "GET /wp-content/themes/galaxy-beads-not-ecommorce/css/fonts/OpenSansRegular.woff HTTP/1.1" 200 67532 "https://galaxybeads.com.au/wp-content/themes/galaxy-beads-not-ecommorce/css/typography.css?ver=6.9.4" "Mozilla/5.0 (Linux; Android 10; K) AppleWebKit/537.36 (KHTML, like Gecko) Chrome/147.0.0.0 Mobile Safari/537.36"
115.131.141.210 - - [30/Apr/2026:23:12:38 +1000] "GET /wp-content/themes/galaxy-beads-not-ecommorce/css/fonts/dragon_is_coming-webfont.woff2 HTTP/1.1" 200 25760 "https://galaxybeads.com.au/wp-content/themes/galaxy-beads-not-ecommorce/css/typography.css?ver=6.9.4" "Mozilla/5.0 (Linux; Android 10; K) AppleWebKit/537.36 (KHTML, like Gecko) Chrome/147.0.0.0 Mobile Safari/537.36"
115.131.141.210 - - [30/Apr/2026:23:12:38 +1000] "GET /wp-content/themes/galaxy-beads-not-ecommorce/images/rosary.png HTTP/1.1" 200 107055 "https://galaxybeads.com.au/" "Mozilla/5.0 (Linux; Android 10; K) AppleWebKit/537.36 (KHTML, like Gecko) Chrome/147.0.0.0 Mobile Safari/537.36"
116.71.97.158 - - [30/Apr/2026:23:12:40 +1000] "POST /xmlrpc.php HTTP/1.1" 200 447 "-" "Mozilla/5.0 (Macintosh; Intel Mac OS X 10_15_7; arm64) AppleWebKit/537.36 (KHTML, like Gecko) Edge/90.0.0.0 Safari/537.36"
17.246.23.142 - - [30/Apr/2026:23:12:42 +1000] "GET /shop/index.php?main_page=login HTTP/1.1" 302 - "-" "Mozilla/5.0 (Macintosh; Intel Mac OS X 10_15_7) AppleWebKit/605.1.15 (KHTML, like Gecko) Version/17.4 Safari/605.1.15 (Applebot/0.1; +http://www.apple.com/go/applebot)"
115.131.141.210 - - [30/Apr/2026:23:12:38 +1000] "GET /wp-content/themes/galaxy-beads-not-ecommorce/images/galaxy-beads-header.png HTTP/1.1" 200 499340 "https://galaxybeads.com.au/wp-content/themes/galaxy-beads-not-ecommorce/style.css?ver=6.9.4" "Mozilla/5.0 (Linux; Android 10; K) AppleWebKit/537.36 (KHTML, like Gecko) Chrome/147.0.0.0 Mobile Safari/537.36"
17.246.23.142 - - [30/Apr/2026:23:12:43 +1000] "GET /shop/index.php?main_page=cookie_usage HTTP/1.1" 200 8953 "-" "Mozilla/5.0 (Macintosh; Intel Mac OS X 10_15_7) AppleWebKit/605.1.15 (KHTML, like Gecko) Version/17.4 Safari/605.1.15 (Applebot/0.1; +http://www.apple.com/go/applebot)"
47.128.38.172 - - [30/Apr/2026:23:12:53 +1000] "GET /shop/bmz_cache/a/abd6ae4f5ab355b1ecd96f073234ac9f.image.147x71.jpg HTTP/1.1" 206 500 "http://galaxybeads.com.au/" "Mozilla/5.0 (Linux; Android 5.0) AppleWebKit/537.36 (KHTML, like Gecko) Mobile Safari/537.36 (compatible; Bytespider; spider-feedback@bytedance.com)"
116.71.97.158 - - [30/Apr/2026:23:13:04 +1000] "POST /xmlrpc.php HTTP/1.1" 200 447 "-" "Mozilla/5.0 (Windows NT 6.3; arm64) AppleWebKit/537.36 (KHTML, like Gecko) Chrome/96.0.0.0 Safari/537.36"
154.192.233.53 - - [30/Apr/2026:23:13:08 +1000] "POST /xmlrpc.php HTTP/1.1" 200 448 "-" "Jetpack by WordPress.com (Jetpack 13.0; WordPress 6.1)"
154.192.233.53 - - [30/Apr/2026:23:13:17 +1000] "POST /xmlrpc.php HTTP/1.1" 200 448 "-" "Jetpack/12.0; WordPress/6.2; http://site97202663.com"
116.71.97.158 - - [30/Apr/2026:23:13:28 +1000] "POST /xmlrpc.php HTTP/1.1" 200 447 "-" "Mozilla/5.0 (Windows NT 6.2; arm64) AppleWebKit/537.36 (KHTML, like Gecko) Safari/13.0.0.0 Safari/537.36"
154.192.233.53 - - [30/Apr/2026:23:13:29 +1000] "POST /xmlrpc.php HTTP/1.1" 200 448 "-" "Jetpack/12.5; WordPress/6.3; http://site92932052.com"
154.192.233.53 - - [30/Apr/2026:23:13:39 +1000] "POST /xmlrpc.php HTTP/1.1" 200 448 "-" "Jetpack/12.0; WordPress/6.2; http://site22054651.com"
116.71.97.158 - - [30/Apr/2026:23:13:45 +1000] "POST /xmlrpc.php HTTP/1.1" 200 447 "-" "Mozilla/5.0 (Linux; Android 10; x64) AppleWebKit/537.36 (KHTML, like Gecko) Opera/70.0.0.0 Safari/537.36"
116.71.97.158 - - [30/Apr/2026:23:14:02 +1000] "POST /xmlrpc.php HTTP/1.1" 200 447 "-" "Mozilla/5.0 (Macintosh; Intel Mac OS X 10_15_7; arm64) AppleWebKit/537.36 (KHTML, like Gecko) Safari/13.0.0.0 Safari/537.36"
109.105.209.3 - - [30/Apr/2026:23:14:04 +1000] "GET /shop HTTP/1.1" 301 240 "https://shop.galaxybeads.com.au/" "Mozilla/5.0 AppleWebKit/537.36 (KHTML, like Gecko) Chrome/123.0.6312.86 Safari/537.36"
109.105.209.3 - - [30/Apr/2026:23:14:04 +1000] "GET /shop/ HTTP/1.1" 200 14778 "https://galaxybeads.com.au/shop" "Mozilla/5.0 AppleWebKit/537.36 (KHTML, like Gecko) Chrome/123.0.6312.86 Safari/537.36"
116.71.97.158 - - [30/Apr/2026:23:14:21 +1000] "POST /xmlrpc.php HTTP/1.1" 200 447 "-" "Mozilla/5.0 (Macintosh; Intel Mac OS X 10_15_7; arm64) AppleWebKit/537.36 (KHTML, like Gecko) Opera/69.0.0.0 Safari/537.36"
50.6.7.129 - - [30/Apr/2026:23:14:37 +1000] "GET /wp-login.php HTTP/1.1" 200 4709 "-" "Mozilla/5.0 (Windows NT 6.1; Win64; x64) AppleWebKit/537.36 (KHTML, like Gecko) Chrome/64.0.3282.186 Safari/537.36 OPR/51.0.2830.55"
116.71.97.158 - - [30/Apr/2026:23:14:39 +1000] "POST /xmlrpc.php HTTP/1.1" 200 447 "-" "Mozilla/5.0 (Macintosh; Intel Mac OS X 10_15_7; x64) AppleWebKit/537.36 (KHTML, like Gecko) Opera/76.0.0.0 Safari/537.36"
50.6.7.129 - - [30/Apr/2026:23:14:40 +1000] "POST /wp-login.php HTTP/1.1" 200 4709 "https://mail.youronesite.com/wp-login.php" "Mozilla/5.0 (Windows NT 6.1; Win64; x64) AppleWebKit/537.36 (KHTML, like Gecko) Chrome/64.0.3282.186 Safari/537.36 OPR/51.0.2830.55"
109.105.209.2 - - [30/Apr/2026:23:14:59 +1000] "POST /mcp HTTP/1.1" 404 10831 "-" "python-httpx/0.28.1"
116.71.97.158 - - [30/Apr/2026:23:15:01 +1000] "POST /xmlrpc.php HTTP/1.1" 200 447 "-" "Mozilla/5.0 (Macintosh; Intel Mac OS X 10_15_7; arm64) AppleWebKit/537.36 (KHTML, like Gecko) Firefox/89.0.0.0 Safari/537.36"
109.105.209.2 - - [30/Apr/2026:23:15:01 +1000] "GET /sse HTTP/1.1" 404 10830 "-" "python-httpx/0.28.1"
116.71.97.158 - - [30/Apr/2026:23:15:21 +1000] "POST /xmlrpc.php HTTP/1.1" 200 447 "-" "Mozilla/5.0 (Linux; Android 10; x64) AppleWebKit/537.36 (KHTML, like Gecko) Safari/14.0.0.0 Safari/537.36"
50.6.229.148 - - [30/Apr/2026:23:15:40 +1000] "GET /wp-login.php HTTP/1.1" 200 4710 "-" "Mozilla/5.0 (Windows NT 6.3; WOW64) AppleWebKit/537.36 (KHTML, like Gecko) Chrome/67.0.3396.87 Safari/537.36"
50.6.229.148 - - [30/Apr/2026:23:15:43 +1000] "POST /wp-login.php HTTP/1.1" 200 4710 "https://galaxybeads.com.au/wp-login.php" "Mozilla/5.0 (Windows NT 6.3; WOW64) AppleWebKit/537.36 (KHTML, like Gecko) Chrome/67.0.3396.87 Safari/537.36"
116.71.97.158 - - [30/Apr/2026:23:15:45 +1000] "POST /xmlrpc.php HTTP/1.1" 200 447 "-" "Mozilla/5.0 (Linux; Android 10; x64) AppleWebKit/537.36 (KHTML, like Gecko) Opera/77.0.0.0 Safari/537.36"
116.71.97.158 - - [30/Apr/2026:23:16:06 +1000] "POST /xmlrpc.php HTTP/1.1" 200 447 "-" "Mozilla/5.0 (X11; Ubuntu; Linux x86_64; x64) AppleWebKit/537.36 (KHTML, like Gecko) Firefox/81.0.0.0 Safari/537.36"
154.192.233.53 - - [30/Apr/2026:23:16:06 +1000] "POST /xmlrpc.php HTTP/1.1" 200 448 "-" "Jetpack by WordPress.com (Jetpack 12.5; WordPress 6.3)"
199.203.54.15 - - [30/Apr/2026:23:16:07 +1000] "GET /wp-login.php HTTP/1.1" 200 4711 "-" "Mozilla/5.0 (Windows NT 10.0) AppleWebKit/537.36 (KHTML, like Gecko) Chrome/65.0.3325.146 Safari/537.36"
199.203.54.15 - - [30/Apr/2026:23:16:10 +1000] "POST /wp-login.php HTTP/1.1" 200 4711 "https://mail.youronesite.com/wp-login.php" "Mozilla/5.0 (Windows NT 10.0) AppleWebKit/537.36 (KHTML, like Gecko) Chrome/65.0.3325.146 Safari/537.36"
154.192.233.53 - - [30/Apr/2026:23:16:17 +1000] "POST /xmlrpc.php HTTP/1.1" 200 448 "-" "Jetpack/12.0; WordPress/6.3; http://site36639798.com"
209.50.175.9 - - [30/Apr/2026:23:16:19 +1000] "POST /shop/index.php?main_page=login&action=process HTTP/1.1" 200 17900 "http://galaxybeads.com.au/shop/index.php?main_page=login" "Mozilla/5.0 (Windows NT 6.3; Win64; x64) AppleWebKit/537.36 (KHTML, like Gecko) Chrome/103.0.0.0 Safari/537.36"
154.192.233.53 - - [30/Apr/2026:23:16:28 +1000] "POST /xmlrpc.php HTTP/1.1" 200 448 "-" "Jetpack by WordPress.com"
116.71.97.158 - - [30/Apr/2026:23:16:29 +1000] "POST /xmlrpc.php HTTP/1.1" 200 447 "-" "Mozilla/5.0 (Linux; Android 10; x86) AppleWebKit/537.36 (KHTML, like Gecko) Firefox/96.0.0.0 Safari/537.36"
209.50.175.9 - - [30/Apr/2026:23:16:32 +1000] "GET /wp-admin/post-new.php HTTP/1.1" 302 - "http://galaxybeads.com.au/wp-admin/post-new.php" "Mozilla/5.0 (Windows NT 6.3; Win64; x64) AppleWebKit/537.36 (KHTML, like Gecko) Chrome/103.0.0.0 Safari/537.36"
209.50.175.9 - - [30/Apr/2026:23:16:35 +1000] "GET /wp-login.php?redirect_to=https%3A%2F%2Fgalaxybeads.com.au%2Fwp-admin%2Fpost-new.php&reauth=1 HTTP/1.1" 200 2866 "https://galaxybeads.com.au/wp-admin/post-new.php" "Mozilla/5.0 (Windows NT 6.3; Win64; x64) AppleWebKit/537.36 (KHTML, like Gecko) Chrome/103.0.0.0 Safari/537.36"
154.192.233.53 - - [30/Apr/2026:23:16:40 +1000] "POST /xmlrpc.php HTTP/1.1" 200 448 "-" "Jetpack by WordPress.com"
185.180.141.45 - - [30/Apr/2026:23:16:40 +1000] "GET / HTTP/1.1" 301 - "-" "Mozilla/5.0 AppleWebKit/537.36 (KHTML, like Gecko) Chrome/123.0.6312.86 Safari/537.36"
185.180.141.42 - - [30/Apr/2026:23:16:43 +1000] "GET / HTTP/1.1" 200 13378 "https://www.galaxybeads.com.au/" "Mozilla/5.0 AppleWebKit/537.36 (KHTML, like Gecko) Chrome/123.0.6312.86 Safari/537.36"
116.71.97.158 - - [30/Apr/2026:23:16:49 +1000] "POST /xmlrpc.php HTTP/1.1" 200 447 "-" "Mozilla/5.0 (Linux; Android 10; x86) AppleWebKit/537.36 (KHTML, like Gecko) Safari/14.0.0.0 Safari/537.36"
47.128.38.180 - - [30/Apr/2026:23:16:52 +1000] "GET /shop/includes/templates/theme228/css/stylesheet_tm.css HTTP/1.1" 200 4171 "http://galaxybeads.com.au/" "Mozilla/5.0 (Linux; Android 5.0) AppleWebKit/537.36 (KHTML, like Gecko) Mobile Safari/537.36 (compatible; Bytespider; spider-feedback@bytedance.com)"
47.128.38.180 - - [30/Apr/2026:23:16:52 +1000] "GET /shop/bmz_cache/2/2e8180be99f6540d449afa5b147de98a.image.147x110.jpg HTTP/1.1" 206 500 "http://galaxybeads.com.au/" "Mozilla/5.0 (Linux; Android 5.0) AppleWebKit/537.36 (KHTML, like Gecko) Mobile Safari/537.36 (compatible; Bytespider; spider-feedback@bytedance.com)"
47.128.38.180 - - [30/Apr/2026:23:16:53 +1000] "GET /shop/includes/templates/theme228/images/PayPal.gif HTTP/1.1" 206 500 "http://galaxybeads.com.au/" "Mozilla/5.0 (Linux; Android 5.0) AppleWebKit/537.36 (KHTML, like Gecko) Mobile Safari/537.36 (compatible; Bytespider; spider-feedback@bytedance.com)"
116.71.97.158 - - [30/Apr/2026:23:17:09 +1000] "POST /xmlrpc.php HTTP/1.1" 200 447 "-" "Mozilla/5.0 (Windows NT 10.0; x86) AppleWebKit/537.36 (KHTML, like Gecko) Chrome/115.0.0.0 Safari/537.36"
116.71.97.158 - - [30/Apr/2026:23:17:29 +1000] "POST /xmlrpc.php HTTP/1.1" 200 447 "-" "Mozilla/5.0 (Windows NT 6.3; x64) AppleWebKit/537.36 (KHTML, like Gecko) Opera/65.0.0.0 Safari/537.36"
185.180.141.42 - - [30/Apr/2026:23:17:31 +1000] "POST /mcp HTTP/1.1" 404 10831 "-" "python-httpx/0.28.1"
185.180.141.42 - - [30/Apr/2026:23:17:32 +1000] "GET /sse HTTP/1.1" 404 10830 "-" "python-httpx/0.28.1"
185.180.141.44 - - [30/Apr/2026:23:17:35 +1000] "GET /favicon.ico HTTP/1.1" 302 - "-" "Mozilla/5.0 AppleWebKit/537.36 (KHTML, like Gecko) Chrome/123.0.6312.86 Safari/537.36"
185.180.141.44 - - [30/Apr/2026:23:17:37 +1000] "GET /wp-includes/images/w-logo-blue-white-bg.png HTTP/1.1" 200 4119 "https://www.galaxybeads.com.au/favicon.ico" "Mozilla/5.0 AppleWebKit/537.36 (KHTML, like Gecko) Chrome/123.0.6312.86 Safari/537.36"
199.203.54.15 - - [30/Apr/2026:23:17:38 +1000] "GET /wp-login.php HTTP/1.1" 200 4711 "-" "Mozilla/5.0 (X11; Linux x86_64) AppleWebKit/537.36 (KHTML, like Gecko) Chrome/67.0.3396.62 Safari/537.36"
199.203.54.15 - - [30/Apr/2026:23:17:39 +1000] "POST /wp-login.php HTTP/1.1" 200 4711 "https://mail.galaxybeads.com.au/wp-login.php" "Mozilla/5.0 (X11; Linux x86_64) AppleWebKit/537.36 (KHTML, like Gecko) Chrome/67.0.3396.62 Safari/537.36"
116.71.97.158 - - [30/Apr/2026:23:17:45 +1000] "POST /xmlrpc.php HTTP/1.1" 200 447 "-" "Mozilla/5.0 (Windows NT 6.3; x64) AppleWebKit/537.36 (KHTML, like Gecko) Edge/89.0.0.0 Safari/537.36"
116.71.97.158 - - [30/Apr/2026:23:18:02 +1000] "POST /xmlrpc.php HTTP/1.1" 200 447 "-" "Mozilla/5.0 (Windows NT 6.3; x64) AppleWebKit/537.36 (KHTML, like Gecko) Chrome/112.0.0.0 Safari/537.36"
2405:3f00:a222:bbbb:bba1:60:ffff:ffff - - [30/Apr/2026:23:18:06 +1000] "POST /wp-cron.php?doing_wp_cron=1777555086.7584888935089111328125 HTTP/1.1" 200 - "-" "WordPress/6.9.4; https://galaxybeads.com.au"
154.192.233.53 - - [30/Apr/2026:23:18:05 +1000] "POST /xmlrpc.php HTTP/1.1" 200 448 "-" "Jetpack by WordPress.com (Jetpack 13.0; WordPress 6.1)"
116.71.97.158 - - [30/Apr/2026:23:18:19 +1000] "POST /xmlrpc.php HTTP/1.1" 200 447 "-" "Mozilla/5.0 (X11; Ubuntu; Linux x86_64; x64) AppleWebKit/537.36 (KHTML, like Gecko) Safari/11.0.0.0 Safari/537.36"
154.192.233.53 - - [30/Apr/2026:23:18:22 +1000] "POST /xmlrpc.php HTTP/1.1" 200 448 "-" "WordPress.com; https://wordpress.com"
116.71.97.158 - - [30/Apr/2026:23:18:36 +1000] "POST /xmlrpc.php HTTP/1.1" 200 447 "-" "Mozilla/5.0 (Windows NT 6.3; arm64) AppleWebKit/537.36 (KHTML, like Gecko) Safari/13.0.0.0 Safari/537.36"
154.192.233.53 - - [30/Apr/2026:23:18:37 +1000] "POST /xmlrpc.php HTTP/1.1" 200 448 "-" "Jetpack by WordPress.com"
116.71.97.158 - - [30/Apr/2026:23:18:52 +1000] "POST /xmlrpc.php HTTP/1.1" 200 447 "-" "Mozilla/5.0 (X11; Ubuntu; Linux x86_64; x64) AppleWebKit/537.36 (KHTML, like Gecko) Chrome/90.0.0.0 Safari/537.36"
154.192.233.53 - - [30/Apr/2026:23:19:04 +1000] "POST /xmlrpc.php HTTP/1.1" 200 448 "-" "Jetpack by WordPress.com"
116.71.97.158 - - [30/Apr/2026:23:19:07 +1000] "POST /xmlrpc.php HTTP/1.1" 200 447 "-" "Mozilla/5.0 (Linux; Android 10; x64) AppleWebKit/537.36 (KHTML, like Gecko) Firefox/81.0.0.0 Safari/537.36"
116.71.97.158 - - [30/Apr/2026:23:19:23 +1000] "POST /xmlrpc.php HTTP/1.1" 200 447 "-" "Mozilla/5.0 (Macintosh; Intel Mac OS X 10_15_7; x86) AppleWebKit/537.36 (KHTML, like Gecko) Chrome/97.0.0.0 Safari/537.36"
2405:3f00:a222:bbbb:bba1:60:ffff:ffff - - [30/Apr/2026:23:19:42 +1000] "POST /wp-cron.php?doing_wp_cron=1777555182.2022910118103027343750 HTTP/1.1" 200 - "-" "WordPress/6.9.4; https://galaxybeads.com.au"
116.71.97.158 - - [30/Apr/2026:23:19:41 +1000] "POST /xmlrpc.php HTTP/1.1" 200 447 "-" "Mozilla/5.0 (Windows NT 6.2; x64) AppleWebKit/537.36 (KHTML, like Gecko) Edge/89.0.0.0 Safari/537.36"
116.71.97.158 - - [30/Apr/2026:23:19:56 +1000] "POST /xmlrpc.php HTTP/1.1" 200 447 "-" "Mozilla/5.0 (Windows NT 6.3; x64) AppleWebKit/537.36 (KHTML, like Gecko) Firefox/77.0.0.0 Safari/537.36"
116.71.97.158 - - [30/Apr/2026:23:20:13 +1000] "POST /xmlrpc.php HTTP/1.1" 200 447 "-" "Mozilla/5.0 (Linux; Android 10; x86) AppleWebKit/537.36 (KHTML, like Gecko) Safari/15.0.0.0 Safari/537.36"
116.71.97.158 - - [30/Apr/2026:23:20:27 +1000] "POST /xmlrpc.php HTTP/1.1" 200 447 "-" "Mozilla/5.0 (X11; Ubuntu; Linux x86_64; x64) AppleWebKit/537.36 (KHTML, like Gecko) Edge/90.0.0.0 Safari/537.36"
154.192.233.53 - - [30/Apr/2026:23:20:39 +1000] "POST /xmlrpc.php HTTP/1.1" 200 448 "-" "WordPress.com; https://wordpress.com"
116.71.97.158 - - [30/Apr/2026:23:20:42 +1000] "POST /xmlrpc.php HTTP/1.1" 200 447 "-" "Mozilla/5.0 (Windows NT 10.0; x86) AppleWebKit/537.36 (KHTML, like Gecko) Firefox/77.0.0.0 Safari/537.36"
116.71.97.158 - - [30/Apr/2026:23:20:57 +1000] "POST /xmlrpc.php HTTP/1.1" 200 447 "-" "Mozilla/5.0 (Macintosh; Intel Mac OS X 10_15_7; x64) AppleWebKit/537.36 (KHTML, like Gecko) Edge/90.0.0.0 Safari/537.36"
114.119.128.129 - - [30/Apr/2026:23:21:10 +1000] "GET /shop/index.php?main_page=login HTTP/1.1" 302 - "http://galaxybeads.com.au/shop/index.php?main_page=product_info&=81&products_id=581" "Mozilla/5.0 (Linux; Android 7.0;) AppleWebKit/537.36 (HTML, like Gecko) Mobile Safari/537.36 (compatible; PetalBot;+https://webmaster.petalsearch.com/site/petalbot)"
114.119.128.129 - - [30/Apr/2026:23:21:12 +1000] "GET /shop/index.php?main_page=cookie_usage HTTP/1.1" 200 8969 "http://galaxybeads.com.au/shop/index.php?main_page=product_info&=81&products_id=581" "Mozilla/5.0 (Linux; Android 7.0;) AppleWebKit/537.36 (HTML, like Gecko) Mobile Safari/537.36 (compatible; PetalBot;+https://webmaster.petalsearch.com/site/petalbot)"
2405:3f00:a222:bbbb:bba1:60:ffff:ffff - - [30/Apr/2026:23:21:13 +1000] "POST /wp-cron.php?doing_wp_cron=1777555273.6811790466308593750000 HTTP/1.1" 200 - "-" "WordPress/6.9.4; https://galaxybeads.com.au"
116.71.97.158 - - [30/Apr/2026:23:21:12 +1000] "POST /xmlrpc.php HTTP/1.1" 200 447 "-" "Mozilla/5.0 (Windows NT 6.2; x86) AppleWebKit/537.36 (KHTML, like Gecko) Opera/68.0.0.0 Safari/537.36"
116.71.97.158 - - [30/Apr/2026:23:21:30 +1000] "POST /xmlrpc.php HTTP/1.1" 200 447 "-" "Mozilla/5.0 (Macintosh; Intel Mac OS X 10_15_7; arm64) AppleWebKit/537.36 (KHTML, like Gecko) Opera/72.0.0.0 Safari/537.36"
146.59.19.80 - - [30/Apr/2026:23:21:37 +1000] "POST /xmlrpc.php HTTP/1.1" 200 247 "-" "Mozilla/5.0 (Windows NT 10.0; WOW64) AppleWebKit/537.36 (KHTML, like Gecko) Chrome/67.0.3396.79 Safari/537.36"
116.71.97.158 - - [30/Apr/2026:23:21:47 +1000] "POST /xmlrpc.php HTTP/1.1" 200 447 "-" "Mozilla/5.0 (Linux; Android 10; x86) AppleWebKit/537.36 (KHTML, like Gecko) Safari/10.0.0.0 Safari/537.36"
116.71.97.158 - - [30/Apr/2026:23:22:02 +1000] "POST /xmlrpc.php HTTP/1.1" 200 447 "-" "Mozilla/5.0 (Macintosh; Intel Mac OS X 10_15_7; arm64) AppleWebKit/537.36 (KHTML, like Gecko) Safari/12.0.0.0 Safari/537.36"
116.71.97.158 - - [30/Apr/2026:23:22:20 +1000] "POST /xmlrpc.php HTTP/1.1" 200 447 "-" "Mozilla/5.0 (Windows NT 10.0; arm64) AppleWebKit/537.36 (KHTML, like Gecko) Safari/15.0.0.0 Safari/537.36"
162.214.173.88 - - [30/Apr/2026:23:22:22 +1000] "POST /xmlrpc.php HTTP/1.1" 200 249 "-" "Mozilla/5.0 (Windows NT 10.0) AppleWebKit/537.36 (KHTML, like Gecko) Chrome/65.0.3325.181 Safari/537.36"
91.227.37.60 - - [30/Apr/2026:23:22:34 +1000] "GET /wp-login.php HTTP/1.1" 200 4711 "-" "Mozilla/5.0 (X11; Linux x86_64) AppleWebKit/537.36 (KHTML, like Gecko) Chrome/67.0.3396.87 Safari/537.36"
91.227.37.60 - - [30/Apr/2026:23:22:36 +1000] "POST /wp-login.php HTTP/1.1" 200 4711 "https://mail.youronesite.com/wp-login.php" "Mozilla/5.0 (X11; Linux x86_64) AppleWebKit/537.36 (KHTML, like Gecko) Chrome/67.0.3396.87 Safari/537.36"
116.71.97.158 - - [30/Apr/2026:23:22:37 +1000] "POST /xmlrpc.php HTTP/1.1" 200 447 "-" "Mozilla/5.0 (Macintosh; Intel Mac OS X 10_15_7; x86) AppleWebKit/537.36 (KHTML, like Gecko) Safari/13.0.0.0 Safari/537.36"
114.119.155.154 - - [30/Apr/2026:23:22:47 +1000] "GET /shop/index.php?main_page=login HTTP/1.1" 302 - "http://galaxybeads.com.au/shop/index.php?main_page=product_info&cPath=33_58&products_id=327" "Mozilla/5.0 (Linux; Android 7.0;) AppleWebKit/537.36 (HTML, like Gecko) Mobile Safari/537.36 (compatible; PetalBot;+https://webmaster.petalsearch.com/site/petalbot)"
114.119.155.154 - - [30/Apr/2026:23:22:48 +1000] "GET /shop/index.php?main_page=cookie_usage HTTP/1.1" 200 9160 "http://galaxybeads.com.au/shop/index.php?main_page=product_info&cPath=33_58&products_id=327" "Mozilla/5.0 (Linux; Android 7.0;) AppleWebKit/537.36 (HTML, like Gecko) Mobile Safari/537.36 (compatible; PetalBot;+https://webmaster.petalsearch.com/site/petalbot)"
116.71.97.158 - - [30/Apr/2026:23:22:54 +1000] "POST /xmlrpc.php HTTP/1.1" 200 447 "-" "Mozilla/5.0 (X11; Ubuntu; Linux x86_64; x86) AppleWebKit/537.36 (KHTML, like Gecko) Edge/82.0.0.0 Safari/537.36"
154.192.233.53 - - [30/Apr/2026:23:22:59 +1000] "POST /xmlrpc.php HTTP/1.1" 200 448 "-" "Jetpack/12.1; WordPress/6.4; http://site51604746.com"
2405:3f00:a222:bbbb:bba1:60:ffff:ffff - - [30/Apr/2026:23:23:07 +1000] "POST /wp-cron.php?doing_wp_cron=1777555387.1832180023193359375000 HTTP/1.1" 200 - "-" "WordPress/6.9.4; https://galaxybeads.com.au"
154.192.233.53 - - [30/Apr/2026:23:23:06 +1000] "POST /xmlrpc.php HTTP/1.1" 200 448 "-" "WordPress.com; https://wordpress.com"
116.71.97.158 - - [30/Apr/2026:23:23:09 +1000] "POST /xmlrpc.php HTTP/1.1" 200 447 "-" "Mozilla/5.0 (X11; Ubuntu; Linux x86_64; x86) AppleWebKit/537.36 (KHTML, like Gecko) Firefox/84.0.0.0 Safari/537.36"
52.167.144.224 - - [30/Apr/2026:23:23:14 +1000] "GET /shop/ HTTP/1.1" 200 14618 "-" "Mozilla/5.0 AppleWebKit/537.36 (KHTML, like Gecko; compatible; bingbot/2.0; +http://www.bing.com/bingbot.htm) Chrome/116.0.1938.76 Safari/537.36"
154.192.233.53 - - [30/Apr/2026:23:23:19 +1000] "POST /xmlrpc.php HTTP/1.1" 200 448 "-" "Jetpack by WordPress.com (Jetpack 12.5; WordPress 6.2)"
54.157.99.244 - - [30/Apr/2026:23:23:22 +1000] "GET /shopindex.php?id=10&main_page=page HTTP/1.1" 404 10882 "-" "Mozilla/5.0 AppleWebKit/537.36 (KHTML, like Gecko; compatible; Amazonbot/0.1; +https://developer.amazon.com/support/amazonbot) Chrome/119.0.6045.214 Safari/537.36"
116.71.97.158 - - [30/Apr/2026:23:23:26 +1000] "POST /xmlrpc.php HTTP/1.1" 200 447 "-" "Mozilla/5.0 (Windows NT 6.2; x86) AppleWebKit/537.36 (KHTML, like Gecko) Edge/82.0.0.0 Safari/537.36"
51.68.111.239 - - [30/Apr/2026:23:23:39 +1000] "GET /robots.txt HTTP/1.1" 200 135 "-" "Mozilla/5.0 (compatible; MJ12bot/v2.0.5; http://mj12bot.com/)"
51.68.111.239 - - [30/Apr/2026:23:23:40 +1000] "GET / HTTP/1.1" 200 13378 "-" "Mozilla/5.0 (compatible; MJ12bot/v2.0.5; http://mj12bot.com/)"
116.71.97.158 - - [30/Apr/2026:23:23:43 +1000] "POST /xmlrpc.php HTTP/1.1" 200 447 "-" "Mozilla/5.0 (Windows NT 6.2; x86) AppleWebKit/537.36 (KHTML, like Gecko) Safari/13.0.0.0 Safari/537.36"
129.121.76.191 - - [30/Apr/2026:23:23:51 +1000] "GET /wp-login.php HTTP/1.1" 200 4711 "-" "Mozilla/5.0 (Macintosh; Intel Mac OS X 10_13_5) AppleWebKit/537.36 (KHTML, like Gecko) Chrome/67.0.3396.87 Safari/537.36"
129.121.76.191 - - [30/Apr/2026:23:23:53 +1000] "POST /wp-login.php HTTP/1.1" 200 4711 "https://mail.galaxybeads.com.au/wp-login.php" "Mozilla/5.0 (Macintosh; Intel Mac OS X 10_13_5) AppleWebKit/537.36 (KHTML, like Gecko) Chrome/67.0.3396.87 Safari/537.36"
116.71.97.158 - - [30/Apr/2026:23:24:00 +1000] "POST /xmlrpc.php HTTP/1.1" 200 447 "-" "Mozilla/5.0 (X11; Ubuntu; Linux x86_64; x64) AppleWebKit/537.36 (KHTML, like Gecko) Firefox/80.0.0.0 Safari/537.36"
45.3.36.61 - - [30/Apr/2026:23:24:03 +1000] "GET /shop/index.php?main_page=login HTTP/1.1" 200 17690 "http://galaxybeads.com.au/" "Mozilla/5.0 (Windows NT 6.3; Win64; x64) AppleWebKit/537.36 (KHTML, like Gecko) Chrome/103.0.0.0 Safari/537.36"
154.192.233.53 - - [30/Apr/2026:23:24:09 +1000] "POST /xmlrpc.php HTTP/1.1" 200 448 "-" "Jetpack/12.5; WordPress/6.3; http://site57816139.com"
114.119.156.119 - - [30/Apr/2026:23:24:11 +1000] "GET /shop/index.php?main_page=login HTTP/1.1" 302 - "http://galaxybeads.com.au/shop/index.php?main_page=product_info&cPath=22_92&products_id=2131" "Mozilla/5.0 (Linux; Android 7.0;) AppleWebKit/537.36 (HTML, like Gecko) Mobile Safari/537.36 (compatible; PetalBot;+https://webmaster.petalsearch.com/site/petalbot)"
114.119.156.119 - - [30/Apr/2026:23:24:12 +1000] "GET /shop/index.php?main_page=cookie_usage HTTP/1.1" 200 9157 "http://galaxybeads.com.au/shop/index.php?main_page=product_info&cPath=22_92&products_id=2131" "Mozilla/5.0 (Linux; Android 7.0;) AppleWebKit/537.36 (HTML, like Gecko) Mobile Safari/537.36 (compatible; PetalBot;+https://webmaster.petalsearch.com/site/petalbot)"
116.71.97.158 - - [30/Apr/2026:23:24:18 +1000] "POST /xmlrpc.php HTTP/1.1" 200 447 "-" "Mozilla/5.0 (Windows NT 10.0; x86) AppleWebKit/537.36 (KHTML, like Gecko) Edge/91.0.0.0 Safari/537.36"
154.192.233.53 - - [30/Apr/2026:23:24:21 +1000] "POST /xmlrpc.php HTTP/1.1" 200 448 "-" "WordPress.com; https://wordpress.com"
45.3.36.61 - - [30/Apr/2026:23:24:23 +1000] "POST /shop/index.php?main_page=login&action=process HTTP/1.1" 200 17900 "http://galaxybeads.com.au/shop/index.php?main_page=login" "Mozilla/5.0 (Windows NT 6.3; Win64; x64) AppleWebKit/537.36 (KHTML, like Gecko) Chrome/103.0.0.0 Safari/537.36"
2405:3f00:a222:bbbb:bba1:60:ffff:ffff - - [30/Apr/2026:23:24:31 +1000] "POST /wp-cron.php?doing_wp_cron=1777555471.4367148876190185546875 HTTP/1.1" 200 - "-" "WordPress/6.9.4; https://galaxybeads.com.au"
154.192.233.53 - - [30/Apr/2026:23:24:30 +1000] "POST /xmlrpc.php HTTP/1.1" 200 448 "-" "Jetpack/12.5; WordPress/6.3; http://site46663360.com"
116.71.97.158 - - [30/Apr/2026:23:24:37 +1000] "POST /xmlrpc.php HTTP/1.1" 200 447 "-" "Mozilla/5.0 (Windows NT 6.3; arm64) AppleWebKit/537.36 (KHTML, like Gecko) Chrome/90.0.0.0 Safari/537.36"
67.207.86.6 - - [30/Apr/2026:23:24:35 +1000] "POST /xmlrpc.php HTTP/1.1" 200 246 "-" "Mozilla/5.0 (Macintosh; Intel Mac OS X 10_12_6) AppleWebKit/537.36 (KHTML, like Gecko) Chrome/65.0.3325.162 Safari/537.36"
154.192.233.53 - - [30/Apr/2026:23:24:41 +1000] "POST /xmlrpc.php HTTP/1.1" 200 448 "-" "WordPress.com; https://wordpress.com"
47.128.38.215 - - [30/Apr/2026:23:24:53 +1000] "GET /shop/includes/templates/theme228/css/print_stylesheet.css HTTP/1.1" 200 478 "http://galaxybeads.com.au/" "Mozilla/5.0 (Linux; Android 5.0) AppleWebKit/537.36 (KHTML, like Gecko) Mobile Safari/537.36 (compatible; Bytespider; spider-feedback@bytedance.com)"
116.71.97.158 - - [30/Apr/2026:23:24:56 +1000] "POST /xmlrpc.php HTTP/1.1" 200 447 "-" "Mozilla/5.0 (Windows NT 10.0; x86) AppleWebKit/537.36 (KHTML, like Gecko) Opera/64.0.0.0 Safari/537.36"
154.192.233.53 - - [30/Apr/2026:23:25:04 +1000] "POST /xmlrpc.php HTTP/1.1" 200 448 "-" "Jetpack/12.1; WordPress/6.1; http://site65511284.com"
154.192.233.53 - - [30/Apr/2026:23:25:11 +1000] "POST /xmlrpc.php HTTP/1.1" 200 448 "-" "Jetpack by WordPress.com"
116.71.97.158 - - [30/Apr/2026:23:25:15 +1000] "POST /xmlrpc.php HTTP/1.1" 200 447 "-" "Mozilla/5.0 (Windows NT 10.0; x86) AppleWebKit/537.36 (KHTML, like Gecko) Edge/89.0.0.0 Safari/537.36"
154.192.233.53 - - [30/Apr/2026:23:25:22 +1000] "POST /xmlrpc.php HTTP/1.1" 200 448 "-" "Jetpack/13.0; WordPress/6.2; http://site49000801.com"
154.192.233.53 - - [30/Apr/2026:23:25:32 +1000] "POST /xmlrpc.php HTTP/1.1" 200 448 "-" "WordPress.com; https://wordpress.com"
116.71.97.158 - - [30/Apr/2026:23:25:34 +1000] "POST /xmlrpc.php HTTP/1.1" 200 447 "-" "Mozilla/5.0 (Macintosh; Intel Mac OS X 10_15_7; x86) AppleWebKit/537.36 (KHTML, like Gecko) Chrome/104.0.0.0 Safari/537.36"
154.192.233.53 - - [30/Apr/2026:23:25:42 +1000] "POST /xmlrpc.php HTTP/1.1" 200 448 "-" "Jetpack by WordPress.com (Jetpack 12.1; WordPress 6.4)"
116.71.97.158 - - [30/Apr/2026:23:25:53 +1000] "POST /xmlrpc.php HTTP/1.1" 200 447 "-" "Mozilla/5.0 (Windows NT 6.2; arm64) AppleWebKit/537.36 (KHTML, like Gecko) Opera/75.0.0.0 Safari/537.36"
154.192.233.53 - - [30/Apr/2026:23:25:53 +1000] "POST /xmlrpc.php HTTP/1.1" 200 448 "-" "Jetpack by WordPress.com (Jetpack 12.0; WordPress 6.3)"
154.192.233.53 - - [30/Apr/2026:23:26:03 +1000] "POST /xmlrpc.php HTTP/1.1" 200 448 "-" "WordPress.com; https://wordpress.com"
116.71.97.158 - - [30/Apr/2026:23:26:11 +1000] "POST /xmlrpc.php HTTP/1.1" 200 447 "-" "Mozilla/5.0 (Macintosh; Intel Mac OS X 10_15_7; x64) AppleWebKit/537.36 (KHTML, like Gecko) Safari/12.0.0.0 Safari/537.36"
154.192.233.53 - - [30/Apr/2026:23:26:14 +1000] "POST /xmlrpc.php HTTP/1.1" 200 448 "-" "Jetpack by WordPress.com (Jetpack 13.0; WordPress 6.4)"
154.192.233.53 - - [30/Apr/2026:23:26:24 +1000] "POST /xmlrpc.php HTTP/1.1" 200 448 "-" "WordPress.com; https://wordpress.com"
116.71.97.158 - - [30/Apr/2026:23:26:29 +1000] "POST /xmlrpc.php HTTP/1.1" 200 447 "-" "Mozilla/5.0 (Macintosh; Intel Mac OS X 10_15_7; x86) AppleWebKit/537.36 (KHTML, like Gecko) Opera/78.0.0.0 Safari/537.36"
154.192.233.53 - - [30/Apr/2026:23:26:34 +1000] "POST /xmlrpc.php HTTP/1.1" 200 448 "-" "Jetpack by WordPress.com (Jetpack 13.0; WordPress 6.3)"
154.192.233.53 - - [30/Apr/2026:23:26:45 +1000] "POST /xmlrpc.php HTTP/1.1" 200 448 "-" "WordPress.com; https://wordpress.com"
116.71.97.158 - - [30/Apr/2026:23:26:49 +1000] "POST /xmlrpc.php HTTP/1.1" 200 447 "-" "Mozilla/5.0 (Linux; Android 10; arm64) AppleWebKit/537.36 (KHTML, like Gecko) Edge/93.0.0.0 Safari/537.36"
139.59.3.17 - - [30/Apr/2026:23:27:05 +1000] "POST /xmlrpc.php HTTP/1.1" 200 246 "-" "Mozilla/5.0 (X11; CrOS x86_64 10452.85.0) AppleWebKit/537.36 (KHTML, like Gecko) Chrome/66.0.3359.158 Safari/537.36"
116.71.97.158 - - [30/Apr/2026:23:27:08 +1000] "POST /xmlrpc.php HTTP/1.1" 200 447 "-" "Mozilla/5.0 (Linux; Android 10; x64) AppleWebKit/537.36 (KHTML, like Gecko) Firefox/90.0.0.0 Safari/537.36"
154.192.233.53 - - [30/Apr/2026:23:27:10 +1000] "POST /xmlrpc.php HTTP/1.1" 200 448 "-" "Jetpack by WordPress.com (Jetpack 13.0; WordPress 6.4)"
82.214.102.252 - - [30/Apr/2026:23:27:13 +1000] "GET /wp-login.php HTTP/1.1" 200 4711 "-" "Mozilla/5.0 (Windows NT 6.1; WOW64) AppleWebKit/537.36 (KHTML, like Gecko) Chrome/66.0.3359.117 Safari/537.36"
82.214.102.252 - - [30/Apr/2026:23:27:17 +1000] "POST /wp-login.php HTTP/1.1" 200 4711 "https://galaxybeads.com.au/wp-login.php" "Mozilla/5.0 (Windows NT 6.1; WOW64) AppleWebKit/537.36 (KHTML, like Gecko) Chrome/66.0.3359.117 Safari/537.36"
154.192.233.53 - - [30/Apr/2026:23:27:17 +1000] "POST /xmlrpc.php HTTP/1.1" 200 448 "-" "WordPress.com; https://wordpress.com"
154.192.233.53 - - [30/Apr/2026:23:27:27 +1000] "POST /xmlrpc.php HTTP/1.1" 200 448 "-" "Jetpack/13.0; WordPress/6.3; http://site18180615.com"
116.71.97.158 - - [30/Apr/2026:23:27:27 +1000] "POST /xmlrpc.php HTTP/1.1" 200 447 "-" "Mozilla/5.0 (Windows NT 6.3; x64) AppleWebKit/537.36 (KHTML, like Gecko) Edge/94.0.0.0 Safari/537.36"
154.192.233.53 - - [30/Apr/2026:23:27:37 +1000] "POST /xmlrpc.php HTTP/1.1" 200 448 "-" "WordPress.com; https://wordpress.com"
116.71.97.158 - - [30/Apr/2026:23:27:46 +1000] "POST /xmlrpc.php HTTP/1.1" 200 447 "-" "Mozilla/5.0 (Windows NT 6.2; x86) AppleWebKit/537.36 (KHTML, like Gecko) Opera/68.0.0.0 Safari/537.36"
154.192.233.53 - - [30/Apr/2026:23:27:48 +1000] "POST /xmlrpc.php HTTP/1.1" 200 448 "-" "Jetpack by WordPress.com (Jetpack 12.5; WordPress 6.2)"
154.192.233.53 - - [30/Apr/2026:23:27:58 +1000] "POST /xmlrpc.php HTTP/1.1" 200 448 "-" "Jetpack by WordPress.com"
116.71.97.158 - - [30/Apr/2026:23:28:03 +1000] "POST /xmlrpc.php HTTP/1.1" 200 447 "-" "Mozilla/5.0 (Windows NT 6.3; x64) AppleWebKit/537.36 (KHTML, like Gecko) Safari/11.0.0.0 Safari/537.36"
2405:3f00:a222:bbbb:bba1:60:ffff:ffff - - [30/Apr/2026:23:28:12 +1000] "POST /wp-cron.php?doing_wp_cron=1777555692.2851738929748535156250 HTTP/1.1" 200 - "-" "WordPress/6.9.4; https://galaxybeads.com.au"
154.192.233.53 - - [30/Apr/2026:23:28:09 +1000] "POST /xmlrpc.php HTTP/1.1" 200 448 "-" "Jetpack by WordPress.com (Jetpack 12.1; WordPress 6.3)"
154.192.233.53 - - [30/Apr/2026:23:28:19 +1000] "POST /xmlrpc.php HTTP/1.1" 200 448 "-" "Jetpack/12.0; WordPress/6.2; http://site35052013.com"
116.71.97.158 - - [30/Apr/2026:23:28:22 +1000] "POST /xmlrpc.php HTTP/1.1" 200 447 "-" "Mozilla/5.0 (Linux; Android 10; x86) AppleWebKit/537.36 (KHTML, like Gecko) Edge/97.0.0.0 Safari/537.36"
154.192.233.53 - - [30/Apr/2026:23:28:29 +1000] "POST /xmlrpc.php HTTP/1.1" 200 448 "-" "WordPress.com; https://wordpress.com"
116.71.97.158 - - [30/Apr/2026:23:28:39 +1000] "POST /xmlrpc.php HTTP/1.1" 200 447 "-" "Mozilla/5.0 (Windows NT 10.0; x64) AppleWebKit/537.36 (KHTML, like Gecko) Chrome/80.0.0.0 Safari/537.36"
154.192.233.53 - - [30/Apr/2026:23:28:43 +1000] "POST /xmlrpc.php HTTP/1.1" 200 448 "-" "Jetpack by WordPress.com (Jetpack 13.0; WordPress 6.1)"
154.192.233.53 - - [30/Apr/2026:23:28:51 +1000] "POST /xmlrpc.php HTTP/1.1" 200 448 "-" "WordPress.com; https://wordpress.com"
47.128.38.218 - - [30/Apr/2026:23:28:53 +1000] "GET / HTTP/1.1" 301 - "-" "Mozilla/5.0 (Linux; Android 5.0) AppleWebKit/537.36 (KHTML, like Gecko) Mobile Safari/537.36 (compatible; Bytespider; spider-feedback@bytedance.com)"
47.128.38.218 - - [30/Apr/2026:23:28:55 +1000] "GET / HTTP/1.1" 200 13379 "-" "Mozilla/5.0 (Linux; Android 5.0) AppleWebKit/537.36 (KHTML, like Gecko) Mobile Safari/537.36 (compatible; Bytespider; spider-feedback@bytedance.com)"
47.128.38.218 - - [30/Apr/2026:23:28:57 +1000] "GET /wp-content/themes/galaxy-beads-not-ecommorce/css/font-awesome.css?ver=6.9.4 HTTP/1.1" 200 5801 "https://galaxybeads.com.au/" "Mozilla/5.0 (Linux; Android 5.0) AppleWebKit/537.36 (KHTML, like Gecko) Mobile Safari/537.36 (compatible; Bytespider; spider-feedback@bytedance.com)"
47.128.38.218 - - [30/Apr/2026:23:28:58 +1000] "GET /wp-content/plugins/contact-form-7/includes/css/styles.css?ver=6.1.5 HTTP/1.1" 200 1080 "https://galaxybeads.com.au/" "Mozilla/5.0 (Linux; Android 5.0) AppleWebKit/537.36 (KHTML, like Gecko) Mobile Safari/537.36 (compatible; Bytespider; spider-feedback@bytedance.com)"
47.128.38.218 - - [30/Apr/2026:23:28:58 +1000] "GET /wp-content/themes/galaxy-beads-not-ecommorce/css/mobile.css?01&ver=6.9.4 HTTP/1.1" 200 1964 "https://galaxybeads.com.au/" "Mozilla/5.0 (Linux; Android 5.0) AppleWebKit/537.36 (KHTML, like Gecko) Mobile Safari/537.36 (compatible; Bytespider; spider-feedback@bytedance.com)"
47.128.38.218 - - [30/Apr/2026:23:28:58 +1000] "GET /wp-content/themes/galaxy-beads-not-ecommorce/css/editor-style.css?ver=6.9.4 HTTP/1.1" 200 3265 "https://galaxybeads.com.au/" "Mozilla/5.0 (Linux; Android 5.0) AppleWebKit/537.36 (KHTML, like Gecko) Mobile Safari/537.36 (compatible; Bytespider; spider-feedback@bytedance.com)"
47.128.38.218 - - [30/Apr/2026:23:28:58 +1000] "GET /wp-content/themes/galaxy-beads-not-ecommorce/css/typography.css?ver=6.9.4 HTTP/1.1" 200 349 "https://galaxybeads.com.au/" "Mozilla/5.0 (Linux; Android 5.0) AppleWebKit/537.36 (KHTML, like Gecko) Mobile Safari/537.36 (compatible; Bytespider; spider-feedback@bytedance.com)"
47.128.38.218 - - [30/Apr/2026:23:28:58 +1000] "GET /wp-content/themes/galaxy-beads-not-ecommorce/style.css?ver=6.9.4 HTTP/1.1" 200 5700 "https://galaxybeads.com.au/" "Mozilla/5.0 (Linux; Android 5.0) AppleWebKit/537.36 (KHTML, like Gecko) Mobile Safari/537.36 (compatible; Bytespider; spider-feedback@bytedance.com)"
47.128.38.218 - - [30/Apr/2026:23:28:58 +1000] "GET /wp-content/themes/galaxy-beads-not-ecommorce/images/logo-top-float.png HTTP/1.1" 206 500 "https://galaxybeads.com.au/" "Mozilla/5.0 (Linux; Android 5.0) AppleWebKit/537.36 (KHTML, like Gecko) Mobile Safari/537.36 (compatible; Bytespider; spider-feedback@bytedance.com)"
47.128.38.218 - - [30/Apr/2026:23:28:58 +1000] "GET /wp-content/themes/galaxy-beads-not-ecommorce/images/green-beads.png HTTP/1.1" 206 500 "https://galaxybeads.com.au/" "Mozilla/5.0 (Linux; Android 5.0) AppleWebKit/537.36 (KHTML, like Gecko) Mobile Safari/537.36 (compatible; Bytespider; spider-feedback@bytedance.com)"
47.128.38.218 - - [30/Apr/2026:23:28:58 +1000] "GET /wp-content/themes/galaxy-beads-not-ecommorce/images/rosary.png HTTP/1.1" 206 500 "https://galaxybeads.com.au/" "Mozilla/5.0 (Linux; Android 5.0) AppleWebKit/537.36 (KHTML, like Gecko) Mobile Safari/537.36 (compatible; Bytespider; spider-feedback@bytedance.com)"
47.128.38.218 - - [30/Apr/2026:23:28:58 +1000] "GET /wp-content/themes/galaxy-beads-not-ecommorce/images/homepage/glasses-and-beads.png HTTP/1.1" 206 500 "https://galaxybeads.com.au/" "Mozilla/5.0 (Linux; Android 5.0) AppleWebKit/537.36 (KHTML, like Gecko) Mobile Safari/537.36 (compatible; Bytespider; spider-feedback@bytedance.com)"
47.128.38.218 - - [30/Apr/2026:23:28:58 +1000] "GET /wp-content/themes/galaxy-beads-not-ecommorce/images/homepage/cords.png HTTP/1.1" 206 500 "https://galaxybeads.com.au/" "Mozilla/5.0 (Linux; Android 5.0) AppleWebKit/537.36 (KHTML, like Gecko) Mobile Safari/537.36 (compatible; Bytespider; spider-feedback@bytedance.com)"
47.128.38.218 - - [30/Apr/2026:23:28:58 +1000] "GET /wp-content/themes/galaxy-beads-not-ecommorce/images/homepage/birth-stone.png HTTP/1.1" 206 500 "https://galaxybeads.com.au/" "Mozilla/5.0 (Linux; Android 5.0) AppleWebKit/537.36 (KHTML, like Gecko) Mobile Safari/537.36 (compatible; Bytespider; spider-feedback@bytedance.com)"
47.128.38.218 - - [30/Apr/2026:23:28:58 +1000] "GET /wp-content/themes/galaxy-beads-not-ecommorce/images/homepage/pliers-and-string.png HTTP/1.1" 206 500 "https://galaxybeads.com.au/" "Mozilla/5.0 (Linux; Android 5.0) AppleWebKit/537.36 (KHTML, like Gecko) Mobile Safari/537.36 (compatible; Bytespider; spider-feedback@bytedance.com)"
47.128.38.218 - - [30/Apr/2026:23:28:58 +1000] "GET /wp-content/themes/galaxy-beads-not-ecommorce/images/homepage/gems.png HTTP/1.1" 206 500 "https://galaxybeads.com.au/" "Mozilla/5.0 (Linux; Android 5.0) AppleWebKit/537.36 (KHTML, like Gecko) Mobile Safari/537.36 (compatible; Bytespider; spider-feedback@bytedance.com)"
47.128.38.218 - - [30/Apr/2026:23:28:58 +1000] "GET /wp-content/uploads/wpcf7_captcha/2727571793.png HTTP/1.1" 206 500 "https://galaxybeads.com.au/" "Mozilla/5.0 (Linux; Android 5.0) AppleWebKit/537.36 (KHTML, like Gecko) Mobile Safari/537.36 (compatible; Bytespider; spider-feedback@bytedance.com)"
47.128.38.218 - - [30/Apr/2026:23:28:58 +1000] "GET /wp-content/themes/galaxy-beads-not-ecommorce/images/galaxy-beads-header.png HTTP/1.1" 206 500 "https://galaxybeads.com.au/wp-content/themes/galaxy-beads-not-ecommorce/style.css?ver=6.9.4" "Mozilla/5.0 (Linux; Android 5.0) AppleWebKit/537.36 (KHTML, like Gecko) Mobile Safari/537.36 (compatible; Bytespider; spider-feedback@bytedance.com)"
47.128.38.218 - - [30/Apr/2026:23:28:59 +1000] "GET /wp-content/themes/galaxy-beads-not-ecommorce/images/homepage/spice.jpg HTTP/1.1" 206 500 "https://galaxybeads.com.au/wp-content/themes/galaxy-beads-not-ecommorce/css/mobile.css?01&ver=6.9.4" "Mozilla/5.0 (Linux; Android 5.0) AppleWebKit/537.36 (KHTML, like Gecko) Mobile Safari/537.36 (compatible; Bytespider; spider-feedback@bytedance.com)"
47.128.38.218 - - [30/Apr/2026:23:28:59 +1000] "GET /wp-content/themes/galaxy-beads-not-ecommorce/images/homepage/smile.jpg HTTP/1.1" 206 500 "https://galaxybeads.com.au/wp-content/themes/galaxy-beads-not-ecommorce/css/mobile.css?01&ver=6.9.4" "Mozilla/5.0 (Linux; Android 5.0) AppleWebKit/537.36 (KHTML, like Gecko) Mobile Safari/537.36 (compatible; Bytespider; spider-feedback@bytedance.com)"
47.128.38.218 - - [30/Apr/2026:23:28:59 +1000] "GET /wp-content/themes/galaxy-beads-not-ecommorce/images/homepage-products/homepage-product1.jpg HTTP/1.1" 206 500 "https://galaxybeads.com.au/" "Mozilla/5.0 (Linux; Android 5.0) AppleWebKit/537.36 (KHTML, like Gecko) Mobile Safari/537.36 (compatible; Bytespider; spider-feedback@bytedance.com)"
47.128.38.218 - - [30/Apr/2026:23:28:59 +1000] "GET /wp-content/themes/galaxy-beads-not-ecommorce/images/galaxy-beads-header.png HTTP/1.1" 304 - "https://galaxybeads.com.au/wp-content/themes/galaxy-beads-not-ecommorce/style.css?ver=6.9.4" "Mozilla/5.0 (Linux; Android 5.0) AppleWebKit/537.36 (KHTML, like Gecko) Mobile Safari/537.36 (compatible; Bytespider; spider-feedback@bytedance.com)"
47.128.38.218 - - [30/Apr/2026:23:28:59 +1000] "GET /wp-content/themes/galaxy-beads-not-ecommorce/images/homepage-products/homepage-product2.jpg HTTP/1.1" 206 500 "https://galaxybeads.com.au/" "Mozilla/5.0 (Linux; Android 5.0) AppleWebKit/537.36 (KHTML, like Gecko) Mobile Safari/537.36 (compatible; Bytespider; spider-feedback@bytedance.com)"
47.128.38.218 - - [30/Apr/2026:23:28:59 +1000] "GET /wp-content/themes/galaxy-beads-not-ecommorce/images/homepage/style.jpg HTTP/1.1" 206 500 "https://galaxybeads.com.au/wp-content/themes/galaxy-beads-not-ecommorce/css/mobile.css?01&ver=6.9.4" "Mozilla/5.0 (Linux; Android 5.0) AppleWebKit/537.36 (KHTML, like Gecko) Mobile Safari/537.36 (compatible; Bytespider; spider-feedback@bytedance.com)"
47.128.38.218 - - [30/Apr/2026:23:28:59 +1000] "GET /wp-content/themes/galaxy-beads-not-ecommorce/images/rating-score.png HTTP/1.1" 206 500 "https://galaxybeads.com.au/wp-content/themes/galaxy-beads-not-ecommorce/style.css?ver=6.9.4" "Mozilla/5.0 (Linux; Android 5.0) AppleWebKit/537.36 (KHTML, like Gecko) Mobile Safari/537.36 (compatible; Bytespider; spider-feedback@bytedance.com)"
47.128.38.218 - - [30/Apr/2026:23:28:59 +1000] "GET /wp-content/themes/galaxy-beads-not-ecommorce/images/homepage-products/homepage-product3.jpg HTTP/1.1" 206 500 "https://galaxybeads.com.au/" "Mozilla/5.0 (Linux; Android 5.0) AppleWebKit/537.36 (KHTML, like Gecko) Mobile Safari/537.36 (compatible; Bytespider; spider-feedback@bytedance.com)"
47.128.38.218 - - [30/Apr/2026:23:28:59 +1000] "GET /wp-content/themes/galaxy-beads-not-ecommorce/images/homepage-products/homepage-product5.jpg HTTP/1.1" 206 500 "https://galaxybeads.com.au/" "Mozilla/5.0 (Linux; Android 5.0) AppleWebKit/537.36 (KHTML, like Gecko) Mobile Safari/537.36 (compatible; Bytespider; spider-feedback@bytedance.com)"
47.128.38.218 - - [30/Apr/2026:23:28:59 +1000] "GET /wp-content/themes/galaxy-beads-not-ecommorce/images/homepage-products/homepage-product4.jpg HTTP/1.1" 206 500 "https://galaxybeads.com.au/" "Mozilla/5.0 (Linux; Android 5.0) AppleWebKit/537.36 (KHTML, like Gecko) Mobile Safari/537.36 (compatible; Bytespider; spider-feedback@bytedance.com)"
47.128.38.218 - - [30/Apr/2026:23:28:59 +1000] "GET /wp-content/themes/galaxy-beads-not-ecommorce/images/homepage-products/homepage-product6.jpg HTTP/1.1" 206 500 "https://galaxybeads.com.au/" "Mozilla/5.0 (Linux; Android 5.0) AppleWebKit/537.36 (KHTML, like Gecko) Mobile Safari/537.36 (compatible; Bytespider; spider-feedback@bytedance.com)"
47.128.38.218 - - [30/Apr/2026:23:28:59 +1000] "GET /wp-content/themes/galaxy-beads-not-ecommorce/images/make-your-own-beads.jpg HTTP/1.1" 206 500 "https://galaxybeads.com.au/wp-content/themes/galaxy-beads-not-ecommorce/style.css?ver=6.9.4" "Mozilla/5.0 (Linux; Android 5.0) AppleWebKit/537.36 (KHTML, like Gecko) Mobile Safari/537.36 (compatible; Bytespider; spider-feedback@bytedance.com)"
47.128.38.218 - - [30/Apr/2026:23:28:59 +1000] "GET /wp-content/themes/galaxy-beads-not-ecommorce/images/galaxy-beads-header.png HTTP/1.1" 206 498840 "https://galaxybeads.com.au/wp-content/themes/galaxy-beads-not-ecommorce/style.css?ver=6.9.4" "Mozilla/5.0 (Linux; Android 5.0) AppleWebKit/537.36 (KHTML, like Gecko) Mobile Safari/537.36 (compatible; Bytespider; spider-feedback@bytedance.com)"
116.71.97.158 - - [30/Apr/2026:23:28:59 +1000] "POST /xmlrpc.php HTTP/1.1" 200 447 "-" "Mozilla/5.0 (Windows NT 10.0; x86) AppleWebKit/537.36 (KHTML, like Gecko) Safari/11.0.0.0 Safari/537.36"
154.192.233.53 - - [30/Apr/2026:23:29:02 +1000] "POST /xmlrpc.php HTTP/1.1" 200 448 "-" "WordPress.com; https://wordpress.com"
154.192.233.53 - - [30/Apr/2026:23:29:14 +1000] "POST /xmlrpc.php HTTP/1.1" 200 448 "-" "WordPress.com; https://wordpress.com"
116.71.97.158 - - [30/Apr/2026:23:29:19 +1000] "POST /xmlrpc.php HTTP/1.1" 200 447 "-" "Mozilla/5.0 (X11; Ubuntu; Linux x86_64; x86) AppleWebKit/537.36 (KHTML, like Gecko) Chrome/92.0.0.0 Safari/537.36"
154.192.233.53 - - [30/Apr/2026:23:29:22 +1000] "POST /xmlrpc.php HTTP/1.1" 200 448 "-" "Jetpack by WordPress.com (Jetpack 12.1; WordPress 6.2)"
2405:3f00:a222:bbbb:bba1:60:ffff:ffff - - [30/Apr/2026:23:29:35 +1000] "POST /wp-cron.php?doing_wp_cron=1777555775.7521929740905761718750 HTTP/1.1" 200 - "-" "WordPress/6.9.4; https://galaxybeads.com.au"
154.192.233.53 - - [30/Apr/2026:23:29:33 +1000] "POST /xmlrpc.php HTTP/1.1" 200 448 "-" "Jetpack by WordPress.com"
116.71.97.158 - - [30/Apr/2026:23:29:37 +1000] "POST /xmlrpc.php HTTP/1.1" 200 447 "-" "Mozilla/5.0 (Windows NT 6.2; x64) AppleWebKit/537.36 (KHTML, like Gecko) Firefox/99.0.0.0 Safari/537.36"
2405:3f00:a222:bbbb:bba1:60:ffff:ffff - - [30/Apr/2026:23:29:38 +1000] "POST /wp-cron.php?doing_wp_cron=1777555778.1767048835754394531250 HTTP/1.1" 200 - "-" "WordPress/6.9.4; https://galaxybeads.com.au"
141.95.145.51 - - [30/Apr/2026:23:29:34 +1000] "POST /xmlrpc.php HTTP/1.1" 200 247 "-" "Mozilla/5.0 (Windows NT 10.0; Win64; x64) AppleWebKit/537.36 (KHTML, like Gecko) Chrome/66.0.3359.117 Safari/537.36"
154.192.233.53 - - [30/Apr/2026:23:29:47 +1000] "POST /xmlrpc.php HTTP/1.1" 200 448 "-" "Jetpack by WordPress.com"
154.192.233.53 - - [30/Apr/2026:23:29:54 +1000] "POST /xmlrpc.php HTTP/1.1" 200 448 "-" "Jetpack by WordPress.com"
116.71.97.158 - - [30/Apr/2026:23:29:55 +1000] "POST /xmlrpc.php HTTP/1.1" 200 447 "-" "Mozilla/5.0 (Macintosh; Intel Mac OS X 10_15_7; arm64) AppleWebKit/537.36 (KHTML, like Gecko) Safari/14.0.0.0 Safari/537.36"
154.192.233.53 - - [30/Apr/2026:23:30:04 +1000] "POST /xmlrpc.php HTTP/1.1" 200 448 "-" "Jetpack/13.0; WordPress/6.1; http://site53781856.com"
116.71.97.158 - - [30/Apr/2026:23:30:15 +1000] "POST /xmlrpc.php HTTP/1.1" 200 447 "-" "Mozilla/5.0 (Linux; Android 10; arm64) AppleWebKit/537.36 (KHTML, like Gecko) Edge/98.0.0.0 Safari/537.36"
154.192.233.53 - - [30/Apr/2026:23:30:18 +1000] "POST /xmlrpc.php HTTP/1.1" 200 448 "-" "Jetpack by WordPress.com"
154.192.233.53 - - [30/Apr/2026:23:30:27 +1000] "POST /xmlrpc.php HTTP/1.1" 200 448 "-" "Jetpack by WordPress.com"
116.71.97.158 - - [30/Apr/2026:23:30:33 +1000] "POST /xmlrpc.php HTTP/1.1" 200 447 "-" "Mozilla/5.0 (Windows NT 6.2; x64) AppleWebKit/537.36 (KHTML, like Gecko) Chrome/101.0.0.0 Safari/537.36"
2405:3f00:a222:bbbb:bba1:60:ffff:ffff - - [30/Apr/2026:23:30:39 +1000] "POST /wp-cron.php?doing_wp_cron=1777555839.0282139778137207031250 HTTP/1.1" 200 - "-" "WordPress/6.9.4; https://galaxybeads.com.au"
154.192.233.53 - - [30/Apr/2026:23:30:37 +1000] "POST /xmlrpc.php HTTP/1.1" 200 448 "-" "WordPress.com; https://wordpress.com"
154.192.233.53 - - [30/Apr/2026:23:30:46 +1000] "POST /xmlrpc.php HTTP/1.1" 200 448 "-" "Jetpack by WordPress.com (Jetpack 12.5; WordPress 6.2)"
116.71.97.158 - - [30/Apr/2026:23:30:51 +1000] "POST /xmlrpc.php HTTP/1.1" 200 447 "-" "Mozilla/5.0 (Windows NT 10.0; x64) AppleWebKit/537.36 (KHTML, like Gecko) Safari/11.0.0.0 Safari/537.36"
154.192.233.53 - - [30/Apr/2026:23:30:56 +1000] "POST /xmlrpc.php HTTP/1.1" 200 448 "-" "WordPress.com; https://wordpress.com"
116.71.97.158 - - [30/Apr/2026:23:31:10 +1000] "POST /xmlrpc.php HTTP/1.1" 200 447 "-" "Mozilla/5.0 (Linux; Android 10; x86) AppleWebKit/537.36 (KHTML, like Gecko) Chrome/90.0.0.0 Safari/537.36"
154.192.233.53 - - [30/Apr/2026:23:31:11 +1000] "POST /xmlrpc.php HTTP/1.1" 200 448 "-" "Jetpack/12.1; WordPress/6.2; http://site76183554.com"
154.192.233.53 - - [30/Apr/2026:23:31:21 +1000] "POST /xmlrpc.php HTTP/1.1" 200 448 "-" "WordPress.com; https://wordpress.com"
116.71.97.158 - - [30/Apr/2026:23:31:27 +1000] "POST /xmlrpc.php HTTP/1.1" 200 447 "-" "Mozilla/5.0 (Linux; Android 10; arm64) AppleWebKit/537.36 (KHTML, like Gecko) Firefox/100.0.0.0 Safari/537.36"
154.192.233.53 - - [30/Apr/2026:23:31:28 +1000] "POST /xmlrpc.php HTTP/1.1" 200 448 "-" "Jetpack by WordPress.com"
