47.128.38.174 - - [30/Apr/2026:16:01:19 +1000] "GET /shop/includes/templates/theme228/css/style_imagehover.css HTTP/1.1" 200 282 "http://galaxybeads.com.au/" "Mozilla/5.0 (Linux; Android 5.0) AppleWebKit/537.36 (KHTML, like Gecko) Mobile Safari/537.36 (compatible; Bytespider; spider-feedback@bytedance.com)"
47.128.38.174 - - [30/Apr/2026:16:01:19 +1000] "GET /shop/images/logo-top-float.png HTTP/1.1" 206 500 "http://galaxybeads.com.au/" "Mozilla/5.0 (Linux; Android 5.0) AppleWebKit/537.36 (KHTML, like Gecko) Mobile Safari/537.36 (compatible; Bytespider; spider-feedback@bytedance.com)"
47.128.38.174 - - [30/Apr/2026:16:01:19 +1000] "GET /shop/images/banner6.jpg HTTP/1.1" 206 500 "http://galaxybeads.com.au/" "Mozilla/5.0 (Linux; Android 5.0) AppleWebKit/537.36 (KHTML, like Gecko) Mobile Safari/537.36 (compatible; Bytespider; spider-feedback@bytedance.com)"
47.128.38.174 - - [30/Apr/2026:16:01:19 +1000] "GET /shop/images/banner6.jpg HTTP/1.1" 200 35355 "http://galaxybeads.com.au/" "Mozilla/5.0 (Linux; Android 5.0) AppleWebKit/537.36 (KHTML, like Gecko) Mobile Safari/537.36 (compatible; Bytespider; spider-feedback@bytedance.com)"
47.128.38.174 - - [30/Apr/2026:16:01:20 +1000] "GET /shop/includes/templates/theme228/images/3.png HTTP/1.1" 206 500 "http://galaxybeads.com.au/" "Mozilla/5.0 (Linux; Android 5.0) AppleWebKit/537.36 (KHTML, like Gecko) Mobile Safari/537.36 (compatible; Bytespider; spider-feedback@bytedance.com)"
47.128.38.174 - - [30/Apr/2026:16:01:20 +1000] "GET /shop/includes/templates/theme228/images/1.png HTTP/1.1" 206 500 "http://galaxybeads.com.au/" "Mozilla/5.0 (Linux; Android 5.0) AppleWebKit/537.36 (KHTML, like Gecko) Mobile Safari/537.36 (compatible; Bytespider; spider-feedback@bytedance.com)"
74.91.224.220 - - [30/Apr/2026:16:01:28 +1000] "GET /wp-login.php HTTP/1.1" 200 4710 "-" "Mozilla/5.0 (Windows NT 6.1) AppleWebKit/537.36 (KHTML, like Gecko) Chrome/66.0.3359.139 Safari/537.36"
74.91.224.220 - - [30/Apr/2026:16:01:32 +1000] "POST /wp-login.php HTTP/1.1" 200 4710 "https://mail.youronesite.com/wp-login.php" "Mozilla/5.0 (Windows NT 6.1) AppleWebKit/537.36 (KHTML, like Gecko) Chrome/66.0.3359.139 Safari/537.36"
178.73.82.124 - - [30/Apr/2026:16:01:59 +1000] "POST /xmlrpc.php HTTP/1.1" 200 447 "-" "Jetpack by WordPress.com"
178.73.82.124 - - [30/Apr/2026:16:02:11 +1000] "POST /xmlrpc.php HTTP/1.1" 200 447 "-" "Jetpack by WordPress.com"
178.73.82.124 - - [30/Apr/2026:16:02:20 +1000] "POST /xmlrpc.php HTTP/1.1" 200 447 "-" "Jetpack by WordPress.com (Jetpack 12.0; WordPress 6.3)"
193.142.38.124 - - [30/Apr/2026:16:03:02 +1000] "POST /shop/index.php?main_page=login&action=process HTTP/1.1" 200 18087 "http://galaxybeads.com.au/shop/index.php?main_page=login" "Mozilla/5.0 (Windows NT 6.3; Win64; x64) AppleWebKit/537.36 (KHTML, like Gecko) Chrome/103.0.0.0 Safari/537.36"
193.142.38.124 - - [30/Apr/2026:16:03:21 +1000] "GET /wp-admin/post-new.php HTTP/1.1" 302 - "http://galaxybeads.com.au/wp-admin/post-new.php" "Mozilla/5.0 (Windows NT 6.3; Win64; x64) AppleWebKit/537.36 (KHTML, like Gecko) Chrome/103.0.0.0 Safari/537.36"
193.142.38.124 - - [30/Apr/2026:16:03:24 +1000] "GET /wp-login.php?redirect_to=https%3A%2F%2Fgalaxybeads.com.au%2Fwp-admin%2Fpost-new.php&reauth=1 HTTP/1.1" 200 2867 "https://galaxybeads.com.au/wp-admin/post-new.php" "Mozilla/5.0 (Windows NT 6.3; Win64; x64) AppleWebKit/537.36 (KHTML, like Gecko) Chrome/103.0.0.0 Safari/537.36"
13.126.226.51 - - [30/Apr/2026:16:04:09 +1000] "GET /wp-login.php HTTP/1.1" 200 4710 "-" "Mozilla/5.0 (Macintosh; Intel Mac OS X 10_10_5) AppleWebKit/537.36 (KHTML, like Gecko) Chrome/66.0.3359.117 Safari/537.36"
13.126.226.51 - - [30/Apr/2026:16:04:13 +1000] "POST /wp-login.php HTTP/1.1" 200 4710 "https://mail.galaxybeads.com.au/wp-login.php" "Mozilla/5.0 (Macintosh; Intel Mac OS X 10_10_5) AppleWebKit/537.36 (KHTML, like Gecko) Chrome/66.0.3359.117 Safari/537.36"
2405:3f00:a222:bbbb:bba1:60:ffff:ffff - - [30/Apr/2026:16:04:44 +1000] "POST /wp-cron.php?doing_wp_cron=1777529083.7802500724792480468750 HTTP/1.1" 200 - "-" "WordPress/6.9.4; https://galaxybeads.com.au"
178.73.82.124 - - [30/Apr/2026:16:04:42 +1000] "POST /xmlrpc.php HTTP/1.1" 200 447 "-" "WordPress.com; https://wordpress.com"
93.127.130.94 - - [30/Apr/2026:16:04:58 +1000] "POST /wp-login.php HTTP/1.1" 200 11779 "-" "Mozilla/5.0"
93.127.130.94 - - [30/Apr/2026:16:04:58 +1000] "POST /wp-login.php HTTP/1.1" 200 11779 "-" "Mozilla/5.0"
47.128.38.16 - - [30/Apr/2026:16:05:17 +1000] "GET /shop/includes/templates/theme228/css/stylesheet.css HTTP/1.1" 200 4411 "http://galaxybeads.com.au/" "Mozilla/5.0 (Linux; Android 5.0) AppleWebKit/537.36 (KHTML, like Gecko) Mobile Safari/537.36 (compatible; Bytespider; spider-feedback@bytedance.com)"
47.128.38.16 - - [30/Apr/2026:16:05:17 +1000] "GET /shop/includes/templates/theme228/css/stylesheet_css_buttons.css HTTP/1.1" 200 831 "http://galaxybeads.com.au/" "Mozilla/5.0 (Linux; Android 5.0) AppleWebKit/537.36 (KHTML, like Gecko) Mobile Safari/537.36 (compatible; Bytespider; spider-feedback@bytedance.com)"
47.128.38.16 - - [30/Apr/2026:16:05:17 +1000] "GET /shop/includes/templates/theme228/css/style_imagehover.css HTTP/1.1" 200 282 "http://galaxybeads.com.au/" "Mozilla/5.0 (Linux; Android 5.0) AppleWebKit/537.36 (KHTML, like Gecko) Mobile Safari/537.36 (compatible; Bytespider; spider-feedback@bytedance.com)"
47.128.38.16 - - [30/Apr/2026:16:05:17 +1000] "GET /shop/bmz_cache/2/283f32e844b9769842fc17724b12cb12.image.107x149.JPG HTTP/1.1" 206 500 "http://galaxybeads.com.au/" "Mozilla/5.0 (Linux; Android 5.0) AppleWebKit/537.36 (KHTML, like Gecko) Mobile Safari/537.36 (compatible; Bytespider; spider-feedback@bytedance.com)"
47.128.38.16 - - [30/Apr/2026:16:05:17 +1000] "GET /shop/bmz_cache/1/18971977ab6b0397a5910b93f77a4de5.image.118x149.jpg HTTP/1.1" 206 500 "http://galaxybeads.com.au/" "Mozilla/5.0 (Linux; Android 5.0) AppleWebKit/537.36 (KHTML, like Gecko) Mobile Safari/537.36 (compatible; Bytespider; spider-feedback@bytedance.com)"
47.128.38.16 - - [30/Apr/2026:16:05:17 +1000] "GET /shop/bmz_cache/c/cc7628cb5714bb4ecd08457e9aaaf887.image.104x149.JPG HTTP/1.1" 206 500 "http://galaxybeads.com.au/" "Mozilla/5.0 (Linux; Android 5.0) AppleWebKit/537.36 (KHTML, like Gecko) Mobile Safari/537.36 (compatible; Bytespider; spider-feedback@bytedance.com)"
47.128.38.16 - - [30/Apr/2026:16:05:17 +1000] "GET /shop/includes/templates/template_default/images/pixel_trans.gif HTTP/1.1" 206 43 "http://galaxybeads.com.au/" "Mozilla/5.0 (Linux; Android 5.0) AppleWebKit/537.36 (KHTML, like Gecko) Mobile Safari/537.36 (compatible; Bytespider; spider-feedback@bytedance.com)"
47.128.38.16 - - [30/Apr/2026:16:05:18 +1000] "GET /shop/bmz_cache/b/b81cdfbc9514e12e2c9f34c5ee8e766b.image.138x149.JPG HTTP/1.1" 206 500 "http://galaxybeads.com.au/" "Mozilla/5.0 (Linux; Android 5.0) AppleWebKit/537.36 (KHTML, like Gecko) Mobile Safari/537.36 (compatible; Bytespider; spider-feedback@bytedance.com)"
47.128.38.16 - - [30/Apr/2026:16:05:18 +1000] "GET /shop/bmz_cache/7/7d13a7173d003565faaaf2863f15ec59.image.147x147.JPG HTTP/1.1" 206 500 "http://galaxybeads.com.au/" "Mozilla/5.0 (Linux; Android 5.0) AppleWebKit/537.36 (KHTML, like Gecko) Mobile Safari/537.36 (compatible; Bytespider; spider-feedback@bytedance.com)"
47.128.38.16 - - [30/Apr/2026:16:05:18 +1000] "GET /shop/bmz_cache/0/04f71953b657342c6fe5f45d18f8e7ac.image.147x144.JPG HTTP/1.1" 206 500 "http://galaxybeads.com.au/" "Mozilla/5.0 (Linux; Android 5.0) AppleWebKit/537.36 (KHTML, like Gecko) Mobile Safari/537.36 (compatible; Bytespider; spider-feedback@bytedance.com)"
47.128.38.16 - - [30/Apr/2026:16:05:18 +1000] "GET /shop/bmz_cache/e/ec371b3c0dba40852dfb2db4d71bc224.image.147x113.jpg HTTP/1.1" 206 500 "http://galaxybeads.com.au/" "Mozilla/5.0 (Linux; Android 5.0) AppleWebKit/537.36 (KHTML, like Gecko) Mobile Safari/537.36 (compatible; Bytespider; spider-feedback@bytedance.com)"
47.128.38.16 - - [30/Apr/2026:16:05:18 +1000] "GET /shop/bmz_cache/4/4b72167864b56d8d53857aec0466d841.image.107x149.JPG HTTP/1.1" 206 500 "http://galaxybeads.com.au/" "Mozilla/5.0 (Linux; Android 5.0) AppleWebKit/537.36 (KHTML, like Gecko) Mobile Safari/537.36 (compatible; Bytespider; spider-feedback@bytedance.com)"
47.128.38.16 - - [30/Apr/2026:16:05:18 +1000] "GET /shop/bmz_cache/c/c6c2f039a74d2d0f1d895972e1b9274c.image.147x130.jpg HTTP/1.1" 206 500 "http://galaxybeads.com.au/" "Mozilla/5.0 (Linux; Android 5.0) AppleWebKit/537.36 (KHTML, like Gecko) Mobile Safari/537.36 (compatible; Bytespider; spider-feedback@bytedance.com)"
47.128.38.16 - - [30/Apr/2026:16:05:18 +1000] "GET /shop/bmz_cache/e/e5663507fe703ae79d6f9122e256eb83.image.147x110.jpg HTTP/1.1" 206 500 "http://galaxybeads.com.au/" "Mozilla/5.0 (Linux; Android 5.0) AppleWebKit/537.36 (KHTML, like Gecko) Mobile Safari/537.36 (compatible; Bytespider; spider-feedback@bytedance.com)"
47.128.38.16 - - [30/Apr/2026:16:05:18 +1000] "GET /shop/includes/templates/theme228/images/PayPal.gif HTTP/1.1" 206 500 "http://galaxybeads.com.au/" "Mozilla/5.0 (Linux; Android 5.0) AppleWebKit/537.36 (KHTML, like Gecko) Mobile Safari/537.36 (compatible; Bytespider; spider-feedback@bytedance.com)"
47.128.38.16 - - [30/Apr/2026:16:05:18 +1000] "GET /shop/includes/templates/theme228/images/1.png HTTP/1.1" 206 500 "http://galaxybeads.com.au/" "Mozilla/5.0 (Linux; Android 5.0) AppleWebKit/537.36 (KHTML, like Gecko) Mobile Safari/537.36 (compatible; Bytespider; spider-feedback@bytedance.com)"
129.121.76.191 - - [30/Apr/2026:16:05:24 +1000] "POST /xmlrpc.php HTTP/1.1" 200 248 "-" "Mozilla/5.0 (Windows NT 6.3; WOW64) AppleWebKit/537.36 (KHTML, like Gecko) Chrome/66.0.3359.181 Safari/537.36"
47.128.38.194 - - [30/Apr/2026:16:05:30 +1000] "GET /shop/includes/templates/theme228/css/stylesheet_main.css HTTP/1.1" 200 5260 "http://galaxybeads.com.au/" "Mozilla/5.0 (Linux; Android 5.0) AppleWebKit/537.36 (KHTML, like Gecko) Mobile Safari/537.36 (compatible; Bytespider; spider-feedback@bytedance.com)"
47.128.38.194 - - [30/Apr/2026:16:05:30 +1000] "GET /shop/includes/templates/theme228/css/style_imagehover.css HTTP/1.1" 200 282 "http://galaxybeads.com.au/" "Mozilla/5.0 (Linux; Android 5.0) AppleWebKit/537.36 (KHTML, like Gecko) Mobile Safari/537.36 (compatible; Bytespider; spider-feedback@bytedance.com)"
47.128.38.194 - - [30/Apr/2026:16:05:30 +1000] "GET /shop/includes/templates/theme228/css/stylesheet_boxes.css HTTP/1.1" 200 5436 "http://galaxybeads.com.au/" "Mozilla/5.0 (Linux; Android 5.0) AppleWebKit/537.36 (KHTML, like Gecko) Mobile Safari/537.36 (compatible; Bytespider; spider-feedback@bytedance.com)"
47.128.38.194 - - [30/Apr/2026:16:05:31 +1000] "GET /shop/images/logo-top-float.png HTTP/1.1" 206 500 "http://galaxybeads.com.au/" "Mozilla/5.0 (Linux; Android 5.0) AppleWebKit/537.36 (KHTML, like Gecko) Mobile Safari/537.36 (compatible; Bytespider; spider-feedback@bytedance.com)"
47.128.38.194 - - [30/Apr/2026:16:05:35 +1000] "GET /shop/includes/templates/theme228/buttons/english/button_in_cart.gif HTTP/1.1" 206 500 "http://galaxybeads.com.au/" "Mozilla/5.0 (Linux; Android 5.0) AppleWebKit/537.36 (KHTML, like Gecko) Mobile Safari/537.36 (compatible; Bytespider; spider-feedback@bytedance.com)"
47.128.38.194 - - [30/Apr/2026:16:05:46 +1000] "GET /shop/includes/templates/template_default/images/pixel_trans.gif HTTP/1.1" 206 43 "http://galaxybeads.com.au/" "Mozilla/5.0 (Linux; Android 5.0) AppleWebKit/537.36 (KHTML, like Gecko) Mobile Safari/537.36 (compatible; Bytespider; spider-feedback@bytedance.com)"
50.6.7.129 - - [30/Apr/2026:16:05:41 +1000] "POST /xmlrpc.php HTTP/1.1" 200 245 "-" "Mozilla/5.0 (Macintosh; Intel Mac OS X 10_11_6) AppleWebKit/537.36 (KHTML, like Gecko) Chrome/66.0.3359.117 Safari/537.36"
50.6.229.148 - - [30/Apr/2026:16:05:44 +1000] "GET /wp-login.php HTTP/1.1" 200 4710 "-" "Mozilla/5.0 (Windows NT 6.3; Win64; x64) AppleWebKit/537.36 (KHTML, like Gecko) Chrome/67.0.3396.79 Safari/537.36"
50.6.229.148 - - [30/Apr/2026:16:05:46 +1000] "POST /wp-login.php HTTP/1.1" 200 4710 "https://mail.galaxybeads.com.au/wp-login.php" "Mozilla/5.0 (Windows NT 6.3; Win64; x64) AppleWebKit/537.36 (KHTML, like Gecko) Chrome/67.0.3396.79 Safari/537.36"
47.128.38.194 - - [30/Apr/2026:16:05:48 +1000] "GET /shop/images/LO95.jpeg HTTP/1.1" 206 500 "http://galaxybeads.com.au/" "Mozilla/5.0 (Linux; Android 5.0) AppleWebKit/537.36 (KHTML, like Gecko) Mobile Safari/537.36 (compatible; Bytespider; spider-feedback@bytedance.com)"
47.128.38.194 - - [30/Apr/2026:16:05:49 +1000] "GET /shop/includes/templates/theme228/images/1.png HTTP/1.1" 206 500 "http://galaxybeads.com.au/" "Mozilla/5.0 (Linux; Android 5.0) AppleWebKit/537.36 (KHTML, like Gecko) Mobile Safari/537.36 (compatible; Bytespider; spider-feedback@bytedance.com)"
47.128.38.194 - - [30/Apr/2026:16:05:50 +1000] "GET /shop/images/LO95.jpeg HTTP/1.1" 200 16090 "http://galaxybeads.com.au/" "Mozilla/5.0 (Linux; Android 5.0) AppleWebKit/537.36 (KHTML, like Gecko) Mobile Safari/537.36 (compatible; Bytespider; spider-feedback@bytedance.com)"
114.119.155.154 - - [30/Apr/2026:16:05:54 +1000] "GET /shop/index.php?main_page=login HTTP/1.1" 302 - "http://galaxybeads.com.au/shop/index.php?main_page=product_info&=32&products_id=298" "Mozilla/5.0 (Linux; Android 7.0;) AppleWebKit/537.36 (HTML, like Gecko) Mobile Safari/537.36 (compatible; PetalBot;+https://webmaster.petalsearch.com/site/petalbot)"
114.119.155.154 - - [30/Apr/2026:16:05:56 +1000] "GET /shop/index.php?main_page=cookie_usage HTTP/1.1" 200 9154 "http://galaxybeads.com.au/shop/index.php?main_page=product_info&=32&products_id=298" "Mozilla/5.0 (Linux; Android 7.0;) AppleWebKit/537.36 (HTML, like Gecko) Mobile Safari/537.36 (compatible; PetalBot;+https://webmaster.petalsearch.com/site/petalbot)"
159.100.13.237 - - [30/Apr/2026:16:06:07 +1000] "GET /wp-login.php HTTP/1.1" 200 4712 "-" "Mozilla/5.0 (Windows NT 6.0; Win64; x64) AppleWebKit/537.36 (KHTML, like Gecko) Chrome/58.0.3029.110 Safari/537.36 Edge/16.16299"
159.100.13.237 - - [30/Apr/2026:16:06:11 +1000] "POST /wp-login.php HTTP/1.1" 200 4712 "https://galaxybeads.com.au/wp-login.php" "Mozilla/5.0 (Windows NT 6.0; Win64; x64) AppleWebKit/537.36 (KHTML, like Gecko) Chrome/58.0.3029.110 Safari/537.36 Edge/16.16299"
162.212.157.210 - - [30/Apr/2026:16:06:29 +1000] "GET /wp-login.php HTTP/1.1" 200 4711 "-" "Mozilla/5.0 (Windows NT 10.0; Win64; x64) AppleWebKit/537.36 (KHTML, like Gecko) Chrome/66.0.3359.117 Safari/537.36"
162.212.157.210 - - [30/Apr/2026:16:06:32 +1000] "POST /wp-login.php HTTP/1.1" 200 4711 "https://galaxybeads.com.au/wp-login.php" "Mozilla/5.0 (Windows NT 10.0; Win64; x64) AppleWebKit/537.36 (KHTML, like Gecko) Chrome/66.0.3359.117 Safari/537.36"
114.119.156.154 - - [30/Apr/2026:16:07:17 +1000] "GET /shop/index.php?main_page=login HTTP/1.1" 302 - "http://galaxybeads.com.au/shop/index.php?main_page=product_info&=33_41&products_id=261" "Mozilla/5.0 (Linux; Android 7.0;) AppleWebKit/537.36 (HTML, like Gecko) Mobile Safari/537.36 (compatible; PetalBot;+https://webmaster.petalsearch.com/site/petalbot)"
114.119.156.154 - - [30/Apr/2026:16:07:18 +1000] "GET /shop/index.php?main_page=cookie_usage HTTP/1.1" 200 8971 "http://galaxybeads.com.au/shop/index.php?main_page=product_info&=33_41&products_id=261" "Mozilla/5.0 (Linux; Android 7.0;) AppleWebKit/537.36 (HTML, like Gecko) Mobile Safari/537.36 (compatible; PetalBot;+https://webmaster.petalsearch.com/site/petalbot)"
199.203.54.15 - - [30/Apr/2026:16:08:11 +1000] "GET /wp-login.php HTTP/1.1" 200 4711 "-" "Mozilla/5.0 (Windows NT 6.1) AppleWebKit/537.36 (KHTML, like Gecko) Chrome/67.0.3396.62 Safari/537.36"
199.203.54.15 - - [30/Apr/2026:16:08:16 +1000] "POST /wp-login.php HTTP/1.1" 200 4711 "https://mail.youronesite.com/wp-login.php" "Mozilla/5.0 (Windows NT 6.1) AppleWebKit/537.36 (KHTML, like Gecko) Chrome/67.0.3396.62 Safari/537.36"
114.119.130.136 - - [30/Apr/2026:16:08:49 +1000] "GET /shop/index.php?main_page=login HTTP/1.1" 302 - "http://galaxybeads.com.au/shop/index.php?main_page=product_info&=230_251&products_id=2338" "Mozilla/5.0 (Linux; Android 7.0;) AppleWebKit/537.36 (HTML, like Gecko) Mobile Safari/537.36 (compatible; PetalBot;+https://webmaster.petalsearch.com/site/petalbot)"
114.119.130.136 - - [30/Apr/2026:16:08:49 +1000] "GET /shop/index.php?main_page=cookie_usage HTTP/1.1" 200 8975 "http://galaxybeads.com.au/shop/index.php?main_page=product_info&=230_251&products_id=2338" "Mozilla/5.0 (Linux; Android 7.0;) AppleWebKit/537.36 (HTML, like Gecko) Mobile Safari/537.36 (compatible; PetalBot;+https://webmaster.petalsearch.com/site/petalbot)"
178.73.82.124 - - [30/Apr/2026:16:09:07 +1000] "POST /xmlrpc.php HTTP/1.1" 200 447 "-" "WordPress.com; https://wordpress.com"
47.128.38.159 - - [30/Apr/2026:16:09:39 +1000] "GET /shop/includes/templates/theme228/css/stylesheet_tm.css HTTP/1.1" 200 4171 "http://galaxybeads.com.au/" "Mozilla/5.0 (Linux; Android 5.0) AppleWebKit/537.36 (KHTML, like Gecko) Mobile Safari/537.36 (compatible; Bytespider; spider-feedback@bytedance.com)"
47.128.38.159 - - [30/Apr/2026:16:09:39 +1000] "GET /shop/includes/templates/theme228/css/stylesheet.css HTTP/1.1" 200 4411 "http://galaxybeads.com.au/" "Mozilla/5.0 (Linux; Android 5.0) AppleWebKit/537.36 (KHTML, like Gecko) Mobile Safari/537.36 (compatible; Bytespider; spider-feedback@bytedance.com)"
47.128.38.159 - - [30/Apr/2026:16:09:39 +1000] "GET /shop/images/Pearls.jpg HTTP/1.1" 206 500 "http://galaxybeads.com.au/" "Mozilla/5.0 (Linux; Android 5.0) AppleWebKit/537.36 (KHTML, like Gecko) Mobile Safari/537.36 (compatible; Bytespider; spider-feedback@bytedance.com)"
47.128.38.159 - - [30/Apr/2026:16:09:51 +1000] "GET /shop/bmz_cache/2/2db95e275613da465364f1ac5c784b9b.image.147x54.jpg HTTP/1.1" 206 500 "http://galaxybeads.com.au/" "Mozilla/5.0 (Linux; Android 5.0) AppleWebKit/537.36 (KHTML, like Gecko) Mobile Safari/537.36 (compatible; Bytespider; spider-feedback@bytedance.com)"
47.128.38.159 - - [30/Apr/2026:16:09:51 +1000] "GET /shop/bmz_cache/e/e9dd9aef427fb381017f9c5cf37c17e0.image.147x54.jpg HTTP/1.1" 206 500 "http://galaxybeads.com.au/" "Mozilla/5.0 (Linux; Android 5.0) AppleWebKit/537.36 (KHTML, like Gecko) Mobile Safari/537.36 (compatible; Bytespider; spider-feedback@bytedance.com)"
47.128.38.159 - - [30/Apr/2026:16:09:52 +1000] "GET /shop/includes/templates/theme228/images/PayPal.gif HTTP/1.1" 206 500 "http://galaxybeads.com.au/" "Mozilla/5.0 (Linux; Android 5.0) AppleWebKit/537.36 (KHTML, like Gecko) Mobile Safari/537.36 (compatible; Bytespider; spider-feedback@bytedance.com)"
114.119.130.136 - - [30/Apr/2026:16:10:10 +1000] "GET /shop/index.php?main_page=login HTTP/1.1" 302 - "http://galaxybeads.com.au/shop/index.php?main_page=product_info&cPath=95_128&products_id=2175" "Mozilla/5.0 (Linux; Android 7.0;) AppleWebKit/537.36 (HTML, like Gecko) Mobile Safari/537.36 (compatible; PetalBot;+https://webmaster.petalsearch.com/site/petalbot)"
114.119.130.136 - - [30/Apr/2026:16:10:10 +1000] "GET /shop/index.php?main_page=cookie_usage HTTP/1.1" 200 8978 "http://galaxybeads.com.au/shop/index.php?main_page=product_info&cPath=95_128&products_id=2175" "Mozilla/5.0 (Linux; Android 7.0;) AppleWebKit/537.36 (HTML, like Gecko) Mobile Safari/537.36 (compatible; PetalBot;+https://webmaster.petalsearch.com/site/petalbot)"
72.14.199.165 - - [30/Apr/2026:16:10:29 +1000] "GET /shop/images/logo-top-float.png HTTP/1.1" 200 1598 "http://galaxybeads.com.au/" "Mozilla/5.0 (X11; Linux x86_64) AppleWebKit/537.36 (KHTML, like Gecko) Chrome/147.0.7727.116 Safari/537.36"
72.14.199.160 - - [30/Apr/2026:16:10:30 +1000] "GET /shop/bmz_cache/2/21facb9dfe598cea2f5966c0081670af.image.147x106.jpg HTTP/1.1" 200 3763 "http://galaxybeads.com.au/" "Mozilla/5.0 (X11; Linux x86_64) AppleWebKit/537.36 (KHTML, like Gecko) Chrome/147.0.7727.116 Safari/537.36"
72.14.199.165 - - [30/Apr/2026:16:10:31 +1000] "GET /shop/includes/templates/theme228/buttons/english/button_next.gif HTTP/1.1" 200 586 "http://galaxybeads.com.au/" "Mozilla/5.0 (X11; Linux x86_64) AppleWebKit/537.36 (KHTML, like Gecko) Chrome/147.0.7727.116 Safari/537.36"
72.14.199.160 - - [30/Apr/2026:16:10:31 +1000] "GET /shop/includes/templates/theme228/images/1.png HTTP/1.1" 200 1490 "http://galaxybeads.com.au/" "Mozilla/5.0 (X11; Linux x86_64) AppleWebKit/537.36 (KHTML, like Gecko) Chrome/147.0.7727.116 Safari/537.36"
72.14.199.160 - - [30/Apr/2026:16:10:31 +1000] "GET /shop/includes/templates/theme228/buttons/english/button_prev.gif HTTP/1.1" 200 594 "http://galaxybeads.com.au/" "Mozilla/5.0 (X11; Linux x86_64) AppleWebKit/537.36 (KHTML, like Gecko) Chrome/147.0.7727.116 Safari/537.36"
72.14.199.160 - - [30/Apr/2026:16:10:32 +1000] "GET /shop/includes/templates/theme228/buttons/english/button_in_cart.gif HTTP/1.1" 200 900 "http://galaxybeads.com.au/" "Mozilla/5.0 (X11; Linux x86_64) AppleWebKit/537.36 (KHTML, like Gecko) Chrome/147.0.7727.116 Safari/537.36"
72.14.199.160 - - [30/Apr/2026:16:10:32 +1000] "GET /shop/includes/templates/template_default/images/pixel_trans.gif HTTP/1.1" 200 43 "http://galaxybeads.com.au/" "Mozilla/5.0 (X11; Linux x86_64) AppleWebKit/537.36 (KHTML, like Gecko) Chrome/147.0.7727.116 Safari/537.36"
72.14.199.160 - - [30/Apr/2026:16:10:33 +1000] "GET /shop/includes/templates/theme228/images/2.png HTTP/1.1" 200 889 "http://galaxybeads.com.au/" "Mozilla/5.0 (X11; Linux x86_64) AppleWebKit/537.36 (KHTML, like Gecko) Chrome/147.0.7727.116 Safari/537.36"
72.14.199.165 - - [30/Apr/2026:16:10:34 +1000] "GET /shop/images/banner6.jpg HTTP/1.1" 200 35355 "http://galaxybeads.com.au/" "Mozilla/5.0 (X11; Linux x86_64) AppleWebKit/537.36 (KHTML, like Gecko) Chrome/147.0.7727.116 Safari/537.36"
72.14.199.165 - - [30/Apr/2026:16:10:36 +1000] "GET /shop/includes/templates/theme228/images/3.png HTTP/1.1" 200 2698 "http://galaxybeads.com.au/" "Mozilla/5.0 (X11; Linux x86_64) AppleWebKit/537.36 (KHTML, like Gecko) Chrome/147.0.7727.116 Safari/537.36"
72.14.199.165 - - [30/Apr/2026:16:10:38 +1000] "GET /shop/includes/templates/theme228/buttons/english/button_write_review.gif HTTP/1.1" 200 1011 "http://galaxybeads.com.au/" "Mozilla/5.0 (X11; Linux x86_64) AppleWebKit/537.36 (KHTML, like Gecko) Chrome/147.0.7727.116 Safari/537.36"
72.14.199.165 - - [30/Apr/2026:16:10:38 +1000] "GET /shop/includes/templates/theme228/buttons/english/button_return_to_product_list.gif HTTP/1.1" 200 687 "http://galaxybeads.com.au/" "Mozilla/5.0 (X11; Linux x86_64) AppleWebKit/537.36 (KHTML, like Gecko) Chrome/147.0.7727.116 Safari/537.36"
72.14.199.165 - - [30/Apr/2026:16:10:40 +1000] "GET /shop/includes/templates/theme228/images/PayPal.gif HTTP/1.1" 200 4345 "http://galaxybeads.com.au/" "Mozilla/5.0 (X11; Linux x86_64) AppleWebKit/537.36 (KHTML, like Gecko) Chrome/147.0.7727.116 Safari/537.36"
72.14.199.165 - - [30/Apr/2026:16:10:41 +1000] "GET /shop/bmz_cache/4/47f1e32d47455c3a0825e1f682d6cef6.image.147x109.jpg HTTP/1.1" 200 2794 "http://galaxybeads.com.au/" "Mozilla/5.0 (X11; Linux x86_64) AppleWebKit/537.36 (KHTML, like Gecko) Chrome/147.0.7727.116 Safari/537.36"
72.14.199.165 - - [30/Apr/2026:16:10:42 +1000] "GET /shop/includes/templates/theme228/css/images/loading-x.gif HTTP/1.1" 200 9658 "https://galaxybeads.com.au/shop/includes/templates/theme228/css/stylesheet_overrides.css" "Mozilla/5.0 (X11; Linux x86_64) AppleWebKit/537.36 (KHTML, like Gecko) Chrome/147.0.7727.116 Safari/537.36"
2405:3f00:a222:bbbb:bba1:60:ffff:ffff - - [30/Apr/2026:16:10:49 +1000] "POST /wp-cron.php?doing_wp_cron=1777529449.0584809780120849609375 HTTP/1.1" 200 - "-" "WordPress/6.9.4; https://galaxybeads.com.au"
166.88.81.30 - - [30/Apr/2026:16:10:47 +1000] "GET /shopbmz_cache/a/a6d395c1ce26fd34d1f5236d504464ea.image.147x110.jpg HTTP/1.1" 404 10934 "-" "Mozilla/5.0 (compatible; crawler)"
18.192.80.89 - - [30/Apr/2026:16:11:03 +1000] "GET /wp-login.php HTTP/1.1" 200 4710 "-" "Mozilla/5.0 (Windows NT 10.0) AppleWebKit/537.36 (KHTML, like Gecko) Chrome/52.0.2743.116 Safari/537.36 Edge/15.15063"
18.192.80.89 - - [30/Apr/2026:16:11:07 +1000] "POST /wp-login.php HTTP/1.1" 200 4710 "https://mail.youronesite.com/wp-login.php" "Mozilla/5.0 (Windows NT 10.0) AppleWebKit/537.36 (KHTML, like Gecko) Chrome/52.0.2743.116 Safari/537.36 Edge/15.15063"
72.14.199.165 - - [30/Apr/2026:16:11:11 +1000] "GET /shop/includes/templates/theme228/css/images/toolbar_find.png HTTP/1.1" 200 482 "https://galaxybeads.com.au/shop/includes/templates/theme228/css/stylesheet_overrides.css" "Mozilla/5.0 (X11; Linux x86_64) AppleWebKit/537.36 (KHTML, like Gecko) Chrome/147.0.7727.116 Safari/537.36"
72.14.199.165 - - [30/Apr/2026:16:11:12 +1000] "GET /shop/includes/templates/theme228/images/spacer.gif HTTP/1.1" 404 10885 "https://galaxybeads.com.au/shop/includes/templates/theme228/css/stylesheet_tm.css" "Mozilla/5.0 (X11; Linux x86_64) AppleWebKit/537.36 (KHTML, like Gecko) Chrome/147.0.7727.116 Safari/537.36"
72.14.199.160 - - [30/Apr/2026:16:11:12 +1000] "GET /shop/includes/templates/theme228/css/images/galaxy-beads-header.png HTTP/1.1" 200 499340 "https://galaxybeads.com.au/shop/includes/templates/theme228/css/stylesheet_overrides.css" "Mozilla/5.0 (X11; Linux x86_64) AppleWebKit/537.36 (KHTML, like Gecko) Chrome/147.0.7727.116 Safari/537.36"
72.14.199.161 - - [30/Apr/2026:16:11:13 +1000] "GET /shop/includes/templates/theme228/images/box2_left_top_bg.gif HTTP/1.1" 404 10904 "https://galaxybeads.com.au/shop/includes/templates/theme228/css/stylesheet_boxes.css" "Mozilla/5.0 (X11; Linux x86_64) AppleWebKit/537.36 (KHTML, like Gecko) Chrome/147.0.7727.116 Safari/537.36"
72.14.199.160 - - [30/Apr/2026:16:11:13 +1000] "GET /shop/includes/templates/theme228/images/box2_top_bg.gif HTTP/1.1" 404 10897 "https://galaxybeads.com.au/shop/includes/templates/theme228/css/stylesheet_boxes.css" "Mozilla/5.0 (X11; Linux x86_64) AppleWebKit/537.36 (KHTML, like Gecko) Chrome/147.0.7727.116 Safari/537.36"
72.14.199.160 - - [30/Apr/2026:16:11:15 +1000] "GET /shop/includes/templates/theme228/images/box2_right_top_bg.gif HTTP/1.1" 404 10904 "https://galaxybeads.com.au/shop/includes/templates/theme228/css/stylesheet_boxes.css" "Mozilla/5.0 (X11; Linux x86_64) AppleWebKit/537.36 (KHTML, like Gecko) Chrome/147.0.7727.116 Safari/537.36"
72.14.199.160 - - [30/Apr/2026:16:11:17 +1000] "GET /shop/includes/templates/theme228/images/box_head_bg8.gif HTTP/1.1" 404 10896 "https://galaxybeads.com.au/shop/includes/templates/theme228/css/stylesheet_boxes.css" "Mozilla/5.0 (X11; Linux x86_64) AppleWebKit/537.36 (KHTML, like Gecko) Chrome/147.0.7727.116 Safari/537.36"
72.14.199.160 - - [30/Apr/2026:16:11:18 +1000] "GET /shop/includes/templates/theme228/images/box_head_bg10.gif HTTP/1.1" 404 10899 "https://galaxybeads.com.au/shop/includes/templates/theme228/css/stylesheet_boxes.css" "Mozilla/5.0 (X11; Linux x86_64) AppleWebKit/537.36 (KHTML, like Gecko) Chrome/147.0.7727.116 Safari/537.36"
72.14.199.165 - - [30/Apr/2026:16:11:19 +1000] "GET /shop/includes/templates/theme228/images/box_head_bg7.gif HTTP/1.1" 404 10897 "https://galaxybeads.com.au/shop/includes/templates/theme228/css/stylesheet_boxes.css" "Mozilla/5.0 (X11; Linux x86_64) AppleWebKit/537.36 (KHTML, like Gecko) Chrome/147.0.7727.116 Safari/537.36"
72.14.199.165 - - [30/Apr/2026:16:11:20 +1000] "GET /shop/includes/templates/theme228/images/box_head_bg6.gif HTTP/1.1" 404 10898 "https://galaxybeads.com.au/shop/includes/templates/theme228/css/stylesheet_boxes.css" "Mozilla/5.0 (X11; Linux x86_64) AppleWebKit/537.36 (KHTML, like Gecko) Chrome/147.0.7727.116 Safari/537.36"
178.73.82.124 - - [30/Apr/2026:16:11:21 +1000] "POST /xmlrpc.php HTTP/1.1" 200 447 "-" "Jetpack/13.0; WordPress/6.3; http://site19502990.com"
72.14.199.165 - - [30/Apr/2026:16:11:21 +1000] "GET /shop/includes/templates/theme228/images/box_head_bg5.gif HTTP/1.1" 404 10896 "https://galaxybeads.com.au/shop/includes/templates/theme228/css/stylesheet_boxes.css" "Mozilla/5.0 (X11; Linux x86_64) AppleWebKit/537.36 (KHTML, like Gecko) Chrome/147.0.7727.116 Safari/537.36"
72.14.199.165 - - [30/Apr/2026:16:11:23 +1000] "GET /shop/includes/templates/theme228/images/list_background1.gif HTTP/1.1" 404 10900 "https://galaxybeads.com.au/shop/includes/templates/theme228/css/stylesheet_boxes.css" "Mozilla/5.0 (X11; Linux x86_64) AppleWebKit/537.36 (KHTML, like Gecko) Chrome/147.0.7727.116 Safari/537.36"
72.14.199.165 - - [30/Apr/2026:16:11:24 +1000] "GET /shop/includes/templates/theme228/images/list_background.gif HTTP/1.1" 404 10897 "https://galaxybeads.com.au/shop/includes/templates/theme228/css/stylesheet_boxes.css" "Mozilla/5.0 (X11; Linux x86_64) AppleWebKit/537.36 (KHTML, like Gecko) Chrome/147.0.7727.116 Safari/537.36"
72.14.199.165 - - [30/Apr/2026:16:11:25 +1000] "GET /shop/includes/templates/theme228/images/box_head_bg9.gif HTTP/1.1" 404 10897 "https://galaxybeads.com.au/shop/includes/templates/theme228/css/stylesheet_boxes.css" "Mozilla/5.0 (X11; Linux x86_64) AppleWebKit/537.36 (KHTML, like Gecko) Chrome/147.0.7727.116 Safari/537.36"
114.119.156.119 - - [30/Apr/2026:16:11:30 +1000] "GET /shop/index.php?main_page=login HTTP/1.1" 302 - "http://galaxybeads.com.au/shop/index.php?main_page=product_info&cPath=87_90&products_id=418" "Mozilla/5.0 (Linux; Android 7.0;) AppleWebKit/537.36 (HTML, like Gecko) Mobile Safari/537.36 (compatible; PetalBot;+https://webmaster.petalsearch.com/site/petalbot)"
72.14.199.165 - - [30/Apr/2026:16:11:30 +1000] "GET /shop/includes/templates/theme228/images/box1_bg1.gif HTTP/1.1" 404 10894 "https://galaxybeads.com.au/shop/includes/templates/theme228/css/stylesheet_boxes.css" "Mozilla/5.0 (X11; Linux x86_64) AppleWebKit/537.36 (KHTML, like Gecko) Chrome/147.0.7727.116 Safari/537.36"
72.14.199.165 - - [30/Apr/2026:16:11:30 +1000] "GET /shop/includes/templates/theme228/images/box_head_bg11.gif HTTP/1.1" 404 10896 "https://galaxybeads.com.au/shop/includes/templates/theme228/css/stylesheet_boxes.css" "Mozilla/5.0 (X11; Linux x86_64) AppleWebKit/537.36 (KHTML, like Gecko) Chrome/147.0.7727.116 Safari/537.36"
114.119.156.119 - - [30/Apr/2026:16:11:31 +1000] "GET /shop/index.php?main_page=cookie_usage HTTP/1.1" 200 8975 "http://galaxybeads.com.au/shop/index.php?main_page=product_info&cPath=87_90&products_id=418" "Mozilla/5.0 (Linux; Android 7.0;) AppleWebKit/537.36 (HTML, like Gecko) Mobile Safari/537.36 (compatible; PetalBot;+https://webmaster.petalsearch.com/site/petalbot)"
72.14.199.165 - - [30/Apr/2026:16:11:35 +1000] "GET /shop/includes/templates/theme228/images/product_box_left_bottom_bg.gif HTTP/1.1" 404 10915 "https://galaxybeads.com.au/shop/includes/templates/theme228/css/stylesheet_tm.css" "Mozilla/5.0 (X11; Linux x86_64) AppleWebKit/537.36 (KHTML, like Gecko) Chrome/147.0.7727.116 Safari/537.36"
72.14.199.165 - - [30/Apr/2026:16:11:34 +1000] "GET /shop/includes/templates/theme228/images/product_box_side_bgx.gif HTTP/1.1" 404 10910 "https://galaxybeads.com.au/shop/includes/templates/theme228/css/stylesheet_tm.css" "Mozilla/5.0 (X11; Linux x86_64) AppleWebKit/537.36 (KHTML, like Gecko) Chrome/147.0.7727.116 Safari/537.36"
72.14.199.165 - - [30/Apr/2026:16:11:37 +1000] "GET /shop/includes/templates/theme228/images/box_head_bg4.gif HTTP/1.1" 404 10898 "https://galaxybeads.com.au/shop/includes/templates/theme228/css/stylesheet_boxes.css" "Mozilla/5.0 (X11; Linux x86_64) AppleWebKit/537.36 (KHTML, like Gecko) Chrome/147.0.7727.116 Safari/537.36"
72.14.199.165 - - [30/Apr/2026:16:11:38 +1000] "GET /shop/includes/templates/theme228/images/box1_bg2.gif HTTP/1.1" 404 10892 "https://galaxybeads.com.au/shop/includes/templates/theme228/css/stylesheet_boxes.css" "Mozilla/5.0 (X11; Linux x86_64) AppleWebKit/537.36 (KHTML, like Gecko) Chrome/147.0.7727.116 Safari/537.36"
72.14.199.165 - - [30/Apr/2026:16:11:38 +1000] "GET /shop/includes/templates/theme228/images/product_box_right_top_bg.gif HTTP/1.1" 404 10914 "https://galaxybeads.com.au/shop/includes/templates/theme228/css/stylesheet_tm.css" "Mozilla/5.0 (X11; Linux x86_64) AppleWebKit/537.36 (KHTML, like Gecko) Chrome/147.0.7727.116 Safari/537.36"
72.14.199.165 - - [30/Apr/2026:16:11:41 +1000] "GET /shop/includes/templates/theme228/images/img_box2_side.gif HTTP/1.1" 404 10899 "https://galaxybeads.com.au/shop/includes/templates/theme228/css/stylesheet_tm.css" "Mozilla/5.0 (X11; Linux x86_64) AppleWebKit/537.36 (KHTML, like Gecko) Chrome/147.0.7727.116 Safari/537.36"
72.14.199.165 - - [30/Apr/2026:16:11:41 +1000] "GET /shop/includes/templates/theme228/images/product_box_right_bottom_bg.gif HTTP/1.1" 404 10916 "https://galaxybeads.com.au/shop/includes/templates/theme228/css/stylesheet_tm.css" "Mozilla/5.0 (X11; Linux x86_64) AppleWebKit/537.36 (KHTML, like Gecko) Chrome/147.0.7727.116 Safari/537.36"
72.14.199.165 - - [30/Apr/2026:16:11:43 +1000] "GET /shop/includes/templates/theme228/images/product_box_left_top_bg.gif HTTP/1.1" 404 10914 "https://galaxybeads.com.au/shop/includes/templates/theme228/css/stylesheet_tm.css" "Mozilla/5.0 (X11; Linux x86_64) AppleWebKit/537.36 (KHTML, like Gecko) Chrome/147.0.7727.116 Safari/537.36"
72.14.199.165 - - [30/Apr/2026:16:11:47 +1000] "GET /shop/includes/templates/theme228/images/img_box2_left_bottom.gif HTTP/1.1" 404 10904 "https://galaxybeads.com.au/shop/includes/templates/theme228/css/stylesheet_tm.css" "Mozilla/5.0 (X11; Linux x86_64) AppleWebKit/537.36 (KHTML, like Gecko) Chrome/147.0.7727.116 Safari/537.36"
72.14.199.165 - - [30/Apr/2026:16:11:46 +1000] "GET /shop/includes/templates/theme228/images/img_box2_right_top.gif HTTP/1.1" 404 10906 "https://galaxybeads.com.au/shop/includes/templates/theme228/css/stylesheet_tm.css" "Mozilla/5.0 (X11; Linux x86_64) AppleWebKit/537.36 (KHTML, like Gecko) Chrome/147.0.7727.116 Safari/537.36"
72.14.199.165 - - [30/Apr/2026:16:11:50 +1000] "GET /shop/includes/templates/theme228/images/img_box2_left_top.gif HTTP/1.1" 404 10904 "https://galaxybeads.com.au/shop/includes/templates/theme228/css/stylesheet_tm.css" "Mozilla/5.0 (X11; Linux x86_64) AppleWebKit/537.36 (KHTML, like Gecko) Chrome/147.0.7727.116 Safari/537.36"
72.14.199.165 - - [30/Apr/2026:16:11:50 +1000] "GET /shop/includes/templates/theme228/images/img_box2_right_bottom.gif HTTP/1.1" 404 10907 "https://galaxybeads.com.au/shop/includes/templates/theme228/css/stylesheet_tm.css" "Mozilla/5.0 (X11; Linux x86_64) AppleWebKit/537.36 (KHTML, like Gecko) Chrome/147.0.7727.116 Safari/537.36"
72.14.199.165 - - [30/Apr/2026:16:11:51 +1000] "GET /shop/includes/templates/theme228/images/box3_bg1.gif HTTP/1.1" 404 10892 "https://galaxybeads.com.au/shop/includes/templates/theme228/css/stylesheet_boxes.css" "Mozilla/5.0 (X11; Linux x86_64) AppleWebKit/537.36 (KHTML, like Gecko) Chrome/147.0.7727.116 Safari/537.36"
72.14.199.165 - - [30/Apr/2026:16:11:52 +1000] "GET /shop/includes/templates/theme228/images/lbc.gif HTTP/1.1" 404 10883 "https://galaxybeads.com.au/shop/includes/templates/theme228/css/stylesheet_tm.css" "Mozilla/5.0 (X11; Linux x86_64) AppleWebKit/537.36 (KHTML, like Gecko) Chrome/147.0.7727.116 Safari/537.36"
72.14.199.165 - - [30/Apr/2026:16:11:52 +1000] "GET /shop/includes/templates/theme228/images/center_tep_bottom.gif HTTP/1.1" 404 10899 "https://galaxybeads.com.au/shop/includes/templates/theme228/css/stylesheet_tm.css" "Mozilla/5.0 (X11; Linux x86_64) AppleWebKit/537.36 (KHTML, like Gecko) Chrome/147.0.7727.116 Safari/537.36"
72.14.199.165 - - [30/Apr/2026:16:11:54 +1000] "GET /shop/includes/templates/theme228/images/rbc.gif HTTP/1.1" 404 10882 "https://galaxybeads.com.au/shop/includes/templates/theme228/css/stylesheet_tm.css" "Mozilla/5.0 (X11; Linux x86_64) AppleWebKit/537.36 (KHTML, like Gecko) Chrome/147.0.7727.116 Safari/537.36"
178.73.82.124 - - [30/Apr/2026:16:11:56 +1000] "POST /xmlrpc.php HTTP/1.1" 200 447 "-" "WordPress.com; https://wordpress.com"
178.73.82.124 - - [30/Apr/2026:16:12:24 +1000] "POST /xmlrpc.php HTTP/1.1" 200 447 "-" "Jetpack by WordPress.com"
178.73.82.124 - - [30/Apr/2026:16:12:35 +1000] "POST /xmlrpc.php HTTP/1.1" 200 447 "-" "Jetpack by WordPress.com"
114.119.128.129 - - [30/Apr/2026:16:12:51 +1000] "GET /shop/index.php?main_page=login HTTP/1.1" 302 - "http://galaxybeads.com.au/shop/index.php?main_page=product_info&cPath=81&products_id=644" "Mozilla/5.0 (Linux; Android 7.0;) AppleWebKit/537.36 (HTML, like Gecko) Mobile Safari/537.36 (compatible; PetalBot;+https://webmaster.petalsearch.com/site/petalbot)"
114.119.128.129 - - [30/Apr/2026:16:12:52 +1000] "GET /shop/index.php?main_page=cookie_usage HTTP/1.1" 200 8972 "http://galaxybeads.com.au/shop/index.php?main_page=product_info&cPath=81&products_id=644" "Mozilla/5.0 (Linux; Android 7.0;) AppleWebKit/537.36 (HTML, like Gecko) Mobile Safari/537.36 (compatible; PetalBot;+https://webmaster.petalsearch.com/site/petalbot)"
187.7.172.172 - - [30/Apr/2026:16:12:54 +1000] "GET /shop/index.php?main_page=login HTTP/1.1" 200 17883 "-" "Mozilla/5.0 (Macintosh; Intel Mac OS X 10_15_7) AppleWebKit/537.36 (KHTML, like Gecko) Chrome/88.0.4324.192 Safari/537.36"
47.128.38.224 - - [30/Apr/2026:16:13:18 +1000] "GET /shop/includes/templates/theme228/css/style_imagehover.css HTTP/1.1" 200 282 "http://galaxybeads.com.au/" "Mozilla/5.0 (Linux; Android 5.0) AppleWebKit/537.36 (KHTML, like Gecko) Mobile Safari/537.36 (compatible; Bytespider; spider-feedback@bytedance.com)"
47.128.38.224 - - [30/Apr/2026:16:13:18 +1000] "GET /shop/includes/templates/theme228/css/stylesheet_fontawesome.css HTTP/1.1" 200 5801 "http://galaxybeads.com.au/" "Mozilla/5.0 (Linux; Android 5.0) AppleWebKit/537.36 (KHTML, like Gecko) Mobile Safari/537.36 (compatible; Bytespider; spider-feedback@bytedance.com)"
47.128.38.224 - - [30/Apr/2026:16:13:19 +1000] "GET /shop/includes/templates/theme228/css/stylesheet_overrides.css HTTP/1.1" 200 2013 "http://galaxybeads.com.au/" "Mozilla/5.0 (Linux; Android 5.0) AppleWebKit/537.36 (KHTML, like Gecko) Mobile Safari/537.36 (compatible; Bytespider; spider-feedback@bytedance.com)"
47.128.38.224 - - [30/Apr/2026:16:13:19 +1000] "GET /shop/includes/templates/theme228/buttons/english/button_in_cart.gif HTTP/1.1" 206 500 "http://galaxybeads.com.au/" "Mozilla/5.0 (Linux; Android 5.0) AppleWebKit/537.36 (KHTML, like Gecko) Mobile Safari/537.36 (compatible; Bytespider; spider-feedback@bytedance.com)"
47.128.38.224 - - [30/Apr/2026:16:13:19 +1000] "GET /shop/includes/templates/template_default/images/pixel_trans.gif HTTP/1.1" 206 43 "http://galaxybeads.com.au/" "Mozilla/5.0 (Linux; Android 5.0) AppleWebKit/537.36 (KHTML, like Gecko) Mobile Safari/537.36 (compatible; Bytespider; spider-feedback@bytedance.com)"
47.128.38.224 - - [30/Apr/2026:16:13:19 +1000] "GET /shop/includes/templates/theme228/images/3.png HTTP/1.1" 206 500 "http://galaxybeads.com.au/" "Mozilla/5.0 (Linux; Android 5.0) AppleWebKit/537.36 (KHTML, like Gecko) Mobile Safari/537.36 (compatible; Bytespider; spider-feedback@bytedance.com)"
178.73.82.124 - - [30/Apr/2026:16:13:17 +1000] "POST /xmlrpc.php HTTP/1.1" 200 447 "-" "Jetpack by WordPress.com"
178.73.82.124 - - [30/Apr/2026:16:13:27 +1000] "POST /xmlrpc.php HTTP/1.1" 200 447 "-" "WordPress.com; https://wordpress.com"
188.241.62.83 - - [30/Apr/2026:16:13:34 +1000] "GET /wp-login.php HTTP/1.1" 200 4711 "-" "Mozilla/5.0 (Windows NT 6.1; WOW64) AppleWebKit/537.36 (KHTML, like Gecko) Chrome/65.0.3325.146 Safari/537.36"
188.241.62.83 - - [30/Apr/2026:16:13:37 +1000] "POST /wp-login.php HTTP/1.1" 200 4711 "https://mail.galaxybeads.com.au/wp-login.php" "Mozilla/5.0 (Windows NT 6.1; WOW64) AppleWebKit/537.36 (KHTML, like Gecko) Chrome/65.0.3325.146 Safari/537.36"
178.73.82.124 - - [30/Apr/2026:16:13:37 +1000] "POST /xmlrpc.php HTTP/1.1" 200 447 "-" "WordPress.com; https://wordpress.com"
114.119.128.129 - - [30/Apr/2026:16:14:16 +1000] "GET /shop/index.php?main_page=login HTTP/1.1" 302 - "http://galaxybeads.com.au/shop/index.php?main_page=product_info&cPath=75_129&products_id=1152" "Mozilla/5.0 (Linux; Android 7.0;) AppleWebKit/537.36 (HTML, like Gecko) Mobile Safari/537.36 (compatible; PetalBot;+https://webmaster.petalsearch.com/site/petalbot)"
114.119.128.129 - - [30/Apr/2026:16:14:17 +1000] "GET /shop/index.php?main_page=cookie_usage HTTP/1.1" 200 9162 "http://galaxybeads.com.au/shop/index.php?main_page=product_info&cPath=75_129&products_id=1152" "Mozilla/5.0 (Linux; Android 7.0;) AppleWebKit/537.36 (HTML, like Gecko) Mobile Safari/537.36 (compatible; PetalBot;+https://webmaster.petalsearch.com/site/petalbot)"
129.121.76.191 - - [30/Apr/2026:16:15:05 +1000] "POST /xmlrpc.php HTTP/1.1" 200 248 "-" "Mozilla/5.0 (Windows NT 10.0) AppleWebKit/537.36 (KHTML, like Gecko) Chrome/58.0.3029.110 Safari/537.36 Edge/16.16299"
201.149.91.172 - - [30/Apr/2026:16:15:20 +1000] "POST /xmlrpc.php HTTP/1.1" 200 248 "-" "Mozilla/5.0 (Windows NT 6.2; Win64; x64) AppleWebKit/537.36 (KHTML, like Gecko) Chrome/58.0.3029.110 Safari/537.36 Edge/16.16299"
75.119.134.183 - - [30/Apr/2026:16:15:21 +1000] "GET /wp-login.php HTTP/1.1" 200 4712 "-" "Mozilla/5.0 (Windows NT 5.1; Win64; x64) AppleWebKit/537.36 (KHTML, like Gecko) Chrome/66.0.3359.117 Safari/537.36"
75.119.134.183 - - [30/Apr/2026:16:15:25 +1000] "POST /wp-login.php HTTP/1.1" 200 4712 "https://mail.galaxybeads.com.au/wp-login.php" "Mozilla/5.0 (Windows NT 5.1; Win64; x64) AppleWebKit/537.36 (KHTML, like Gecko) Chrome/66.0.3359.117 Safari/537.36"
72.167.150.128 - - [30/Apr/2026:16:15:23 +1000] "GET /wp-login.php HTTP/1.1" 200 4712 "-" "Mozilla/5.0 (Windows NT 6.1; WOW64) AppleWebKit/537.36 (KHTML, like Gecko) Chrome/66.0.3359.117 Safari/537.36"
72.167.150.128 - - [30/Apr/2026:16:15:26 +1000] "POST /wp-login.php HTTP/1.1" 200 4712 "https://galaxybeads.com.au/wp-login.php" "Mozilla/5.0 (Windows NT 6.1; WOW64) AppleWebKit/537.36 (KHTML, like Gecko) Chrome/66.0.3359.117 Safari/537.36"
136.243.15.105 - - [30/Apr/2026:16:15:29 +1000] "GET /wp-login.php HTTP/1.1" 200 4711 "-" "Mozilla/5.0 (Macintosh; Intel Mac OS X 10_13_5) AppleWebKit/537.36 (KHTML, like Gecko) Chrome/67.0.3396.87 Safari/537.36"
114.119.156.154 - - [30/Apr/2026:16:15:32 +1000] "GET /shop/index.php?main_page=login HTTP/1.1" 302 - "http://galaxybeads.com.au/shop/index.php?main_page=product_info&cPath=68_72&products_id=179" "Mozilla/5.0 (Linux; Android 7.0;) AppleWebKit/537.36 (HTML, like Gecko) Mobile Safari/537.36 (compatible; PetalBot;+https://webmaster.petalsearch.com/site/petalbot)"
136.243.15.105 - - [30/Apr/2026:16:15:32 +1000] "POST /wp-login.php HTTP/1.1" 200 4711 "https://galaxybeads.com.au/wp-login.php" "Mozilla/5.0 (Macintosh; Intel Mac OS X 10_13_5) AppleWebKit/537.36 (KHTML, like Gecko) Chrome/67.0.3396.87 Safari/537.36"
114.119.156.154 - - [30/Apr/2026:16:15:33 +1000] "GET /shop/index.php?main_page=cookie_usage HTTP/1.1" 200 9160 "http://galaxybeads.com.au/shop/index.php?main_page=product_info&cPath=68_72&products_id=179" "Mozilla/5.0 (Linux; Android 7.0;) AppleWebKit/537.36 (HTML, like Gecko) Mobile Safari/537.36 (compatible; PetalBot;+https://webmaster.petalsearch.com/site/petalbot)"
93.127.130.94 - - [30/Apr/2026:16:16:20 +1000] "POST /wp-login.php HTTP/1.1" 200 11779 "-" "Mozilla/5.0"
93.127.130.94 - - [30/Apr/2026:16:16:20 +1000] "POST /wp-login.php HTTP/1.1" 200 11779 "-" "Mozilla/5.0"
114.119.130.136 - - [30/Apr/2026:16:16:55 +1000] "GET /shop/index.php?main_page=login HTTP/1.1" 302 - "http://galaxybeads.com.au/shop/index.php?main_page=product_info&cPath=68_71&products_id=1233" "Mozilla/5.0 (Linux; Android 7.0;) AppleWebKit/537.36 (HTML, like Gecko) Mobile Safari/537.36 (compatible; PetalBot;+https://webmaster.petalsearch.com/site/petalbot)"
114.119.130.136 - - [30/Apr/2026:16:16:55 +1000] "GET /shop/index.php?main_page=cookie_usage HTTP/1.1" 200 9160 "http://galaxybeads.com.au/shop/index.php?main_page=product_info&cPath=68_71&products_id=1233" "Mozilla/5.0 (Linux; Android 7.0;) AppleWebKit/537.36 (HTML, like Gecko) Mobile Safari/537.36 (compatible; PetalBot;+https://webmaster.petalsearch.com/site/petalbot)"
178.73.82.124 - - [30/Apr/2026:16:17:35 +1000] "POST /xmlrpc.php HTTP/1.1" 200 447 "-" "Jetpack by WordPress.com"
50.6.229.148 - - [30/Apr/2026:16:17:40 +1000] "GET /wp-login.php HTTP/1.1" 200 4710 "-" "Mozilla/5.0 (Windows NT 6.1; WOW64) AppleWebKit/537.36 (KHTML, like Gecko) Chrome/65.0.3325.162 Safari/537.36"
153.92.16.147 - - [30/Apr/2026:16:17:41 +1000] "POST /xmlrpc.php HTTP/1.1" 200 248 "-" "Mozilla/5.0 (Windows NT 10.0; WOW64) AppleWebKit/537.36 (KHTML, like Gecko) Chrome/65.0.3325.181 Safari/537.36 OPR/52.0.2871.40"
50.6.229.148 - - [30/Apr/2026:16:17:44 +1000] "POST /wp-login.php HTTP/1.1" 200 4710 "https://mail.youronesite.com/wp-login.php" "Mozilla/5.0 (Windows NT 6.1; WOW64) AppleWebKit/537.36 (KHTML, like Gecko) Chrome/65.0.3325.162 Safari/537.36"
2405:3f00:a222:bbbb:bba1:60:ffff:ffff - - [30/Apr/2026:16:19:38 +1000] "POST /wp-cron.php?doing_wp_cron=1777529978.2265379428863525390625 HTTP/1.1" 200 - "-" "WordPress/6.9.4; https://galaxybeads.com.au"
213.180.203.148 - - [30/Apr/2026:16:19:33 +1000] "GET /robots.txt HTTP/1.1" 200 227 "-" "Mozilla/5.0 (compatible; YandexBot/3.0; +http://yandex.com/bots)"
95.108.213.83 - - [30/Apr/2026:16:19:39 +1000] "GET /shop/index.php?main_page=product_info&cPath=87_89&products_id=369 HTTP/1.1" 200 11594 "-" "Mozilla/5.0 (compatible; YandexBot/3.0; +http://yandex.com/bots)"
103.173.66.187 - - [30/Apr/2026:16:20:13 +1000] "GET /wp-login.php HTTP/1.1" 200 4712 "-" "Mozilla/5.0 (Macintosh; Intel Mac OS X 10_13_4) AppleWebKit/537.36 (KHTML, like Gecko) Chrome/67.0.3396.87 Safari/537.36"
103.173.66.187 - - [30/Apr/2026:16:20:18 +1000] "POST /wp-login.php HTTP/1.1" 200 4712 "https://mail.youronesite.com/wp-login.php" "Mozilla/5.0 (Macintosh; Intel Mac OS X 10_13_4) AppleWebKit/537.36 (KHTML, like Gecko) Chrome/67.0.3396.87 Safari/537.36"
91.227.37.60 - - [30/Apr/2026:16:22:52 +1000] "GET /wp-login.php HTTP/1.1" 200 4711 "-" "Mozilla/5.0 (Windows NT 6.1; Win64; x64) AppleWebKit/537.36 (KHTML, like Gecko) Chrome/64.0.3282.186 Safari/537.36 OPR/51.0.2830.55"
91.227.37.60 - - [30/Apr/2026:16:22:55 +1000] "POST /wp-login.php HTTP/1.1" 200 4711 "https://mail.galaxybeads.com.au/wp-login.php" "Mozilla/5.0 (Windows NT 6.1; Win64; x64) AppleWebKit/537.36 (KHTML, like Gecko) Chrome/64.0.3282.186 Safari/537.36 OPR/51.0.2830.55"
103.53.170.39 - - [30/Apr/2026:16:23:57 +1000] "GET /wp-login.php HTTP/1.1" 200 4711 "-" "Mozilla/5.0 (Windows NT 10.0; WOW64) AppleWebKit/537.36 (KHTML, like Gecko) Chrome/66.0.3359.170 Safari/537.36 OPR/53.0.2907.99"
103.53.170.39 - - [30/Apr/2026:16:24:02 +1000] "POST /wp-login.php HTTP/1.1" 200 4711 "https://galaxybeads.com.au/wp-login.php" "Mozilla/5.0 (Windows NT 10.0; WOW64) AppleWebKit/537.36 (KHTML, like Gecko) Chrome/66.0.3359.170 Safari/537.36 OPR/53.0.2907.99"
167.71.226.156 - - [30/Apr/2026:16:24:05 +1000] "POST /xmlrpc.php HTTP/1.1" 200 248 "-" "Mozilla/5.0 (Macintosh; Intel Mac OS X 10_11_6) AppleWebKit/537.36 (KHTML, like Gecko) Chrome/67.0.3396.62 Safari/537.36"
142.93.217.129 - - [30/Apr/2026:16:24:20 +1000] "GET /wp-login.php HTTP/1.1" 200 4712 "-" "Mozilla/5.0 (Windows NT 5.1; Win64; x64) AppleWebKit/537.36 (KHTML, like Gecko) Chrome/52.0.2743.116 Safari/537.36 Edge/15.15063"
142.93.217.129 - - [30/Apr/2026:16:24:23 +1000] "POST /wp-login.php HTTP/1.1" 200 4712 "https://mail.galaxybeads.com.au/wp-login.php" "Mozilla/5.0 (Windows NT 5.1; Win64; x64) AppleWebKit/537.36 (KHTML, like Gecko) Chrome/52.0.2743.116 Safari/537.36 Edge/15.15063"
2405:3f00:a222:bbbb:bba1:60:ffff:ffff - - [30/Apr/2026:16:24:26 +1000] "POST /wp-cron.php?doing_wp_cron=1777530266.6246960163116455078125 HTTP/1.1" 200 - "-" "WordPress/6.9.4; https://galaxybeads.com.au"
91.98.192.230 - - [30/Apr/2026:16:24:21 +1000] "POST /xmlrpc.php HTTP/1.1" 200 248 "-" "Mozilla/5.0 (Macintosh; Intel Mac OS X 10_13_1) AppleWebKit/537.36 (KHTML, like Gecko) Chrome/65.0.3325.181 Safari/537.36"
47.128.38.19 - - [30/Apr/2026:16:25:23 +1000] "GET /shop/includes/templates/theme228/css/stylesheet.css HTTP/1.1" 200 4411 "https://galaxybeads.com.au/shop/index.php?disp_order=1&main_page=products_all&page=9" "Mozilla/5.0 (Linux; Android 5.0) AppleWebKit/537.36 (KHTML, like Gecko) Mobile Safari/537.36 (compatible; Bytespider; spider-feedback@bytedance.com)"
47.128.38.19 - - [30/Apr/2026:16:25:15 +1000] "GET /shop/index.php?disp_order=1&main_page=products_all&page=9 HTTP/1.1" 200 31485 "-" "Mozilla/5.0 (Linux; Android 5.0) AppleWebKit/537.36 (KHTML, like Gecko) Mobile Safari/537.36 (compatible; Bytespider; spider-feedback@bytedance.com)"
47.128.38.19 - - [30/Apr/2026:16:25:24 +1000] "GET /shop/includes/templates/theme228/css/stylesheet_boxes.css HTTP/1.1" 200 5436 "https://galaxybeads.com.au/shop/index.php?disp_order=1&main_page=products_all&page=9" "Mozilla/5.0 (Linux; Android 5.0) AppleWebKit/537.36 (KHTML, like Gecko) Mobile Safari/537.36 (compatible; Bytespider; spider-feedback@bytedance.com)"
47.128.38.19 - - [30/Apr/2026:16:25:24 +1000] "GET /shop/bmz_cache/c/cc7b5f50d404a7c370cb999ebf9b1f7b.image.147x110.jpg HTTP/1.1" 206 500 "https://galaxybeads.com.au/shop/index.php?disp_order=1&main_page=products_all&page=9" "Mozilla/5.0 (Linux; Android 5.0) AppleWebKit/537.36 (KHTML, like Gecko) Mobile Safari/537.36 (compatible; Bytespider; spider-feedback@bytedance.com)"
47.128.38.19 - - [30/Apr/2026:16:25:26 +1000] "GET /shop/bmz_cache/f/fc97877782eb3eb54a371c3a757c4e64.image.147x109.jpg HTTP/1.1" 206 500 "https://galaxybeads.com.au/shop/index.php?disp_order=1&main_page=products_all&page=9" "Mozilla/5.0 (Linux; Android 5.0) AppleWebKit/537.36 (KHTML, like Gecko) Mobile Safari/537.36 (compatible; Bytespider; spider-feedback@bytedance.com)"
47.128.38.19 - - [30/Apr/2026:16:25:26 +1000] "GET /shop/bmz_cache/4/49c28ce0cd221c808dcc2445cfe8c8e3.image.147x109.jpg HTTP/1.1" 206 500 "https://galaxybeads.com.au/shop/index.php?disp_order=1&main_page=products_all&page=9" "Mozilla/5.0 (Linux; Android 5.0) AppleWebKit/537.36 (KHTML, like Gecko) Mobile Safari/537.36 (compatible; Bytespider; spider-feedback@bytedance.com)"
