1.127.19.184 - - [30/Apr/2026:13:07:15 +1000] "GET /shop/includes/templates/theme228/images/bg-topic-top-right.gif HTTP/1.1" 404 10902 "https://galaxybeads.com.au/shop/includes/templates/theme228/css/stylesheet_tm.css" "Mozilla/5.0 (Linux; Android 10; K) AppleWebKit/537.36 (KHTML, like Gecko) Chrome/147.0.0.0 Mobile Safari/537.36"
1.127.19.184 - - [30/Apr/2026:13:07:15 +1000] "GET /shop/includes/templates/theme228/images/bg-topic-top-left.gif HTTP/1.1" 404 10900 "https://galaxybeads.com.au/shop/includes/templates/theme228/css/stylesheet_tm.css" "Mozilla/5.0 (Linux; Android 10; K) AppleWebKit/537.36 (KHTML, like Gecko) Chrome/147.0.0.0 Mobile Safari/537.36"
1.127.19.184 - - [30/Apr/2026:13:07:16 +1000] "GET /shop/includes/templates/theme228/images/bg-topic-topx.gif HTTP/1.1" 404 10894 "https://galaxybeads.com.au/shop/includes/templates/theme228/css/stylesheet_tm.css" "Mozilla/5.0 (Linux; Android 10; K) AppleWebKit/537.36 (KHTML, like Gecko) Chrome/147.0.0.0 Mobile Safari/537.36"
1.127.19.184 - - [30/Apr/2026:13:07:16 +1000] "GET /shop/includes/templates/theme228/images/bg-bottom-left-1.gif HTTP/1.1" 404 10901 "https://galaxybeads.com.au/shop/includes/templates/theme228/css/stylesheet_tm.css" "Mozilla/5.0 (Linux; Android 10; K) AppleWebKit/537.36 (KHTML, like Gecko) Chrome/147.0.0.0 Mobile Safari/537.36"
1.127.19.184 - - [30/Apr/2026:13:07:17 +1000] "GET /shop/includes/templates/theme228/images/bg-topic-bottomx.gif HTTP/1.1" 404 10901 "https://galaxybeads.com.au/shop/includes/templates/theme228/css/stylesheet_tm.css" "Mozilla/5.0 (Linux; Android 10; K) AppleWebKit/537.36 (KHTML, like Gecko) Chrome/147.0.0.0 Mobile Safari/537.36"
1.127.19.184 - - [30/Apr/2026:13:07:17 +1000] "GET /shop/includes/templates/theme228/images/bg-bottom-right-1.gif HTTP/1.1" 404 10903 "https://galaxybeads.com.au/shop/includes/templates/theme228/css/stylesheet_tm.css" "Mozilla/5.0 (Linux; Android 10; K) AppleWebKit/537.36 (KHTML, like Gecko) Chrome/147.0.0.0 Mobile Safari/537.36"
1.127.19.184 - - [30/Apr/2026:13:07:22 +1000] "GET /shop/index.php?main_page=index&cPath=38 HTTP/1.1" 200 9749 "-" "Mozilla/5.0 (Linux; Android 10; K) AppleWebKit/537.36 (KHTML, like Gecko) Chrome/147.0.0.0 Mobile Safari/537.36"
1.127.19.184 - - [30/Apr/2026:13:07:23 +1000] "GET /shop/ HTTP/1.1" 200 14781 "https://galaxybeads.com.au/" "Mozilla/5.0 (Linux; Android 10; K) AppleWebKit/537.36 (KHTML, like Gecko) Chrome/147.0.0.0 Mobile Safari/537.36"
1.127.19.184 - - [30/Apr/2026:13:07:24 +1000] "GET /shop/images/banner1.jpg HTTP/1.1" 200 152751 "https://www.galaxybeads.com.au/" "Mozilla/5.0 (Linux; Android 10; K) AppleWebKit/537.36 (KHTML, like Gecko) Chrome/147.0.0.0 Mobile Safari/537.36"
1.127.19.184 - - [30/Apr/2026:13:07:25 +1000] "GET /shop/includes/templates/theme228/images/spacer.gif HTTP/1.1" 404 10885 "https://galaxybeads.com.au/shop/includes/templates/theme228/css/stylesheet_tm.css" "Mozilla/5.0 (Linux; Android 10; K) AppleWebKit/537.36 (KHTML, like Gecko) Chrome/147.0.0.0 Mobile Safari/537.36"
202.10.39.5 - - [30/Apr/2026:13:07:26 +1000] "POST /xmlrpc.php HTTP/1.1" 200 445 "-" "WordPress.com; https://wordpress.com"
202.10.39.5 - - [30/Apr/2026:13:07:36 +1000] "POST /xmlrpc.php HTTP/1.1" 200 445 "-" "WordPress.com; https://wordpress.com"
202.10.39.5 - - [30/Apr/2026:13:07:46 +1000] "POST /xmlrpc.php HTTP/1.1" 200 445 "-" "WordPress.com; https://wordpress.com"
202.10.39.5 - - [30/Apr/2026:13:07:57 +1000] "POST /xmlrpc.php HTTP/1.1" 200 445 "-" "Jetpack by WordPress.com"
2405:3f00:a222:bbbb:bba1:60:ffff:ffff - - [30/Apr/2026:13:08:09 +1000] "POST /wp-cron.php?doing_wp_cron=1777518489.1968989372253417968750 HTTP/1.1" 200 - "-" "WordPress/6.9.4; https://galaxybeads.com.au"
202.10.39.5 - - [30/Apr/2026:13:08:07 +1000] "POST /xmlrpc.php HTTP/1.1" 200 445 "-" "Jetpack by WordPress.com"
202.10.39.5 - - [30/Apr/2026:13:08:18 +1000] "POST /xmlrpc.php HTTP/1.1" 200 445 "-" "WordPress.com; https://wordpress.com"
202.10.39.5 - - [30/Apr/2026:13:08:28 +1000] "POST /xmlrpc.php HTTP/1.1" 200 445 "-" "WordPress.com; https://wordpress.com"
202.10.39.5 - - [30/Apr/2026:13:08:38 +1000] "POST /xmlrpc.php HTTP/1.1" 200 445 "-" "WordPress.com; https://wordpress.com"
202.10.39.5 - - [30/Apr/2026:13:08:49 +1000] "POST /xmlrpc.php HTTP/1.1" 200 445 "-" "Jetpack by WordPress.com (Jetpack 12.0; WordPress 6.4)"
47.128.38.154 - - [30/Apr/2026:13:08:58 +1000] "GET /shop/includes/templates/theme228/css/stylesheet_css_buttons.css HTTP/1.1" 200 831 "http://galaxybeads.com.au/" "Mozilla/5.0 (Linux; Android 5.0) AppleWebKit/537.36 (KHTML, like Gecko) Mobile Safari/537.36 (compatible; Bytespider; spider-feedback@bytedance.com)"
47.128.38.154 - - [30/Apr/2026:13:08:59 +1000] "GET /shop/includes/templates/theme228/css/stylesheet_tm.css HTTP/1.1" 200 4171 "http://galaxybeads.com.au/" "Mozilla/5.0 (Linux; Android 5.0) AppleWebKit/537.36 (KHTML, like Gecko) Mobile Safari/537.36 (compatible; Bytespider; spider-feedback@bytedance.com)"
202.10.39.5 - - [30/Apr/2026:13:08:59 +1000] "POST /xmlrpc.php HTTP/1.1" 200 445 "-" "Jetpack by WordPress.com"
167.172.79.172 - - [30/Apr/2026:13:09:00 +1000] "GET /wp-login.php HTTP/1.1" 200 4711 "-" "Mozilla/5.0 (Windows NT 6.3; Win64; x64) AppleWebKit/537.36 (KHTML, like Gecko) Chrome/52.0.2743.116 Safari/537.36 Edge/15.15063"
167.172.79.172 - - [30/Apr/2026:13:09:05 +1000] "POST /wp-login.php HTTP/1.1" 200 4711 "https://galaxybeads.com.au/wp-login.php" "Mozilla/5.0 (Windows NT 6.3; Win64; x64) AppleWebKit/537.36 (KHTML, like Gecko) Chrome/52.0.2743.116 Safari/537.36 Edge/15.15063"
202.10.39.5 - - [30/Apr/2026:13:09:09 +1000] "POST /xmlrpc.php HTTP/1.1" 200 445 "-" "Jetpack by WordPress.com (Jetpack 12.5; WordPress 6.1)"
202.10.39.5 - - [30/Apr/2026:13:09:20 +1000] "POST /xmlrpc.php HTTP/1.1" 200 445 "-" "Jetpack by WordPress.com (Jetpack 12.0; WordPress 6.1)"
2405:3f00:a222:bbbb:bba1:60:ffff:ffff - - [30/Apr/2026:13:09:33 +1000] "POST /wp-cron.php?doing_wp_cron=1777518573.1063199043273925781250 HTTP/1.1" 200 - "-" "WordPress/6.9.4; https://galaxybeads.com.au"
202.10.39.5 - - [30/Apr/2026:13:09:30 +1000] "POST /xmlrpc.php HTTP/1.1" 200 445 "-" "WordPress.com; https://wordpress.com"
202.10.39.5 - - [30/Apr/2026:13:09:41 +1000] "POST /xmlrpc.php HTTP/1.1" 200 445 "-" "Jetpack/13.0; WordPress/6.1; http://site51593958.com"
202.10.39.5 - - [30/Apr/2026:13:09:51 +1000] "POST /xmlrpc.php HTTP/1.1" 200 445 "-" "Jetpack by WordPress.com (Jetpack 13.0; WordPress 6.2)"
153.92.16.147 - - [30/Apr/2026:13:09:53 +1000] "POST /xmlrpc.php HTTP/1.1" 200 248 "-" "Mozilla/5.0 (Windows NT 6.3; WOW64) AppleWebKit/537.36 (KHTML, like Gecko) Chrome/67.0.3396.87 Safari/537.36"
202.10.39.5 - - [30/Apr/2026:13:10:02 +1000] "POST /xmlrpc.php HTTP/1.1" 200 445 "-" "WordPress.com; https://wordpress.com"
202.10.39.5 - - [30/Apr/2026:13:10:12 +1000] "POST /xmlrpc.php HTTP/1.1" 200 445 "-" "WordPress.com; https://wordpress.com"
202.10.39.5 - - [30/Apr/2026:13:10:22 +1000] "POST /xmlrpc.php HTTP/1.1" 200 445 "-" "Jetpack/13.0; WordPress/6.4; http://site44055082.com"
202.10.39.5 - - [30/Apr/2026:13:10:32 +1000] "POST /xmlrpc.php HTTP/1.1" 200 445 "-" "Jetpack/13.0; WordPress/6.2; http://site61620247.com"
202.10.39.5 - - [30/Apr/2026:13:10:43 +1000] "POST /xmlrpc.php HTTP/1.1" 200 445 "-" "Jetpack by WordPress.com (Jetpack 13.0; WordPress 6.1)"
202.10.39.5 - - [30/Apr/2026:13:10:53 +1000] "POST /xmlrpc.php HTTP/1.1" 200 445 "-" "Jetpack by WordPress.com (Jetpack 12.5; WordPress 6.1)"
4.211.173.68 - - [30/Apr/2026:13:10:55 +1000] "GET /function/function.php HTTP/1.1" 404 10852 "-" "Mozilla/5.0 (Windows NT 10.0; Win64; x64) AppleWebKit/537.36 (KHTML, like Gecko) Chrome/120.0.0.0 Safari/537.36"
4.211.173.68 - - [30/Apr/2026:13:10:59 +1000] "GET /functions.php HTTP/1.1" 404 10850 "-" "Mozilla/5.0 (Windows NT 10.0; Win64; x64) AppleWebKit/537.36 (KHTML, like Gecko) Chrome/120.0.0.0 Safari/537.36"
162.241.53.41 - - [30/Apr/2026:13:11:00 +1000] "GET /wp-login.php HTTP/1.1" 200 4710 "-" "Mozilla/5.0 (Windows NT 10.0; Win64; x64) AppleWebKit/537.36 (KHTML, like Gecko) Chrome/63.0.3239.132 Safari/537.36 OPR/50.0.2762.58"
162.241.53.41 - - [30/Apr/2026:13:11:02 +1000] "POST /wp-login.php HTTP/1.1" 200 4710 "https://mail.youronesite.com/wp-login.php" "Mozilla/5.0 (Windows NT 10.0; Win64; x64) AppleWebKit/537.36 (KHTML, like Gecko) Chrome/63.0.3239.132 Safari/537.36 OPR/50.0.2762.58"
4.211.173.68 - - [30/Apr/2026:13:11:01 +1000] "GET /goods.php HTTP/1.1" 404 10846 "-" "Mozilla/5.0 (Windows NT 10.0; Win64; x64) AppleWebKit/537.36 (KHTML, like Gecko) Chrome/120.0.0.0 Safari/537.36"
4.211.173.68 - - [30/Apr/2026:13:11:04 +1000] "GET /images/index.php HTTP/1.1" 301 - "-" "Mozilla/5.0 (Windows NT 10.0; Win64; x64) AppleWebKit/537.36 (KHTML, like Gecko) Chrome/120.0.0.0 Safari/537.36"
202.10.39.5 - - [30/Apr/2026:13:11:04 +1000] "POST /xmlrpc.php HTTP/1.1" 200 445 "-" "Jetpack/12.0; WordPress/6.3; http://site88067352.com"
4.211.173.68 - - [30/Apr/2026:13:11:06 +1000] "GET /index.php HTTP/1.1" 200 13387 "-" "Mozilla/5.0 (Windows NT 10.0; Win64; x64) AppleWebKit/537.36 (KHTML, like Gecko) Chrome/120.0.0.0 Safari/537.36"
4.211.173.68 - - [30/Apr/2026:13:11:08 +1000] "GET /index/function.php HTTP/1.1" 404 10854 "-" "Mozilla/5.0 (Windows NT 10.0; Win64; x64) AppleWebKit/537.36 (KHTML, like Gecko) Chrome/120.0.0.0 Safari/537.36"
4.211.173.68 - - [30/Apr/2026:13:11:10 +1000] "GET /install.php HTTP/1.1" 404 10848 "-" "Mozilla/5.0 (Windows NT 10.0; Win64; x64) AppleWebKit/537.36 (KHTML, like Gecko) Chrome/120.0.0.0 Safari/537.36"
4.211.173.68 - - [30/Apr/2026:13:11:13 +1000] "GET /ioxi-o.php HTTP/1.1" 404 10848 "-" "Mozilla/5.0 (Windows NT 10.0; Win64; x64) AppleWebKit/537.36 (KHTML, like Gecko) Chrome/120.0.0.0 Safari/537.36"
202.10.39.5 - - [30/Apr/2026:13:11:15 +1000] "POST /xmlrpc.php HTTP/1.1" 200 445 "-" "Jetpack/13.0; WordPress/6.4; http://site43277283.com"
4.211.173.68 - - [30/Apr/2026:13:11:16 +1000] "GET /k.php HTTP/1.1" 404 10839 "-" "Mozilla/5.0 (Windows NT 10.0; Win64; x64) AppleWebKit/537.36 (KHTML, like Gecko) Chrome/120.0.0.0 Safari/537.36"
4.211.173.68 - - [30/Apr/2026:13:11:21 +1000] "GET /lock360.php HTTP/1.1" 404 10850 "-" "Mozilla/5.0 (Windows NT 10.0; Win64; x64) AppleWebKit/537.36 (KHTML, like Gecko) Chrome/120.0.0.0 Safari/537.36"
202.10.39.5 - - [30/Apr/2026:13:11:24 +1000] "POST /xmlrpc.php HTTP/1.1" 200 445 "-" "WordPress.com; https://wordpress.com"
4.211.173.68 - - [30/Apr/2026:13:11:24 +1000] "GET /meta.php HTTP/1.1" 404 10844 "-" "Mozilla/5.0 (Windows NT 10.0; Win64; x64) AppleWebKit/537.36 (KHTML, like Gecko) Chrome/120.0.0.0 Safari/537.36"
4.211.173.68 - - [30/Apr/2026:13:11:28 +1000] "GET /new.php HTTP/1.1" 404 10843 "-" "Mozilla/5.0 (Windows NT 10.0; Win64; x64) AppleWebKit/537.36 (KHTML, like Gecko) Chrome/120.0.0.0 Safari/537.36"
4.211.173.68 - - [30/Apr/2026:13:11:31 +1000] "GET /packed.php HTTP/1.1" 404 10846 "-" "Mozilla/5.0 (Windows NT 10.0; Win64; x64) AppleWebKit/537.36 (KHTML, like Gecko) Chrome/120.0.0.0 Safari/537.36"
4.211.173.68 - - [30/Apr/2026:13:11:34 +1000] "GET /randkeyword.php7 HTTP/1.1" 404 10856 "-" "Mozilla/5.0 (Windows NT 10.0; Win64; x64) AppleWebKit/537.36 (KHTML, like Gecko) Chrome/120.0.0.0 Safari/537.36"
202.10.39.5 - - [30/Apr/2026:13:11:35 +1000] "POST /xmlrpc.php HTTP/1.1" 200 445 "-" "Jetpack/12.1; WordPress/6.1; http://site93689357.com"
4.211.173.68 - - [30/Apr/2026:13:11:36 +1000] "GET /root.php HTTP/1.1" 404 10844 "-" "Mozilla/5.0 (Windows NT 10.0; Win64; x64) AppleWebKit/537.36 (KHTML, like Gecko) Chrome/120.0.0.0 Safari/537.36"
4.211.173.68 - - [30/Apr/2026:13:11:40 +1000] "GET /system.php HTTP/1.1" 404 10848 "-" "Mozilla/5.0 (Windows NT 10.0; Win64; x64) AppleWebKit/537.36 (KHTML, like Gecko) Chrome/120.0.0.0 Safari/537.36"
4.211.173.68 - - [30/Apr/2026:13:11:43 +1000] "GET /system_log.php HTTP/1.1" 404 10854 "-" "Mozilla/5.0 (Windows NT 10.0; Win64; x64) AppleWebKit/537.36 (KHTML, like Gecko) Chrome/120.0.0.0 Safari/537.36"
202.10.39.5 - - [30/Apr/2026:13:11:45 +1000] "POST /xmlrpc.php HTTP/1.1" 200 445 "-" "Jetpack/12.5; WordPress/6.4; http://site75623794.com"
4.211.173.68 - - [30/Apr/2026:13:11:46 +1000] "GET /theme.php HTTP/1.1" 404 10846 "-" "Mozilla/5.0 (Windows NT 10.0; Win64; x64) AppleWebKit/537.36 (KHTML, like Gecko) Chrome/120.0.0.0 Safari/537.36"
4.211.173.68 - - [30/Apr/2026:13:11:49 +1000] "GET /updates.php HTTP/1.1" 404 10847 "-" "Mozilla/5.0 (Windows NT 10.0; Win64; x64) AppleWebKit/537.36 (KHTML, like Gecko) Chrome/120.0.0.0 Safari/537.36"
4.211.173.68 - - [30/Apr/2026:13:11:52 +1000] "GET /wp-admin.php HTTP/1.1" 404 10849 "-" "Mozilla/5.0 (Windows NT 10.0; Win64; x64) AppleWebKit/537.36 (KHTML, like Gecko) Chrome/120.0.0.0 Safari/537.36"
4.211.173.68 - - [30/Apr/2026:13:11:55 +1000] "GET /wp-admin/css/colors/ectoplasm/ HTTP/1.1" 200 445 "-" "Mozilla/5.0 (Windows NT 10.0; Win64; x64) AppleWebKit/537.36 (KHTML, like Gecko) Chrome/120.0.0.0 Safari/537.36"
4.211.173.68 - - [30/Apr/2026:13:11:55 +1000] "GET /wp-includes/fonts/ HTTP/1.1" 200 577 "-" "Mozilla/5.0 (Windows NT 10.0; Win64; x64) AppleWebKit/537.36 (KHTML, like Gecko) Chrome/120.0.0.0 Safari/537.36"
4.211.173.68 - - [30/Apr/2026:13:11:55 +1000] "GET /wp-index.php HTTP/1.1" 404 10847 "-" "Mozilla/5.0 (Windows NT 10.0; Win64; x64) AppleWebKit/537.36 (KHTML, like Gecko) Chrome/120.0.0.0 Safari/537.36"
202.10.39.5 - - [30/Apr/2026:13:11:55 +1000] "POST /xmlrpc.php HTTP/1.1" 200 445 "-" "WordPress.com; https://wordpress.com"
4.211.173.68 - - [30/Apr/2026:13:11:59 +1000] "GET /wp.php HTTP/1.1" 404 10839 "-" "Mozilla/5.0 (Windows NT 10.0; Win64; x64) AppleWebKit/537.36 (KHTML, like Gecko) Chrome/120.0.0.0 Safari/537.36"
4.211.173.68 - - [30/Apr/2026:13:12:02 +1000] "GET /wso.php HTTP/1.1" 404 10842 "-" "Mozilla/5.0 (Windows NT 10.0; Win64; x64) AppleWebKit/537.36 (KHTML, like Gecko) Chrome/120.0.0.0 Safari/537.36"
202.10.39.5 - - [30/Apr/2026:13:12:06 +1000] "POST /xmlrpc.php HTTP/1.1" 200 445 "-" "Jetpack by WordPress.com"
202.10.39.5 - - [30/Apr/2026:13:12:16 +1000] "POST /xmlrpc.php HTTP/1.1" 200 445 "-" "Jetpack/12.0; WordPress/6.1; http://site90520026.com"
202.10.39.5 - - [30/Apr/2026:13:12:27 +1000] "POST /xmlrpc.php HTTP/1.1" 200 445 "-" "Jetpack by WordPress.com"
208.109.188.137 - - [30/Apr/2026:13:12:35 +1000] "GET /wp-login.php HTTP/1.1" 200 4712 "-" "Mozilla/5.0 (X11; CrOS x86_64 10452.85.0) AppleWebKit/537.36 (KHTML, like Gecko) Chrome/66.0.3359.158 Safari/537.36"
202.10.39.5 - - [30/Apr/2026:13:12:37 +1000] "POST /xmlrpc.php HTTP/1.1" 200 445 "-" "Jetpack/13.0; WordPress/6.2; http://site46645978.com"
208.109.188.137 - - [30/Apr/2026:13:12:38 +1000] "POST /wp-login.php HTTP/1.1" 200 4712 "https://mail.galaxybeads.com.au/wp-login.php" "Mozilla/5.0 (X11; CrOS x86_64 10452.85.0) AppleWebKit/537.36 (KHTML, like Gecko) Chrome/66.0.3359.158 Safari/537.36"
202.10.39.5 - - [30/Apr/2026:13:12:47 +1000] "POST /xmlrpc.php HTTP/1.1" 200 445 "-" "WordPress.com; https://wordpress.com"
202.10.39.5 - - [30/Apr/2026:13:12:58 +1000] "POST /xmlrpc.php HTTP/1.1" 200 445 "-" "Jetpack/12.5; WordPress/6.3; http://site60683251.com"
47.128.38.193 - - [30/Apr/2026:13:12:59 +1000] "GET /shop/index.php?disp_order=1&main_page=products_all&page=45 HTTP/1.1" 200 31273 "-" "Mozilla/5.0 (Linux; Android 5.0) AppleWebKit/537.36 (KHTML, like Gecko) Mobile Safari/537.36 (compatible; Bytespider; spider-feedback@bytedance.com)"
47.128.38.193 - - [30/Apr/2026:13:13:01 +1000] "GET /shop/includes/templates/theme228/css/stylesheet_boxes.css HTTP/1.1" 200 5436 "https://galaxybeads.com.au/shop/index.php?disp_order=1&main_page=products_all&page=45" "Mozilla/5.0 (Linux; Android 5.0) AppleWebKit/537.36 (KHTML, like Gecko) Mobile Safari/537.36 (compatible; Bytespider; spider-feedback@bytedance.com)"
47.128.38.193 - - [30/Apr/2026:13:13:02 +1000] "GET /shop/includes/templates/theme228/css/stylesheet_main.css HTTP/1.1" 200 5260 "https://galaxybeads.com.au/shop/index.php?disp_order=1&main_page=products_all&page=45" "Mozilla/5.0 (Linux; Android 5.0) AppleWebKit/537.36 (KHTML, like Gecko) Mobile Safari/537.36 (compatible; Bytespider; spider-feedback@bytedance.com)"
47.128.38.193 - - [30/Apr/2026:13:13:04 +1000] "GET /shop/bmz_cache/5/5c6f7b854f8c5c2f070a53f7cf36edef.image.147x121.JPG HTTP/1.1" 206 500 "https://galaxybeads.com.au/shop/index.php?disp_order=1&main_page=products_all&page=45" "Mozilla/5.0 (Linux; Android 5.0) AppleWebKit/537.36 (KHTML, like Gecko) Mobile Safari/537.36 (compatible; Bytespider; spider-feedback@bytedance.com)"
47.128.38.193 - - [30/Apr/2026:13:13:04 +1000] "GET /shop/bmz_cache/9/9aa2cbd26c2e6dd0c5bb9b8093454291.image.147x110.jpg HTTP/1.1" 206 500 "https://galaxybeads.com.au/shop/index.php?disp_order=1&main_page=products_all&page=45" "Mozilla/5.0 (Linux; Android 5.0) AppleWebKit/537.36 (KHTML, like Gecko) Mobile Safari/537.36 (compatible; Bytespider; spider-feedback@bytedance.com)"
47.128.38.193 - - [30/Apr/2026:13:13:07 +1000] "GET /shop/bmz_cache/6/6a40f86b0b78db0680a86df84f1461e1.image.147x113.jpg HTTP/1.1" 206 500 "https://galaxybeads.com.au/shop/index.php?disp_order=1&main_page=products_all&page=45" "Mozilla/5.0 (Linux; Android 5.0) AppleWebKit/537.36 (KHTML, like Gecko) Mobile Safari/537.36 (compatible; Bytespider; spider-feedback@bytedance.com)"
47.128.38.193 - - [30/Apr/2026:13:13:07 +1000] "GET /shop/bmz_cache/d/dd472725b95f1a890b4ff644d2c6762d.image.147x110.jpg HTTP/1.1" 206 500 "https://galaxybeads.com.au/shop/index.php?disp_order=1&main_page=products_all&page=45" "Mozilla/5.0 (Linux; Android 5.0) AppleWebKit/537.36 (KHTML, like Gecko) Mobile Safari/537.36 (compatible; Bytespider; spider-feedback@bytedance.com)"
47.128.38.193 - - [30/Apr/2026:13:13:07 +1000] "GET /shop/bmz_cache/8/8fada9cdd188eb40f10af6024f7d275c.image.147x110.jpg HTTP/1.1" 206 500 "https://galaxybeads.com.au/shop/index.php?disp_order=1&main_page=products_all&page=45" "Mozilla/5.0 (Linux; Android 5.0) AppleWebKit/537.36 (KHTML, like Gecko) Mobile Safari/537.36 (compatible; Bytespider; spider-feedback@bytedance.com)"
47.128.38.193 - - [30/Apr/2026:13:13:07 +1000] "GET /shop/bmz_cache/0/0bb570a91fb5208b0b40bbe0cd9a583e.image.147x116.jpg HTTP/1.1" 206 500 "https://galaxybeads.com.au/shop/index.php?disp_order=1&main_page=products_all&page=45" "Mozilla/5.0 (Linux; Android 5.0) AppleWebKit/537.36 (KHTML, like Gecko) Mobile Safari/537.36 (compatible; Bytespider; spider-feedback@bytedance.com)"
47.128.38.193 - - [30/Apr/2026:13:13:07 +1000] "GET /shop/bmz_cache/4/41752db740a5e7f0931c2fea9c02ea6a.image.147x110.jpg HTTP/1.1" 206 500 "https://galaxybeads.com.au/shop/index.php?disp_order=1&main_page=products_all&page=45" "Mozilla/5.0 (Linux; Android 5.0) AppleWebKit/537.36 (KHTML, like Gecko) Mobile Safari/537.36 (compatible; Bytespider; spider-feedback@bytedance.com)"
47.128.38.193 - - [30/Apr/2026:13:13:07 +1000] "GET /shop/bmz_cache/b/b1eecefc9c3d29b871c8c4e28f8c4731.image.147x125.gif HTTP/1.1" 206 500 "https://galaxybeads.com.au/shop/index.php?disp_order=1&main_page=products_all&page=45" "Mozilla/5.0 (Linux; Android 5.0) AppleWebKit/537.36 (KHTML, like Gecko) Mobile Safari/537.36 (compatible; Bytespider; spider-feedback@bytedance.com)"
47.128.38.193 - - [30/Apr/2026:13:13:07 +1000] "GET /shop/bmz_cache/3/309c0d23d16251e58b04fe89e3bcd94f.image.147x109.jpg HTTP/1.1" 206 500 "https://galaxybeads.com.au/shop/index.php?disp_order=1&main_page=products_all&page=45" "Mozilla/5.0 (Linux; Android 5.0) AppleWebKit/537.36 (KHTML, like Gecko) Mobile Safari/537.36 (compatible; Bytespider; spider-feedback@bytedance.com)"
47.128.38.193 - - [30/Apr/2026:13:13:07 +1000] "GET /shop/bmz_cache/5/5e1dfaec3a9266e08ad6acd139cbfc71.image.147x92.jpg HTTP/1.1" 206 500 "https://galaxybeads.com.au/shop/index.php?disp_order=1&main_page=products_all&page=45" "Mozilla/5.0 (Linux; Android 5.0) AppleWebKit/537.36 (KHTML, like Gecko) Mobile Safari/537.36 (compatible; Bytespider; spider-feedback@bytedance.com)"
47.128.38.193 - - [30/Apr/2026:13:13:08 +1000] "GET /shop/bmz_cache/d/dabf5fbeb07cacea94e2e746bd924480.image.147x147.jpg HTTP/1.1" 206 500 "https://galaxybeads.com.au/shop/index.php?disp_order=1&main_page=products_all&page=45" "Mozilla/5.0 (Linux; Android 5.0) AppleWebKit/537.36 (KHTML, like Gecko) Mobile Safari/537.36 (compatible; Bytespider; spider-feedback@bytedance.com)"
47.128.38.193 - - [30/Apr/2026:13:13:08 +1000] "GET /shop/bmz_cache/2/23f7cb2373c8a3d4108e77069df90185.image.147x138.jpg HTTP/1.1" 206 500 "https://galaxybeads.com.au/shop/index.php?disp_order=1&main_page=products_all&page=45" "Mozilla/5.0 (Linux; Android 5.0) AppleWebKit/537.36 (KHTML, like Gecko) Mobile Safari/537.36 (compatible; Bytespider; spider-feedback@bytedance.com)"
47.128.38.193 - - [30/Apr/2026:13:13:08 +1000] "GET /shop/includes/templates/theme228/buttons/english/button_sold_out_sm.gif HTTP/1.1" 206 500 "https://galaxybeads.com.au/shop/index.php?disp_order=1&main_page=products_all&page=45" "Mozilla/5.0 (Linux; Android 5.0) AppleWebKit/537.36 (KHTML, like Gecko) Mobile Safari/537.36 (compatible; Bytespider; spider-feedback@bytedance.com)"
47.128.38.193 - - [30/Apr/2026:13:13:09 +1000] "GET /shop/bmz_cache/3/30cfa1873fe1bf7208506deba49487c3.image.147x147.jpg HTTP/1.1" 206 500 "https://galaxybeads.com.au/shop/index.php?disp_order=1&main_page=products_all&page=45" "Mozilla/5.0 (Linux; Android 5.0) AppleWebKit/537.36 (KHTML, like Gecko) Mobile Safari/537.36 (compatible; Bytespider; spider-feedback@bytedance.com)"
47.128.38.193 - - [30/Apr/2026:13:13:09 +1000] "GET /shop/bmz_cache/7/7c86216b71da5299129ef1a796337dd0.image.147x147.jpg HTTP/1.1" 206 500 "https://galaxybeads.com.au/shop/index.php?disp_order=1&main_page=products_all&page=45" "Mozilla/5.0 (Linux; Android 5.0) AppleWebKit/537.36 (KHTML, like Gecko) Mobile Safari/537.36 (compatible; Bytespider; spider-feedback@bytedance.com)"
47.128.38.193 - - [30/Apr/2026:13:13:09 +1000] "GET /shop/bmz_cache/f/fcd90282d91a68df58832a8676bb326d.image.147x147.jpg HTTP/1.1" 206 500 "https://galaxybeads.com.au/shop/index.php?disp_order=1&main_page=products_all&page=45" "Mozilla/5.0 (Linux; Android 5.0) AppleWebKit/537.36 (KHTML, like Gecko) Mobile Safari/537.36 (compatible; Bytespider; spider-feedback@bytedance.com)"
47.128.38.193 - - [30/Apr/2026:13:13:09 +1000] "GET /shop/bmz_cache/0/07bbe0bd384a7b33224be4e0716dd98b.image.147x147.jpg HTTP/1.1" 206 500 "https://galaxybeads.com.au/shop/index.php?disp_order=1&main_page=products_all&page=45" "Mozilla/5.0 (Linux; Android 5.0) AppleWebKit/537.36 (KHTML, like Gecko) Mobile Safari/537.36 (compatible; Bytespider; spider-feedback@bytedance.com)"
2405:3f00:a222:bbbb:bba1:60:ffff:ffff - - [30/Apr/2026:13:13:10 +1000] "POST /wp-cron.php?doing_wp_cron=1777518790.8968238830566406250000 HTTP/1.1" 200 - "-" "WordPress/6.9.4; https://galaxybeads.com.au"
202.10.39.5 - - [30/Apr/2026:13:13:08 +1000] "POST /xmlrpc.php HTTP/1.1" 200 445 "-" "WordPress.com; https://wordpress.com"
47.128.38.193 - - [30/Apr/2026:13:13:11 +1000] "GET /shop/bmz_cache/d/d26931c12e065b1784dee2373adc8a75.image.147x115.jpg HTTP/1.1" 206 500 "https://galaxybeads.com.au/shop/index.php?disp_order=1&main_page=products_all&page=45" "Mozilla/5.0 (Linux; Android 5.0) AppleWebKit/537.36 (KHTML, like Gecko) Mobile Safari/537.36 (compatible; Bytespider; spider-feedback@bytedance.com)"
47.128.38.193 - - [30/Apr/2026:13:13:11 +1000] "GET /shop/bmz_cache/c/c06af8e0d6fa53588b49f9db20221100.image.147x147.jpg HTTP/1.1" 206 500 "https://galaxybeads.com.au/shop/index.php?disp_order=1&main_page=products_all&page=45" "Mozilla/5.0 (Linux; Android 5.0) AppleWebKit/537.36 (KHTML, like Gecko) Mobile Safari/537.36 (compatible; Bytespider; spider-feedback@bytedance.com)"
202.10.39.5 - - [30/Apr/2026:13:13:18 +1000] "POST /xmlrpc.php HTTP/1.1" 200 445 "-" "WordPress.com; https://wordpress.com"
45.132.115.144 - - [30/Apr/2026:13:13:23 +1000] "POST /wp-login.php HTTP/1.1" 401 3404 "-" "Mozilla/5.0"
45.132.115.149 - - [30/Apr/2026:13:13:23 +1000] "POST /wp-login.php HTTP/1.1" 401 3404 "-" "Mozilla/5.0"
202.10.39.5 - - [30/Apr/2026:13:13:29 +1000] "POST /xmlrpc.php HTTP/1.1" 200 445 "-" "Jetpack by WordPress.com (Jetpack 12.1; WordPress 6.2)"
202.10.39.5 - - [30/Apr/2026:13:13:39 +1000] "POST /xmlrpc.php HTTP/1.1" 200 445 "-" "WordPress.com; https://wordpress.com"
202.10.39.5 - - [30/Apr/2026:13:13:50 +1000] "POST /xmlrpc.php HTTP/1.1" 200 445 "-" "Jetpack/13.0; WordPress/6.4; http://site45973376.com"
202.10.39.5 - - [30/Apr/2026:13:14:00 +1000] "POST /xmlrpc.php HTTP/1.1" 200 445 "-" "Jetpack by WordPress.com (Jetpack 12.0; WordPress 6.3)"
202.10.39.5 - - [30/Apr/2026:13:14:10 +1000] "POST /xmlrpc.php HTTP/1.1" 200 445 "-" "Jetpack by WordPress.com (Jetpack 12.5; WordPress 6.2)"
49.13.78.50 - - [30/Apr/2026:13:14:08 +1000] "POST /xmlrpc.php HTTP/1.1" 200 246 "-" "Mozilla/5.0 (Windows NT 6.1) AppleWebKit/537.36 (KHTML, like Gecko) Chrome/67.0.3396.62 Safari/537.36"
202.10.39.5 - - [30/Apr/2026:13:14:21 +1000] "POST /xmlrpc.php HTTP/1.1" 200 445 "-" "Jetpack by WordPress.com (Jetpack 13.0; WordPress 6.2)"
2405:3f00:a222:bbbb:bba1:60:ffff:ffff - - [30/Apr/2026:13:14:28 +1000] "POST /wp-cron.php?doing_wp_cron=1777518868.4613080024719238281250 HTTP/1.1" 200 - "-" "WordPress/6.9.4; https://galaxybeads.com.au"
50.6.7.129 - - [30/Apr/2026:13:14:25 +1000] "POST /xmlrpc.php HTTP/1.1" 200 245 "-" "Mozilla/5.0 (Windows NT 10.0) AppleWebKit/537.36 (KHTML, like Gecko) Chrome/66.0.3359.139 Safari/537.36"
202.10.39.5 - - [30/Apr/2026:13:14:31 +1000] "POST /xmlrpc.php HTTP/1.1" 200 445 "-" "Jetpack by WordPress.com"
206.189.39.144 - - [30/Apr/2026:13:14:29 +1000] "GET /wp-login.php HTTP/1.1" 200 4712 "-" "Mozilla/5.0 (X11; Datanyze; Linux x86_64) AppleWebKit/537.36 (KHTML, like Gecko) Chrome/65.0.3325.181 Safari/537.36"
206.189.39.144 - - [30/Apr/2026:13:14:33 +1000] "POST /wp-login.php HTTP/1.1" 200 4712 "https://galaxybeads.com.au/wp-login.php" "Mozilla/5.0 (X11; Datanyze; Linux x86_64) AppleWebKit/537.36 (KHTML, like Gecko) Chrome/65.0.3325.181 Safari/537.36"
95.217.64.115 - - [30/Apr/2026:13:14:35 +1000] "GET /wp-login.php HTTP/1.1" 200 4712 "-" "Mozilla/5.0 (Windows NT 10.0; Win64; x64) AppleWebKit/537.36 (KHTML, like Gecko) Chrome/66.0.3359.117 Safari/537.36"
95.217.64.115 - - [30/Apr/2026:13:14:39 +1000] "POST /wp-login.php HTTP/1.1" 200 4712 "https://mail.galaxybeads.com.au/wp-login.php" "Mozilla/5.0 (Windows NT 10.0; Win64; x64) AppleWebKit/537.36 (KHTML, like Gecko) Chrome/66.0.3359.117 Safari/537.36"
202.10.39.5 - - [30/Apr/2026:13:14:41 +1000] "POST /xmlrpc.php HTTP/1.1" 200 445 "-" "Jetpack by WordPress.com"
202.10.39.5 - - [30/Apr/2026:13:14:56 +1000] "POST /xmlrpc.php HTTP/1.1" 200 445 "-" "Jetpack/12.0; WordPress/6.2; http://site99662404.com"
202.10.39.5 - - [30/Apr/2026:13:15:02 +1000] "POST /xmlrpc.php HTTP/1.1" 200 445 "-" "Jetpack/12.5; WordPress/6.3; http://site75731833.com"
202.10.39.5 - - [30/Apr/2026:13:15:13 +1000] "POST /xmlrpc.php HTTP/1.1" 200 445 "-" "Jetpack by WordPress.com"
18.214.27.45 - - [30/Apr/2026:13:15:18 +1000] "GET /wp-login.php HTTP/1.1" 200 4711 "-" "Mozilla/5.0 (Macintosh; Intel Mac OS X 10_12_6) AppleWebKit/537.36 (KHTML, like Gecko) Chrome/67.0.3396.87 Safari/537.36"
45.12.3.135 - - [30/Apr/2026:13:15:20 +1000] "GET /images/images/cache.php HTTP/1.1" 404 10851 "-" "Mozilla/5.0 (Windows NT 10.0; Win64; x64; rv:81.0) Gecko/20100101 Firefox/81.0"
18.214.27.45 - - [30/Apr/2026:13:15:21 +1000] "POST /wp-login.php HTTP/1.1" 200 4711 "https://mail.youronesite.com/wp-login.php" "Mozilla/5.0 (Macintosh; Intel Mac OS X 10_12_6) AppleWebKit/537.36 (KHTML, like Gecko) Chrome/67.0.3396.87 Safari/537.36"
202.10.39.5 - - [30/Apr/2026:13:15:23 +1000] "POST /xmlrpc.php HTTP/1.1" 200 445 "-" "WordPress.com; https://wordpress.com"
202.10.39.5 - - [30/Apr/2026:13:15:33 +1000] "POST /xmlrpc.php HTTP/1.1" 200 445 "-" "WordPress.com; https://wordpress.com"
14.181.150.207 - - [30/Apr/2026:13:15:37 +1000] "GET / HTTP/1.1" 200 13378 "-" "Mozilla/5.0 (Macintosh; Intel Mac OS X 10_13_6) AppleWebKit/537.36 (KHTML, like Gecko) Chrome/99.0.3538.77 Safari/537.36"
202.10.39.5 - - [30/Apr/2026:13:15:44 +1000] "POST /xmlrpc.php HTTP/1.1" 200 445 "-" "WordPress.com; https://wordpress.com"
202.10.39.5 - - [30/Apr/2026:13:15:55 +1000] "POST /xmlrpc.php HTTP/1.1" 200 445 "-" "WordPress.com; https://wordpress.com"
202.10.39.5 - - [30/Apr/2026:13:16:04 +1000] "POST /xmlrpc.php HTTP/1.1" 200 445 "-" "WordPress.com; https://wordpress.com"
202.10.39.5 - - [30/Apr/2026:13:16:15 +1000] "POST /xmlrpc.php HTTP/1.1" 200 445 "-" "Jetpack/12.0; WordPress/6.4; http://site85286659.com"
202.10.39.5 - - [30/Apr/2026:13:16:25 +1000] "POST /xmlrpc.php HTTP/1.1" 200 445 "-" "Jetpack/12.0; WordPress/6.3; http://site28696689.com"
202.10.39.5 - - [30/Apr/2026:13:16:36 +1000] "POST /xmlrpc.php HTTP/1.1" 200 445 "-" "Jetpack by WordPress.com (Jetpack 12.5; WordPress 6.1)"
202.10.39.5 - - [30/Apr/2026:13:16:46 +1000] "POST /xmlrpc.php HTTP/1.1" 200 445 "-" "Jetpack by WordPress.com (Jetpack 12.1; WordPress 6.4)"
202.10.39.5 - - [30/Apr/2026:13:16:56 +1000] "POST /xmlrpc.php HTTP/1.1" 200 445 "-" "Jetpack by WordPress.com (Jetpack 13.0; WordPress 6.1)"
202.10.39.5 - - [30/Apr/2026:13:17:07 +1000] "POST /xmlrpc.php HTTP/1.1" 200 445 "-" "WordPress.com; https://wordpress.com"
202.10.39.5 - - [30/Apr/2026:13:17:17 +1000] "POST /xmlrpc.php HTTP/1.1" 200 445 "-" "Jetpack by WordPress.com"
47.128.38.195 - - [30/Apr/2026:13:17:21 +1000] "GET /shop/index.php?main_page=login HTTP/1.1" 302 - "-" "Mozilla/5.0 (Linux; Android 5.0) AppleWebKit/537.36 (KHTML, like Gecko) Mobile Safari/537.36 (compatible; Bytespider; spider-feedback@bytedance.com)"
47.128.38.195 - - [30/Apr/2026:13:17:25 +1000] "GET /shop/index.php?main_page=cookie_usage HTTP/1.1" 200 8950 "-" "Mozilla/5.0 (Linux; Android 5.0) AppleWebKit/537.36 (KHTML, like Gecko) Mobile Safari/537.36 (compatible; Bytespider; spider-feedback@bytedance.com)"
95.217.64.115 - - [30/Apr/2026:13:17:26 +1000] "GET /wp-login.php HTTP/1.1" 200 4712 "-" "Mozilla/5.0 (Macintosh; Intel Mac OS X 10_12_6) AppleWebKit/537.36 (KHTML, like Gecko) Chrome/65.0.3325.146 Safari/537.36"
95.217.64.115 - - [30/Apr/2026:13:17:27 +1000] "POST /wp-login.php HTTP/1.1" 200 4712 "https://galaxybeads.com.au/wp-login.php" "Mozilla/5.0 (Macintosh; Intel Mac OS X 10_12_6) AppleWebKit/537.36 (KHTML, like Gecko) Chrome/65.0.3325.146 Safari/537.36"
47.128.38.195 - - [30/Apr/2026:13:17:30 +1000] "GET /shop/includes/templates/theme228/css/stylesheet_fontawesome.css HTTP/1.1" 200 5801 "https://galaxybeads.com.au/shop/index.php?main_page=cookie_usage" "Mozilla/5.0 (Linux; Android 5.0) AppleWebKit/537.36 (KHTML, like Gecko) Mobile Safari/537.36 (compatible; Bytespider; spider-feedback@bytedance.com)"
202.10.39.5 - - [30/Apr/2026:13:17:28 +1000] "POST /xmlrpc.php HTTP/1.1" 200 445 "-" "Jetpack/12.5; WordPress/6.2; http://site41817836.com"
47.128.38.195 - - [30/Apr/2026:13:17:32 +1000] "GET /shop/includes/templates/theme228/images/2.png HTTP/1.1" 206 500 "https://galaxybeads.com.au/shop/index.php?main_page=cookie_usage" "Mozilla/5.0 (Linux; Android 5.0) AppleWebKit/537.36 (KHTML, like Gecko) Mobile Safari/537.36 (compatible; Bytespider; spider-feedback@bytedance.com)"
202.10.39.5 - - [30/Apr/2026:13:17:38 +1000] "POST /xmlrpc.php HTTP/1.1" 200 445 "-" "Jetpack by WordPress.com (Jetpack 13.0; WordPress 6.3)"
47.128.38.195 - - [30/Apr/2026:13:17:45 +1000] "GET /shop/includes/templates/theme228/css/print_stylesheet.css HTTP/1.1" 200 478 "https://galaxybeads.com.au/shop/index.php?main_page=cookie_usage" "Mozilla/5.0 (Linux; Android 5.0) AppleWebKit/537.36 (KHTML, like Gecko) Mobile Safari/537.36 (compatible; Bytespider; spider-feedback@bytedance.com)"
202.10.39.5 - - [30/Apr/2026:13:17:48 +1000] "POST /xmlrpc.php HTTP/1.1" 200 445 "-" "Jetpack by WordPress.com (Jetpack 12.0; WordPress 6.3)"
202.10.39.5 - - [30/Apr/2026:13:17:59 +1000] "POST /xmlrpc.php HTTP/1.1" 200 445 "-" "WordPress.com; https://wordpress.com"
2405:3f00:a222:bbbb:bba1:60:ffff:ffff - - [30/Apr/2026:13:18:11 +1000] "POST /wp-cron.php?doing_wp_cron=1777519091.0246129035949707031250 HTTP/1.1" 200 - "-" "WordPress/6.9.4; https://galaxybeads.com.au"
202.10.39.5 - - [30/Apr/2026:13:18:09 +1000] "POST /xmlrpc.php HTTP/1.1" 200 445 "-" "Jetpack/12.5; WordPress/6.2; http://site79013662.com"
202.10.39.5 - - [30/Apr/2026:13:18:19 +1000] "POST /xmlrpc.php HTTP/1.1" 200 445 "-" "WordPress.com; https://wordpress.com"
202.10.39.5 - - [30/Apr/2026:13:18:30 +1000] "POST /xmlrpc.php HTTP/1.1" 200 445 "-" "WordPress.com; https://wordpress.com"
202.10.39.5 - - [30/Apr/2026:13:18:40 +1000] "POST /xmlrpc.php HTTP/1.1" 200 445 "-" "Jetpack by WordPress.com"
162.241.140.25 - - [30/Apr/2026:13:18:41 +1000] "POST /xmlrpc.php HTTP/1.1" 200 248 "-" "Mozilla/5.0 (Macintosh; Intel Mac OS X 10_13_4) AppleWebKit/537.36 (KHTML, like Gecko) Chrome/66.0.3359.139 Safari/537.36"
202.10.39.5 - - [30/Apr/2026:13:18:51 +1000] "POST /xmlrpc.php HTTP/1.1" 200 445 "-" "WordPress.com; https://wordpress.com"
202.10.39.5 - - [30/Apr/2026:13:19:01 +1000] "POST /xmlrpc.php HTTP/1.1" 200 445 "-" "WordPress.com; https://wordpress.com"
202.10.39.5 - - [30/Apr/2026:13:19:11 +1000] "POST /xmlrpc.php HTTP/1.1" 200 445 "-" "Jetpack by WordPress.com (Jetpack 13.0; WordPress 6.2)"
202.10.39.5 - - [30/Apr/2026:13:19:22 +1000] "POST /xmlrpc.php HTTP/1.1" 200 445 "-" "WordPress.com; https://wordpress.com"
2405:3f00:a222:bbbb:bba1:60:ffff:ffff - - [30/Apr/2026:13:19:33 +1000] "POST /wp-cron.php?doing_wp_cron=1777519173.8068640232086181640625 HTTP/1.1" 200 - "-" "WordPress/6.9.4; https://galaxybeads.com.au"
202.10.39.5 - - [30/Apr/2026:13:19:32 +1000] "POST /xmlrpc.php HTTP/1.1" 200 445 "-" "Jetpack/12.1; WordPress/6.4; http://site80657802.com"
202.10.39.5 - - [30/Apr/2026:13:19:43 +1000] "POST /xmlrpc.php HTTP/1.1" 200 445 "-" "Jetpack by WordPress.com (Jetpack 13.0; WordPress 6.1)"
202.10.39.5 - - [30/Apr/2026:13:19:53 +1000] "POST /xmlrpc.php HTTP/1.1" 200 445 "-" "Jetpack/13.0; WordPress/6.3; http://site10591786.com"
202.10.39.5 - - [30/Apr/2026:13:20:03 +1000] "POST /xmlrpc.php HTTP/1.1" 200 445 "-" "Jetpack by WordPress.com (Jetpack 12.5; WordPress 6.2)"
202.10.39.5 - - [30/Apr/2026:13:20:14 +1000] "POST /xmlrpc.php HTTP/1.1" 200 445 "-" "Jetpack/12.1; WordPress/6.2; http://site96890271.com"
202.10.39.5 - - [30/Apr/2026:13:20:25 +1000] "POST /xmlrpc.php HTTP/1.1" 200 445 "-" "Jetpack by WordPress.com"
202.10.39.5 - - [30/Apr/2026:13:20:34 +1000] "POST /xmlrpc.php HTTP/1.1" 200 445 "-" "Jetpack/12.0; WordPress/6.2; http://site10316147.com"
202.10.39.5 - - [30/Apr/2026:13:20:45 +1000] "POST /xmlrpc.php HTTP/1.1" 200 445 "-" "Jetpack/12.0; WordPress/6.4; http://site49855500.com"
202.10.39.5 - - [30/Apr/2026:13:20:55 +1000] "POST /xmlrpc.php HTTP/1.1" 200 445 "-" "Jetpack by WordPress.com (Jetpack 12.0; WordPress 6.4)"
47.128.38.227 - - [30/Apr/2026:13:21:02 +1000] "GET /shop/includes/templates/theme228/css/stylesheet_tm.css HTTP/1.1" 200 4171 "http://galaxybeads.com.au/" "Mozilla/5.0 (Linux; Android 5.0) AppleWebKit/537.36 (KHTML, like Gecko) Mobile Safari/537.36 (compatible; Bytespider; spider-feedback@bytedance.com)"
47.128.38.227 - - [30/Apr/2026:13:21:02 +1000] "GET /shop/images/DSCN3777%20(800x601).jpg HTTP/1.1" 206 500 "http://galaxybeads.com.au/" "Mozilla/5.0 (Linux; Android 5.0) AppleWebKit/537.36 (KHTML, like Gecko) Mobile Safari/537.36 (compatible; Bytespider; spider-feedback@bytedance.com)"
47.128.38.227 - - [30/Apr/2026:13:21:02 +1000] "GET /shop/images/DSCN3777%20(800x601).jpg HTTP/1.1" 200 77398 "http://galaxybeads.com.au/" "Mozilla/5.0 (Linux; Android 5.0) AppleWebKit/537.36 (KHTML, like Gecko) Mobile Safari/537.36 (compatible; Bytespider; spider-feedback@bytedance.com)"
202.10.39.5 - - [30/Apr/2026:13:21:05 +1000] "POST /xmlrpc.php HTTP/1.1" 200 445 "-" "Jetpack by WordPress.com (Jetpack 12.5; WordPress 6.4)"
47.128.38.171 - - [30/Apr/2026:13:21:09 +1000] "GET /shop/index.php?cPath=52_54&main_page=index&page=2&sort=3a HTTP/1.1" 200 26342 "-" "Mozilla/5.0 (Linux; Android 5.0) AppleWebKit/537.36 (KHTML, like Gecko) Mobile Safari/537.36 (compatible; Bytespider; spider-feedback@bytedance.com)"
2405:3f00:a222:bbbb:bba1:60:ffff:ffff - - [30/Apr/2026:13:21:17 +1000] "POST /wp-cron.php?doing_wp_cron=1777519277.5008699893951416015625 HTTP/1.1" 200 - "-" "WordPress/6.9.4; https://galaxybeads.com.au"
202.10.39.5 - - [30/Apr/2026:13:21:16 +1000] "POST /xmlrpc.php HTTP/1.1" 200 445 "-" "Jetpack by WordPress.com"
47.128.38.171 - - [30/Apr/2026:13:21:26 +1000] "GET /shop/bmz_cache/0/071bbeea90591224c9eef64819a1eb16.image.147x141.jpg HTTP/1.1" 206 500 "https://galaxybeads.com.au/shop/index.php?cPath=52_54&main_page=index&page=2&sort=3a" "Mozilla/5.0 (Linux; Android 5.0) AppleWebKit/537.36 (KHTML, like Gecko) Mobile Safari/537.36 (compatible; Bytespider; spider-feedback@bytedance.com)"
202.10.39.5 - - [30/Apr/2026:13:21:26 +1000] "POST /xmlrpc.php HTTP/1.1" 200 445 "-" "Jetpack by WordPress.com"
5.189.128.80 - - [30/Apr/2026:13:21:30 +1000] "GET /wp-login.php HTTP/1.1" 200 4711 "-" "Mozilla/5.0 (Windows NT 6.1; Win64; x64) AppleWebKit/537.36 (KHTML, like Gecko) Chrome/67.0.3396.87 Safari/537.36"
5.189.128.80 - - [30/Apr/2026:13:21:31 +1000] "POST /wp-login.php HTTP/1.1" 200 4711 "https://mail.galaxybeads.com.au/wp-login.php" "Mozilla/5.0 (Windows NT 6.1; Win64; x64) AppleWebKit/537.36 (KHTML, like Gecko) Chrome/67.0.3396.87 Safari/537.36"
64.233.173.133 - - [30/Apr/2026:13:22:23 +1000] "GET /.well-known/traffic-advice HTTP/1.1" 404 10869 "-" "Chrome Privacy Preserving Prefetch Proxy"
193.186.4.158 - - [30/Apr/2026:13:22:24 +1000] "GET / HTTP/1.1" 200 13379 "https://www.google.com/" "Mozilla/5.0 (Linux; Android 10; K) AppleWebKit/537.36 (KHTML, like Gecko) Chrome/147.0.0.0 Mobile Safari/537.36"
154.196.171.80 - - [30/Apr/2026:13:22:34 +1000] "GET /shopbmz_cache/0/03bad221feb18aa564221bd6c1fa5fcc.image.147x110.jpg HTTP/1.1" 404 10933 "-" "Mozilla/5.0 (compatible; crawler)"
203.128.24.180 - - [30/Apr/2026:13:22:57 +1000] "POST /xmlrpc.php HTTP/1.1" 200 248 "-" "Mozilla/5.0 (Windows NT 10.0; WOW64) AppleWebKit/537.36 (KHTML, like Gecko) Chrome/67.0.3396.62 Safari/537.36"
2405:3f00:a222:bbbb:bba1:60:ffff:ffff - - [30/Apr/2026:13:23:15 +1000] "POST /wp-cron.php?doing_wp_cron=1777519395.5260889530181884765625 HTTP/1.1" 200 - "-" "WordPress/6.9.4; https://galaxybeads.com.au"
50.6.249.156 - - [30/Apr/2026:13:23:12 +1000] "POST /xmlrpc.php HTTP/1.1" 200 247 "-" "Mozilla/5.0 (Windows NT 10.0; WOW64) AppleWebKit/537.36 (KHTML, like Gecko) Chrome/65.0.3325.146 Safari/537.36"
162.241.53.41 - - [30/Apr/2026:13:23:20 +1000] "GET /wp-login.php HTTP/1.1" 200 4710 "-" "Mozilla/5.0 (Windows NT 6.3; Win64; x64) AppleWebKit/537.36 (KHTML, like Gecko) Chrome/67.0.3396.87 Safari/537.36"
162.241.53.41 - - [30/Apr/2026:13:23:21 +1000] "POST /wp-login.php HTTP/1.1" 200 4710 "https://galaxybeads.com.au/wp-login.php" "Mozilla/5.0 (Windows NT 6.3; Win64; x64) AppleWebKit/537.36 (KHTML, like Gecko) Chrome/67.0.3396.87 Safari/537.36"
15.235.186.61 - - [30/Apr/2026:13:23:24 +1000] "GET /wp-login.php HTTP/1.1" 200 4712 "-" "Mozilla/5.0 (Windows NT 6.1; WOW64) AppleWebKit/537.36 (KHTML, like Gecko) Chrome/66.0.3359.117 Safari/537.36"
15.235.186.61 - - [30/Apr/2026:13:23:25 +1000] "POST /wp-login.php HTTP/1.1" 200 4712 "https://mail.galaxybeads.com.au/wp-login.php" "Mozilla/5.0 (Windows NT 6.1; WOW64) AppleWebKit/537.36 (KHTML, like Gecko) Chrome/66.0.3359.117 Safari/537.36"
116.203.148.109 - - [30/Apr/2026:13:24:07 +1000] "GET /wp-login.php HTTP/1.1" 200 4711 "-" "Mozilla/5.0 (Windows NT 6.3; Win64; x64) AppleWebKit/537.36 (KHTML, like Gecko) Chrome/66.0.3359.139 Safari/537.36"
116.203.148.109 - - [30/Apr/2026:13:24:11 +1000] "POST /wp-login.php HTTP/1.1" 200 4711 "https://mail.youronesite.com/wp-login.php" "Mozilla/5.0 (Windows NT 6.3; Win64; x64) AppleWebKit/537.36 (KHTML, like Gecko) Chrome/66.0.3359.139 Safari/537.36"
2405:3f00:a222:bbbb:bba1:60:ffff:ffff - - [30/Apr/2026:13:24:34 +1000] "POST /wp-cron.php?doing_wp_cron=1777519474.4714488983154296875000 HTTP/1.1" 200 - "-" "WordPress/6.9.4; https://galaxybeads.com.au"
45.132.115.149 - - [30/Apr/2026:13:24:33 +1000] "POST /wp-login.php HTTP/1.1" 401 3404 "-" "Mozilla/5.0"
2405:3f00:a222:bbbb:bba1:60:ffff:ffff - - [30/Apr/2026:13:24:36 +1000] "POST /wp-cron.php?doing_wp_cron=1777519476.3439021110534667968750 HTTP/1.1" 200 - "-" "WordPress/6.9.4; https://galaxybeads.com.au"
45.132.115.159 - - [30/Apr/2026:13:24:33 +1000] "POST /wp-login.php HTTP/1.1" 401 3404 "-" "Mozilla/5.0"
111.225.148.92 - - [30/Apr/2026:13:24:54 +1000] "GET /robots.txt HTTP/1.1" 301 - "-" "Mozilla/5.0 (Linux; Android 5.0) AppleWebKit/537.36 (KHTML, like Gecko) Mobile Safari/537.36 (compatible; Bytespider; https://zhanzhang.toutiao.com/)"
111.225.148.114 - - [30/Apr/2026:13:24:57 +1000] "GET /robots.txt HTTP/1.1" 200 135 "-" "Mozilla/5.0 (Linux; Android 5.0) AppleWebKit/537.36 (KHTML, like Gecko) Mobile Safari/537.36 (compatible; Bytespider; https://zhanzhang.toutiao.com/)"
47.128.38.156 - - [30/Apr/2026:13:25:26 +1000] "GET /shop/index.php?disp_order=1&main_page=products_all&page=45 HTTP/1.1" 200 31462 "-" "Mozilla/5.0 (Linux; Android 5.0) AppleWebKit/537.36 (KHTML, like Gecko) Mobile Safari/537.36 (compatible; Bytespider; spider-feedback@bytedance.com)"
49.13.78.50 - - [30/Apr/2026:13:25:28 +1000] "GET /wp-login.php HTTP/1.1" 200 4710 "-" "Mozilla/5.0 (Windows NT 6.1; Win64; x64) AppleWebKit/537.36 (KHTML, like Gecko) Chrome/65.0.3325.162 Safari/537.36"
47.128.38.156 - - [30/Apr/2026:13:25:28 +1000] "GET /shop/includes/templates/theme228/css/style_imagehover.css HTTP/1.1" 200 282 "https://galaxybeads.com.au/shop/index.php?disp_order=1&main_page=products_all&page=45" "Mozilla/5.0 (Linux; Android 5.0) AppleWebKit/537.36 (KHTML, like Gecko) Mobile Safari/537.36 (compatible; Bytespider; spider-feedback@bytedance.com)"
49.13.78.50 - - [30/Apr/2026:13:25:28 +1000] "POST /wp-login.php HTTP/1.1" 200 4710 "https://galaxybeads.com.au/wp-login.php" "Mozilla/5.0 (Windows NT 6.1; Win64; x64) AppleWebKit/537.36 (KHTML, like Gecko) Chrome/65.0.3325.162 Safari/537.36"
47.128.38.156 - - [30/Apr/2026:13:25:29 +1000] "GET /shop/includes/templates/theme228/css/stylesheet.css HTTP/1.1" 200 4411 "https://galaxybeads.com.au/shop/index.php?disp_order=1&main_page=products_all&page=45" "Mozilla/5.0 (Linux; Android 5.0) AppleWebKit/537.36 (KHTML, like Gecko) Mobile Safari/537.36 (compatible; Bytespider; spider-feedback@bytedance.com)"
47.128.38.156 - - [30/Apr/2026:13:25:29 +1000] "GET /shop/includes/templates/theme228/css/stylesheet_boxes.css HTTP/1.1" 200 5436 "https://galaxybeads.com.au/shop/index.php?disp_order=1&main_page=products_all&page=45" "Mozilla/5.0 (Linux; Android 5.0) AppleWebKit/537.36 (KHTML, like Gecko) Mobile Safari/537.36 (compatible; Bytespider; spider-feedback@bytedance.com)"
47.128.38.156 - - [30/Apr/2026:13:25:30 +1000] "GET /shop/includes/templates/theme228/css/stylesheet_css_buttons.css HTTP/1.1" 200 831 "https://galaxybeads.com.au/shop/index.php?disp_order=1&main_page=products_all&page=45" "Mozilla/5.0 (Linux; Android 5.0) AppleWebKit/537.36 (KHTML, like Gecko) Mobile Safari/537.36 (compatible; Bytespider; spider-feedback@bytedance.com)"
47.128.38.156 - - [30/Apr/2026:13:25:45 +1000] "GET /shop/bmz_cache/d/dd472725b95f1a890b4ff644d2c6762d.image.147x110.jpg HTTP/1.1" 206 500 "https://galaxybeads.com.au/shop/index.php?disp_order=1&main_page=products_all&page=45" "Mozilla/5.0 (Linux; Android 5.0) AppleWebKit/537.36 (KHTML, like Gecko) Mobile Safari/537.36 (compatible; Bytespider; spider-feedback@bytedance.com)"
47.128.38.156 - - [30/Apr/2026:13:25:46 +1000] "GET /shop/bmz_cache/6/6a40f86b0b78db0680a86df84f1461e1.image.147x113.jpg HTTP/1.1" 206 500 "https://galaxybeads.com.au/shop/index.php?disp_order=1&main_page=products_all&page=45" "Mozilla/5.0 (Linux; Android 5.0) AppleWebKit/537.36 (KHTML, like Gecko) Mobile Safari/537.36 (compatible; Bytespider; spider-feedback@bytedance.com)"
47.128.38.156 - - [30/Apr/2026:13:25:46 +1000] "GET /shop/bmz_cache/8/8fada9cdd188eb40f10af6024f7d275c.image.147x110.jpg HTTP/1.1" 206 500 "https://galaxybeads.com.au/shop/index.php?disp_order=1&main_page=products_all&page=45" "Mozilla/5.0 (Linux; Android 5.0) AppleWebKit/537.36 (KHTML, like Gecko) Mobile Safari/537.36 (compatible; Bytespider; spider-feedback@bytedance.com)"
47.128.38.156 - - [30/Apr/2026:13:25:46 +1000] "GET /shop/bmz_cache/b/b1eecefc9c3d29b871c8c4e28f8c4731.image.147x125.gif HTTP/1.1" 206 500 "https://galaxybeads.com.au/shop/index.php?disp_order=1&main_page=products_all&page=45" "Mozilla/5.0 (Linux; Android 5.0) AppleWebKit/537.36 (KHTML, like Gecko) Mobile Safari/537.36 (compatible; Bytespider; spider-feedback@bytedance.com)"
47.128.38.156 - - [30/Apr/2026:13:25:46 +1000] "GET /shop/bmz_cache/d/dabf5fbeb07cacea94e2e746bd924480.image.147x147.jpg HTTP/1.1" 206 500 "https://galaxybeads.com.au/shop/index.php?disp_order=1&main_page=products_all&page=45" "Mozilla/5.0 (Linux; Android 5.0) AppleWebKit/537.36 (KHTML, like Gecko) Mobile Safari/537.36 (compatible; Bytespider; spider-feedback@bytedance.com)"
47.128.38.156 - - [30/Apr/2026:13:25:46 +1000] "GET /shop/bmz_cache/4/41752db740a5e7f0931c2fea9c02ea6a.image.147x110.jpg HTTP/1.1" 206 500 "https://galaxybeads.com.au/shop/index.php?disp_order=1&main_page=products_all&page=45" "Mozilla/5.0 (Linux; Android 5.0) AppleWebKit/537.36 (KHTML, like Gecko) Mobile Safari/537.36 (compatible; Bytespider; spider-feedback@bytedance.com)"
47.128.38.156 - - [30/Apr/2026:13:25:46 +1000] "GET /shop/bmz_cache/0/0bb570a91fb5208b0b40bbe0cd9a583e.image.147x116.jpg HTTP/1.1" 206 500 "https://galaxybeads.com.au/shop/index.php?disp_order=1&main_page=products_all&page=45" "Mozilla/5.0 (Linux; Android 5.0) AppleWebKit/537.36 (KHTML, like Gecko) Mobile Safari/537.36 (compatible; Bytespider; spider-feedback@bytedance.com)"
47.128.38.156 - - [30/Apr/2026:13:25:46 +1000] "GET /shop/bmz_cache/3/309c0d23d16251e58b04fe89e3bcd94f.image.147x109.jpg HTTP/1.1" 206 500 "https://galaxybeads.com.au/shop/index.php?disp_order=1&main_page=products_all&page=45" "Mozilla/5.0 (Linux; Android 5.0) AppleWebKit/537.36 (KHTML, like Gecko) Mobile Safari/537.36 (compatible; Bytespider; spider-feedback@bytedance.com)"
47.128.38.156 - - [30/Apr/2026:13:25:47 +1000] "GET /shop/bmz_cache/2/23f7cb2373c8a3d4108e77069df90185.image.147x138.jpg HTTP/1.1" 206 500 "https://galaxybeads.com.au/shop/index.php?disp_order=1&main_page=products_all&page=45" "Mozilla/5.0 (Linux; Android 5.0) AppleWebKit/537.36 (KHTML, like Gecko) Mobile Safari/537.36 (compatible; Bytespider; spider-feedback@bytedance.com)"
47.128.38.156 - - [30/Apr/2026:13:25:47 +1000] "GET /shop/includes/templates/theme228/buttons/english/button_sold_out_sm.gif HTTP/1.1" 206 500 "https://galaxybeads.com.au/shop/index.php?disp_order=1&main_page=products_all&page=45" "Mozilla/5.0 (Linux; Android 5.0) AppleWebKit/537.36 (KHTML, like Gecko) Mobile Safari/537.36 (compatible; Bytespider; spider-feedback@bytedance.com)"
47.128.38.156 - - [30/Apr/2026:13:25:47 +1000] "GET /shop/bmz_cache/7/7c86216b71da5299129ef1a796337dd0.image.147x147.jpg HTTP/1.1" 206 500 "https://galaxybeads.com.au/shop/index.php?disp_order=1&main_page=products_all&page=45" "Mozilla/5.0 (Linux; Android 5.0) AppleWebKit/537.36 (KHTML, like Gecko) Mobile Safari/537.36 (compatible; Bytespider; spider-feedback@bytedance.com)"
47.128.38.156 - - [30/Apr/2026:13:25:47 +1000] "GET /shop/bmz_cache/f/fcd90282d91a68df58832a8676bb326d.image.147x147.jpg HTTP/1.1" 206 500 "https://galaxybeads.com.au/shop/index.php?disp_order=1&main_page=products_all&page=45" "Mozilla/5.0 (Linux; Android 5.0) AppleWebKit/537.36 (KHTML, like Gecko) Mobile Safari/537.36 (compatible; Bytespider; spider-feedback@bytedance.com)"
47.128.38.156 - - [30/Apr/2026:13:25:47 +1000] "GET /shop/bmz_cache/0/07bbe0bd384a7b33224be4e0716dd98b.image.147x147.jpg HTTP/1.1" 206 500 "https://galaxybeads.com.au/shop/index.php?disp_order=1&main_page=products_all&page=45" "Mozilla/5.0 (Linux; Android 5.0) AppleWebKit/537.36 (KHTML, like Gecko) Mobile Safari/537.36 (compatible; Bytespider; spider-feedback@bytedance.com)"
47.128.38.156 - - [30/Apr/2026:13:25:48 +1000] "GET /shop/bmz_cache/d/d26931c12e065b1784dee2373adc8a75.image.147x115.jpg HTTP/1.1" 206 500 "https://galaxybeads.com.au/shop/index.php?disp_order=1&main_page=products_all&page=45" "Mozilla/5.0 (Linux; Android 5.0) AppleWebKit/537.36 (KHTML, like Gecko) Mobile Safari/537.36 (compatible; Bytespider; spider-feedback@bytedance.com)"
47.128.38.156 - - [30/Apr/2026:13:25:48 +1000] "GET /shop/bmz_cache/c/c06af8e0d6fa53588b49f9db20221100.image.147x147.jpg HTTP/1.1" 206 500 "https://galaxybeads.com.au/shop/index.php?disp_order=1&main_page=products_all&page=45" "Mozilla/5.0 (Linux; Android 5.0) AppleWebKit/537.36 (KHTML, like Gecko) Mobile Safari/537.36 (compatible; Bytespider; spider-feedback@bytedance.com)"
47.128.38.156 - - [30/Apr/2026:13:25:48 +1000] "GET /shop/includes/templates/theme228/images/2.png HTTP/1.1" 206 500 "https://galaxybeads.com.au/shop/index.php?disp_order=1&main_page=products_all&page=45" "Mozilla/5.0 (Linux; Android 5.0) AppleWebKit/537.36 (KHTML, like Gecko) Mobile Safari/537.36 (compatible; Bytespider; spider-feedback@bytedance.com)"
47.128.38.156 - - [30/Apr/2026:13:25:48 +1000] "GET /shop/includes/templates/theme228/images/3.png HTTP/1.1" 206 500 "https://galaxybeads.com.au/shop/index.php?disp_order=1&main_page=products_all&page=45" "Mozilla/5.0 (Linux; Android 5.0) AppleWebKit/537.36 (KHTML, like Gecko) Mobile Safari/537.36 (compatible; Bytespider; spider-feedback@bytedance.com)"
78.142.18.40 - - [30/Apr/2026:13:26:47 +1000] "GET /?page_id=7/wp-login.php HTTP/1.1" 200 18565 "-" "Mozilla/5.0 (Windows NT 10.0; Win64; x64) AppleWebKit/537.36 (KHTML, like Gecko) Chrome/119.0.6045.159 Safari/537.36"
113.190.40.93 - - [30/Apr/2026:13:27:38 +1000] "POST /xmlrpc.php HTTP/1.1" 200 247 "-" "Mozilla/5.0 (Windows NT 6.1; Win64; x64) AppleWebKit/537.36 (KHTML, like Gecko) Chrome/64.0.3282.168 Safari/537.36 OPR/51.0.2830.40"
