157.211.5.253 - - [01/May/2026:02:20:08 +1000] "GET /shop/includes/templates/theme228/images/box2_right_top_bg.gif HTTP/1.1" 404 10904 "https://galaxybeads.com.au/shop/index.php?main_page=index&cPath=52" "Mozilla/5.0 (iPhone; CPU iPhone OS 18_7 like Mac OS X) AppleWebKit/605.1.15 (KHTML, like Gecko) Version/26.3 Mobile/15E148 Safari/604.1"
157.211.5.253 - - [01/May/2026:02:20:08 +1000] "GET /shop/includes/templates/theme228/images/box_head_bg5.gif HTTP/1.1" 404 10897 "https://galaxybeads.com.au/shop/index.php?main_page=index&cPath=52" "Mozilla/5.0 (iPhone; CPU iPhone OS 18_7 like Mac OS X) AppleWebKit/605.1.15 (KHTML, like Gecko) Version/26.3 Mobile/15E148 Safari/604.1"
157.211.5.253 - - [01/May/2026:02:20:08 +1000] "GET /shop/includes/templates/theme228/images/box_head_bg6.gif HTTP/1.1" 404 10896 "https://galaxybeads.com.au/shop/index.php?main_page=index&cPath=52" "Mozilla/5.0 (iPhone; CPU iPhone OS 18_7 like Mac OS X) AppleWebKit/605.1.15 (KHTML, like Gecko) Version/26.3 Mobile/15E148 Safari/604.1"
157.211.5.253 - - [01/May/2026:02:20:08 +1000] "GET /shop/includes/templates/theme228/images/box2_top_bg.gif HTTP/1.1" 404 10897 "https://galaxybeads.com.au/shop/index.php?main_page=index&cPath=52" "Mozilla/5.0 (iPhone; CPU iPhone OS 18_7 like Mac OS X) AppleWebKit/605.1.15 (KHTML, like Gecko) Version/26.3 Mobile/15E148 Safari/604.1"
157.211.5.253 - - [01/May/2026:02:20:08 +1000] "GET /shop/includes/templates/theme228/images/box1_bg2.gif HTTP/1.1" 404 10890 "https://galaxybeads.com.au/shop/index.php?main_page=index&cPath=52" "Mozilla/5.0 (iPhone; CPU iPhone OS 18_7 like Mac OS X) AppleWebKit/605.1.15 (KHTML, like Gecko) Version/26.3 Mobile/15E148 Safari/604.1"
47.128.38.178 - - [01/May/2026:02:20:12 +1000] "GET /shop/includes/templates/theme228/css/stylesheet.css HTTP/1.1" 200 4411 "http://galaxybeads.com.au/" "Mozilla/5.0 (Linux; Android 5.0) AppleWebKit/537.36 (KHTML, like Gecko) Mobile Safari/537.36 (compatible; Bytespider; spider-feedback@bytedance.com)"
47.128.38.178 - - [01/May/2026:02:20:12 +1000] "GET /shop/includes/templates/theme228/css/stylesheet_fontawesome.css HTTP/1.1" 200 5801 "http://galaxybeads.com.au/" "Mozilla/5.0 (Linux; Android 5.0) AppleWebKit/537.36 (KHTML, like Gecko) Mobile Safari/537.36 (compatible; Bytespider; spider-feedback@bytedance.com)"
47.128.38.178 - - [01/May/2026:02:20:12 +1000] "GET /shop/includes/templates/theme228/css/stylesheet_overrides.css HTTP/1.1" 200 2013 "http://galaxybeads.com.au/" "Mozilla/5.0 (Linux; Android 5.0) AppleWebKit/537.36 (KHTML, like Gecko) Mobile Safari/537.36 (compatible; Bytespider; spider-feedback@bytedance.com)"
47.128.38.178 - - [01/May/2026:02:20:12 +1000] "GET /shop/images/logo-top-float.png HTTP/1.1" 206 500 "http://galaxybeads.com.au/" "Mozilla/5.0 (Linux; Android 5.0) AppleWebKit/537.36 (KHTML, like Gecko) Mobile Safari/537.36 (compatible; Bytespider; spider-feedback@bytedance.com)"
47.128.38.178 - - [01/May/2026:02:20:12 +1000] "GET /shop/bmz_cache/3/357b36ca2de040445470de7c5a220e14.image.147x110.jpg HTTP/1.1" 206 500 "http://galaxybeads.com.au/" "Mozilla/5.0 (Linux; Android 5.0) AppleWebKit/537.36 (KHTML, like Gecko) Mobile Safari/537.36 (compatible; Bytespider; spider-feedback@bytedance.com)"
157.211.5.253 - - [01/May/2026:02:20:10 +1000] "GET /shop/includes/templates/theme228/images/img_box2_left_top.gif HTTP/1.1" 404 10904 "https://galaxybeads.com.au/shop/index.php?main_page=index&cPath=52" "Mozilla/5.0 (iPhone; CPU iPhone OS 18_7 like Mac OS X) AppleWebKit/605.1.15 (KHTML, like Gecko) Version/26.3 Mobile/15E148 Safari/604.1"
157.211.5.253 - - [01/May/2026:02:20:10 +1000] "GET /shop/includes/templates/theme228/images/list_background.gif HTTP/1.1" 404 10898 "https://galaxybeads.com.au/shop/index.php?main_page=index&cPath=52" "Mozilla/5.0 (iPhone; CPU iPhone OS 18_7 like Mac OS X) AppleWebKit/605.1.15 (KHTML, like Gecko) Version/26.3 Mobile/15E148 Safari/604.1"
157.211.5.253 - - [01/May/2026:02:20:10 +1000] "GET /shop/includes/templates/theme228/images/img_box2_side.gif HTTP/1.1" 404 10898 "https://galaxybeads.com.au/shop/index.php?main_page=index&cPath=52" "Mozilla/5.0 (iPhone; CPU iPhone OS 18_7 like Mac OS X) AppleWebKit/605.1.15 (KHTML, like Gecko) Version/26.3 Mobile/15E148 Safari/604.1"
157.211.5.253 - - [01/May/2026:02:20:10 +1000] "GET /shop/includes/templates/theme228/images/box1_bg1.gif HTTP/1.1" 404 10893 "https://galaxybeads.com.au/shop/index.php?main_page=index&cPath=52" "Mozilla/5.0 (iPhone; CPU iPhone OS 18_7 like Mac OS X) AppleWebKit/605.1.15 (KHTML, like Gecko) Version/26.3 Mobile/15E148 Safari/604.1"
157.211.5.253 - - [01/May/2026:02:20:10 +1000] "GET /shop/includes/templates/theme228/images/list_background1.gif HTTP/1.1" 404 10898 "https://galaxybeads.com.au/shop/index.php?main_page=index&cPath=52" "Mozilla/5.0 (iPhone; CPU iPhone OS 18_7 like Mac OS X) AppleWebKit/605.1.15 (KHTML, like Gecko) Version/26.3 Mobile/15E148 Safari/604.1"
157.211.5.253 - - [01/May/2026:02:20:10 +1000] "GET /shop/includes/templates/theme228/images/img_box2_right_top.gif HTTP/1.1" 404 10906 "https://galaxybeads.com.au/shop/index.php?main_page=index&cPath=52" "Mozilla/5.0 (iPhone; CPU iPhone OS 18_7 like Mac OS X) AppleWebKit/605.1.15 (KHTML, like Gecko) Version/26.3 Mobile/15E148 Safari/604.1"
47.128.38.178 - - [01/May/2026:02:20:14 +1000] "GET /shop/bmz_cache/b/b1eecefc9c3d29b871c8c4e28f8c4731.image.147x125.gif HTTP/1.1" 206 500 "http://galaxybeads.com.au/" "Mozilla/5.0 (Linux; Android 5.0) AppleWebKit/537.36 (KHTML, like Gecko) Mobile Safari/537.36 (compatible; Bytespider; spider-feedback@bytedance.com)"
157.211.5.253 - - [01/May/2026:02:20:12 +1000] "GET /shop/includes/templates/theme228/images/img_box2_right_bottom.gif HTTP/1.1" 404 10907 "https://galaxybeads.com.au/shop/index.php?main_page=index&cPath=52" "Mozilla/5.0 (iPhone; CPU iPhone OS 18_7 like Mac OS X) AppleWebKit/605.1.15 (KHTML, like Gecko) Version/26.3 Mobile/15E148 Safari/604.1"
157.211.5.253 - - [01/May/2026:02:20:13 +1000] "GET /shop/includes/templates/theme228/images/center_tep_bottom.gif HTTP/1.1" 404 10901 "https://galaxybeads.com.au/shop/index.php?main_page=index&cPath=52" "Mozilla/5.0 (iPhone; CPU iPhone OS 18_7 like Mac OS X) AppleWebKit/605.1.15 (KHTML, like Gecko) Version/26.3 Mobile/15E148 Safari/604.1"
157.211.5.253 - - [01/May/2026:02:20:12 +1000] "GET /shop/includes/templates/theme228/images/img_box2_left_bottom.gif HTTP/1.1" 404 10907 "https://galaxybeads.com.au/shop/index.php?main_page=index&cPath=52" "Mozilla/5.0 (iPhone; CPU iPhone OS 18_7 like Mac OS X) AppleWebKit/605.1.15 (KHTML, like Gecko) Version/26.3 Mobile/15E148 Safari/604.1"
157.211.5.253 - - [01/May/2026:02:20:13 +1000] "GET /shop/includes/templates/theme228/images/box3_bg1.gif HTTP/1.1" 404 10891 "https://galaxybeads.com.au/shop/index.php?main_page=index&cPath=52" "Mozilla/5.0 (iPhone; CPU iPhone OS 18_7 like Mac OS X) AppleWebKit/605.1.15 (KHTML, like Gecko) Version/26.3 Mobile/15E148 Safari/604.1"
157.211.5.253 - - [01/May/2026:02:20:13 +1000] "GET /shop/includes/templates/theme228/images/rbc.gif HTTP/1.1" 404 10883 "https://galaxybeads.com.au/shop/index.php?main_page=index&cPath=52" "Mozilla/5.0 (iPhone; CPU iPhone OS 18_7 like Mac OS X) AppleWebKit/605.1.15 (KHTML, like Gecko) Version/26.3 Mobile/15E148 Safari/604.1"
157.211.5.253 - - [01/May/2026:02:20:13 +1000] "GET /shop/includes/templates/theme228/images/lbc.gif HTTP/1.1" 404 10883 "https://galaxybeads.com.au/shop/index.php?main_page=index&cPath=52" "Mozilla/5.0 (iPhone; CPU iPhone OS 18_7 like Mac OS X) AppleWebKit/605.1.15 (KHTML, like Gecko) Version/26.3 Mobile/15E148 Safari/604.1"
47.128.38.178 - - [01/May/2026:02:20:14 +1000] "GET /shop/%3Ca%20href=%22http://picasaweb.google.com.au/lh/photo/PsiwKQ5iQr6n3hRwoIoOoA?authkey=Gv1sRgCI28muToy4WJUw&feat=embedwebsite%22%3E%3Cimg%20src=%22http://lh6.ggpht.com/_VNRlzfkn29k/SllqnstOOvI/AAAAAAAAAL4/0JGXKUl5VS8/s144/shop%20028.JPG%22%20/%3E%3C/a%3E HTTP/1.1" 301 - "http://galaxybeads.com.au/" "Mozilla/5.0 (Linux; Android 5.0) AppleWebKit/537.36 (KHTML, like Gecko) Mobile Safari/537.36 (compatible; Bytespider; spider-feedback@bytedance.com)"
77.46.136.200 - - [01/May/2026:02:20:14 +1000] "POST /xmlrpc.php HTTP/1.1" 200 447 "-" "Jetpack by WordPress.com"
47.128.38.178 - - [01/May/2026:02:20:16 +1000] "GET /shop/bmz_cache/4/41990797cd0976e6bac1e526da44191a.image.147x90.gif HTTP/1.1" 206 500 "http://galaxybeads.com.au/" "Mozilla/5.0 (Linux; Android 5.0) AppleWebKit/537.36 (KHTML, like Gecko) Mobile Safari/537.36 (compatible; Bytespider; spider-feedback@bytedance.com)"
47.128.38.178 - - [01/May/2026:02:20:17 +1000] "GET /shop/includes/templates/theme228/images/1.png HTTP/1.1" 206 500 "http://galaxybeads.com.au/" "Mozilla/5.0 (Linux; Android 5.0) AppleWebKit/537.36 (KHTML, like Gecko) Mobile Safari/537.36 (compatible; Bytespider; spider-feedback@bytedance.com)"
47.128.38.178 - - [01/May/2026:02:20:17 +1000] "GET /shop/includes/templates/theme228/css/print_stylesheet.css HTTP/1.1" 200 478 "http://galaxybeads.com.au/" "Mozilla/5.0 (Linux; Android 5.0) AppleWebKit/537.36 (KHTML, like Gecko) Mobile Safari/537.36 (compatible; Bytespider; spider-feedback@bytedance.com)"
47.128.38.178 - - [01/May/2026:02:20:17 +1000] "GET /shop/%3Ca%20href=%22http:/picasaweb.google.com.au/lh/photo/PsiwKQ5iQr6n3hRwoIoOoA?authkey=Gv1sRgCI28muToy4WJUw&feat=embedwebsite%22%3E%3Cimg%20src=%22http://lh6.ggpht.com/_VNRlzfkn29k/SllqnstOOvI/AAAAAAAAAL4/0JGXKUl5VS8/s144/shop%20028.JPG%22%20/%3E%3C/a%3E HTTP/1.1" 404 11209 "http://galaxybeads.com.au/" "Mozilla/5.0 (Linux; Android 5.0) AppleWebKit/537.36 (KHTML, like Gecko) Mobile Safari/537.36 (compatible; Bytespider; spider-feedback@bytedance.com)"
157.211.5.253 - - [01/May/2026:02:20:20 +1000] "GET /shop/index.php?main_page=index&cPath=52_54 HTTP/1.1" 200 26257 "https://galaxybeads.com.au/shop/index.php?main_page=index&cPath=52" "Mozilla/5.0 (iPhone; CPU iPhone OS 18_7 like Mac OS X) AppleWebKit/605.1.15 (KHTML, like Gecko) Version/26.3 Mobile/15E148 Safari/604.1"
157.211.5.253 - - [01/May/2026:02:20:21 +1000] "GET /shop/images/cm23.jpg HTTP/1.1" 200 19571 "https://galaxybeads.com.au/shop/index.php?main_page=index&cPath=52_54" "Mozilla/5.0 (iPhone; CPU iPhone OS 18_7 like Mac OS X) AppleWebKit/605.1.15 (KHTML, like Gecko) Version/26.3 Mobile/15E148 Safari/604.1"
157.211.5.253 - - [01/May/2026:02:20:21 +1000] "GET /shop/bmz_cache/1/18971977ab6b0397a5910b93f77a4de5.image.118x149.jpg HTTP/1.1" 200 2581 "https://galaxybeads.com.au/shop/index.php?main_page=index&cPath=52_54" "Mozilla/5.0 (iPhone; CPU iPhone OS 18_7 like Mac OS X) AppleWebKit/605.1.15 (KHTML, like Gecko) Version/26.3 Mobile/15E148 Safari/604.1"
157.211.5.253 - - [01/May/2026:02:20:21 +1000] "GET /shop/bmz_cache/c/cc7628cb5714bb4ecd08457e9aaaf887.image.104x149.JPG HTTP/1.1" 200 3111 "https://galaxybeads.com.au/shop/index.php?main_page=index&cPath=52_54" "Mozilla/5.0 (iPhone; CPU iPhone OS 18_7 like Mac OS X) AppleWebKit/605.1.15 (KHTML, like Gecko) Version/26.3 Mobile/15E148 Safari/604.1"
157.211.5.253 - - [01/May/2026:02:20:21 +1000] "GET /shop/bmz_cache/0/071bbeea90591224c9eef64819a1eb16.image.147x141.jpg HTTP/1.1" 200 3601 "https://galaxybeads.com.au/shop/index.php?main_page=index&cPath=52_54" "Mozilla/5.0 (iPhone; CPU iPhone OS 18_7 like Mac OS X) AppleWebKit/605.1.15 (KHTML, like Gecko) Version/26.3 Mobile/15E148 Safari/604.1"
157.211.5.253 - - [01/May/2026:02:20:21 +1000] "GET /shop/bmz_cache/b/b81cdfbc9514e12e2c9f34c5ee8e766b.image.138x149.JPG HTTP/1.1" 200 4727 "https://galaxybeads.com.au/shop/index.php?main_page=index&cPath=52_54" "Mozilla/5.0 (iPhone; CPU iPhone OS 18_7 like Mac OS X) AppleWebKit/605.1.15 (KHTML, like Gecko) Version/26.3 Mobile/15E148 Safari/604.1"
157.211.5.253 - - [01/May/2026:02:20:21 +1000] "GET /shop/bmz_cache/5/556cdaf83f000c0007556ef29fd3155a.image.147x135.JPG HTTP/1.1" 200 4836 "https://galaxybeads.com.au/shop/index.php?main_page=index&cPath=52_54" "Mozilla/5.0 (iPhone; CPU iPhone OS 18_7 like Mac OS X) AppleWebKit/605.1.15 (KHTML, like Gecko) Version/26.3 Mobile/15E148 Safari/604.1"
157.211.5.253 - - [01/May/2026:02:20:21 +1000] "GET /shop/bmz_cache/7/7d13a7173d003565faaaf2863f15ec59.image.147x147.JPG HTTP/1.1" 200 4517 "https://galaxybeads.com.au/shop/index.php?main_page=index&cPath=52_54" "Mozilla/5.0 (iPhone; CPU iPhone OS 18_7 like Mac OS X) AppleWebKit/605.1.15 (KHTML, like Gecko) Version/26.3 Mobile/15E148 Safari/604.1"
157.211.5.253 - - [01/May/2026:02:20:21 +1000] "GET /shop/bmz_cache/0/04f71953b657342c6fe5f45d18f8e7ac.image.147x144.JPG HTTP/1.1" 200 5335 "https://galaxybeads.com.au/shop/index.php?main_page=index&cPath=52_54" "Mozilla/5.0 (iPhone; CPU iPhone OS 18_7 like Mac OS X) AppleWebKit/605.1.15 (KHTML, like Gecko) Version/26.3 Mobile/15E148 Safari/604.1"
157.211.5.253 - - [01/May/2026:02:20:21 +1000] "GET /shop/bmz_cache/f/f529e431528dcad4d2138dd3331ef3e6.image.111x149.jpg HTTP/1.1" 200 4328 "https://galaxybeads.com.au/shop/index.php?main_page=index&cPath=52_54" "Mozilla/5.0 (iPhone; CPU iPhone OS 18_7 like Mac OS X) AppleWebKit/605.1.15 (KHTML, like Gecko) Version/26.3 Mobile/15E148 Safari/604.1"
157.211.5.253 - - [01/May/2026:02:20:21 +1000] "GET /shop/bmz_cache/e/e523abb1eb956d871dca48c6a26554c8.image.147x126.jpg HTTP/1.1" 200 4405 "https://galaxybeads.com.au/shop/index.php?main_page=index&cPath=52_54" "Mozilla/5.0 (iPhone; CPU iPhone OS 18_7 like Mac OS X) AppleWebKit/605.1.15 (KHTML, like Gecko) Version/26.3 Mobile/15E148 Safari/604.1"
157.211.5.253 - - [01/May/2026:02:20:21 +1000] "GET /shop/bmz_cache/e/e5663507fe703ae79d6f9122e256eb83.image.147x110.jpg HTTP/1.1" 200 3561 "https://galaxybeads.com.au/shop/index.php?main_page=index&cPath=52_54" "Mozilla/5.0 (iPhone; CPU iPhone OS 18_7 like Mac OS X) AppleWebKit/605.1.15 (KHTML, like Gecko) Version/26.3 Mobile/15E148 Safari/604.1"
157.211.5.253 - - [01/May/2026:02:20:21 +1000] "GET /shop/bmz_cache/c/c6c2f039a74d2d0f1d895972e1b9274c.image.147x130.jpg HTTP/1.1" 200 3348 "https://galaxybeads.com.au/shop/index.php?main_page=index&cPath=52_54" "Mozilla/5.0 (iPhone; CPU iPhone OS 18_7 like Mac OS X) AppleWebKit/605.1.15 (KHTML, like Gecko) Version/26.3 Mobile/15E148 Safari/604.1"
157.211.5.253 - - [01/May/2026:02:20:21 +1000] "GET /shop/bmz_cache/4/4b72167864b56d8d53857aec0466d841.image.107x149.JPG HTTP/1.1" 200 3291 "https://galaxybeads.com.au/shop/index.php?main_page=index&cPath=52_54" "Mozilla/5.0 (iPhone; CPU iPhone OS 18_7 like Mac OS X) AppleWebKit/605.1.15 (KHTML, like Gecko) Version/26.3 Mobile/15E148 Safari/604.1"
157.211.5.253 - - [01/May/2026:02:20:21 +1000] "GET /shop/bmz_cache/e/e51e10ee89278d50562b51d8b2332900.image.147x111.jpg HTTP/1.1" 200 3706 "https://galaxybeads.com.au/shop/index.php?main_page=index&cPath=52_54" "Mozilla/5.0 (iPhone; CPU iPhone OS 18_7 like Mac OS X) AppleWebKit/605.1.15 (KHTML, like Gecko) Version/26.3 Mobile/15E148 Safari/604.1"
157.211.5.253 - - [01/May/2026:02:20:21 +1000] "GET /shop/bmz_cache/0/020dc881a84fb9735e021005f081582d.image.122x149.jpg HTTP/1.1" 200 2800 "https://galaxybeads.com.au/shop/index.php?main_page=index&cPath=52_54" "Mozilla/5.0 (iPhone; CPU iPhone OS 18_7 like Mac OS X) AppleWebKit/605.1.15 (KHTML, like Gecko) Version/26.3 Mobile/15E148 Safari/604.1"
157.211.5.253 - - [01/May/2026:02:20:21 +1000] "GET /shop/includes/templates/theme228/images/img_box2_side.gif HTTP/1.1" 404 10898 "https://galaxybeads.com.au/shop/index.php?main_page=index&cPath=52_54" "Mozilla/5.0 (iPhone; CPU iPhone OS 18_7 like Mac OS X) AppleWebKit/605.1.15 (KHTML, like Gecko) Version/26.3 Mobile/15E148 Safari/604.1"
157.211.5.253 - - [01/May/2026:02:20:21 +1000] "GET /shop/includes/templates/theme228/images/box2_left_top_bg.gif HTTP/1.1" 404 10904 "https://galaxybeads.com.au/shop/index.php?main_page=index&cPath=52_54" "Mozilla/5.0 (iPhone; CPU iPhone OS 18_7 like Mac OS X) AppleWebKit/605.1.15 (KHTML, like Gecko) Version/26.3 Mobile/15E148 Safari/604.1"
157.211.5.253 - - [01/May/2026:02:20:21 +1000] "GET /shop/includes/templates/theme228/images/spacer.gif HTTP/1.1" 404 10886 "https://galaxybeads.com.au/shop/index.php?main_page=index&cPath=52_54" "Mozilla/5.0 (iPhone; CPU iPhone OS 18_7 like Mac OS X) AppleWebKit/605.1.15 (KHTML, like Gecko) Version/26.3 Mobile/15E148 Safari/604.1"
157.211.5.253 - - [01/May/2026:02:20:21 +1000] "GET /shop/includes/templates/theme228/images/img_box2_left_top.gif HTTP/1.1" 404 10901 "https://galaxybeads.com.au/shop/index.php?main_page=index&cPath=52_54" "Mozilla/5.0 (iPhone; CPU iPhone OS 18_7 like Mac OS X) AppleWebKit/605.1.15 (KHTML, like Gecko) Version/26.3 Mobile/15E148 Safari/604.1"
157.211.5.253 - - [01/May/2026:02:20:21 +1000] "GET /shop/includes/templates/theme228/images/product_box_left_top_bg.gif HTTP/1.1" 404 10914 "https://galaxybeads.com.au/shop/index.php?main_page=index&cPath=52_54" "Mozilla/5.0 (iPhone; CPU iPhone OS 18_7 like Mac OS X) AppleWebKit/605.1.15 (KHTML, like Gecko) Version/26.3 Mobile/15E148 Safari/604.1"
157.211.5.253 - - [01/May/2026:02:20:21 +1000] "GET /shop/includes/templates/theme228/images/img_box2_right_top.gif HTTP/1.1" 404 10906 "https://galaxybeads.com.au/shop/index.php?main_page=index&cPath=52_54" "Mozilla/5.0 (iPhone; CPU iPhone OS 18_7 like Mac OS X) AppleWebKit/605.1.15 (KHTML, like Gecko) Version/26.3 Mobile/15E148 Safari/604.1"
157.211.5.253 - - [01/May/2026:02:20:24 +1000] "GET /shop/includes/templates/theme228/images/product_box_side_bgx.gif HTTP/1.1" 404 10909 "https://galaxybeads.com.au/shop/index.php?main_page=index&cPath=52_54" "Mozilla/5.0 (iPhone; CPU iPhone OS 18_7 like Mac OS X) AppleWebKit/605.1.15 (KHTML, like Gecko) Version/26.3 Mobile/15E148 Safari/604.1"
157.211.5.253 - - [01/May/2026:02:20:24 +1000] "GET /shop/includes/templates/theme228/images/product_box_left_bottom_bg.gif HTTP/1.1" 404 10915 "https://galaxybeads.com.au/shop/index.php?main_page=index&cPath=52_54" "Mozilla/5.0 (iPhone; CPU iPhone OS 18_7 like Mac OS X) AppleWebKit/605.1.15 (KHTML, like Gecko) Version/26.3 Mobile/15E148 Safari/604.1"
157.211.5.253 - - [01/May/2026:02:20:24 +1000] "GET /shop/includes/templates/theme228/images/img_box2_left_bottom.gif HTTP/1.1" 404 10904 "https://galaxybeads.com.au/shop/index.php?main_page=index&cPath=52_54" "Mozilla/5.0 (iPhone; CPU iPhone OS 18_7 like Mac OS X) AppleWebKit/605.1.15 (KHTML, like Gecko) Version/26.3 Mobile/15E148 Safari/604.1"
157.211.5.253 - - [01/May/2026:02:20:24 +1000] "GET /shop/includes/templates/theme228/images/product_box_right_top_bg.gif HTTP/1.1" 404 10916 "https://galaxybeads.com.au/shop/index.php?main_page=index&cPath=52_54" "Mozilla/5.0 (iPhone; CPU iPhone OS 18_7 like Mac OS X) AppleWebKit/605.1.15 (KHTML, like Gecko) Version/26.3 Mobile/15E148 Safari/604.1"
77.46.136.200 - - [01/May/2026:02:20:25 +1000] "POST /xmlrpc.php HTTP/1.1" 200 447 "-" "WordPress.com; https://wordpress.com"
157.211.5.253 - - [01/May/2026:02:20:24 +1000] "GET /shop/includes/templates/theme228/images/product_box_right_bottom_bg.gif HTTP/1.1" 404 10916 "https://galaxybeads.com.au/shop/index.php?main_page=index&cPath=52_54" "Mozilla/5.0 (iPhone; CPU iPhone OS 18_7 like Mac OS X) AppleWebKit/605.1.15 (KHTML, like Gecko) Version/26.3 Mobile/15E148 Safari/604.1"
157.211.5.253 - - [01/May/2026:02:20:24 +1000] "GET /shop/includes/templates/theme228/images/img_box2_right_bottom.gif HTTP/1.1" 404 10907 "https://galaxybeads.com.au/shop/index.php?main_page=index&cPath=52_54" "Mozilla/5.0 (iPhone; CPU iPhone OS 18_7 like Mac OS X) AppleWebKit/605.1.15 (KHTML, like Gecko) Version/26.3 Mobile/15E148 Safari/604.1"
157.211.5.253 - - [01/May/2026:02:20:26 +1000] "GET /shop/includes/templates/theme228/images/nav_top_bg1.gif HTTP/1.1" 404 10895 "https://galaxybeads.com.au/shop/index.php?main_page=index&cPath=52_54" "Mozilla/5.0 (iPhone; CPU iPhone OS 18_7 like Mac OS X) AppleWebKit/605.1.15 (KHTML, like Gecko) Version/26.3 Mobile/15E148 Safari/604.1"
157.211.5.253 - - [01/May/2026:02:20:26 +1000] "GET /shop/includes/templates/theme228/images/bg-topic-topx.gif HTTP/1.1" 404 10895 "https://galaxybeads.com.au/shop/index.php?main_page=index&cPath=52_54" "Mozilla/5.0 (iPhone; CPU iPhone OS 18_7 like Mac OS X) AppleWebKit/605.1.15 (KHTML, like Gecko) Version/26.3 Mobile/15E148 Safari/604.1"
157.211.5.253 - - [01/May/2026:02:20:27 +1000] "GET /shop/includes/templates/theme228/images/bg-topic-top-left.gif HTTP/1.1" 404 10900 "https://galaxybeads.com.au/shop/index.php?main_page=index&cPath=52_54" "Mozilla/5.0 (iPhone; CPU iPhone OS 18_7 like Mac OS X) AppleWebKit/605.1.15 (KHTML, like Gecko) Version/26.3 Mobile/15E148 Safari/604.1"
157.211.5.253 - - [01/May/2026:02:20:27 +1000] "GET /shop/includes/templates/theme228/images/box_head_bg9.gif HTTP/1.1" 404 10898 "https://galaxybeads.com.au/shop/index.php?main_page=index&cPath=52_54" "Mozilla/5.0 (iPhone; CPU iPhone OS 18_7 like Mac OS X) AppleWebKit/605.1.15 (KHTML, like Gecko) Version/26.3 Mobile/15E148 Safari/604.1"
157.211.5.253 - - [01/May/2026:02:20:27 +1000] "GET /shop/includes/templates/theme228/images/box_head_bg11.gif HTTP/1.1" 404 10899 "https://galaxybeads.com.au/shop/index.php?main_page=index&cPath=52_54" "Mozilla/5.0 (iPhone; CPU iPhone OS 18_7 like Mac OS X) AppleWebKit/605.1.15 (KHTML, like Gecko) Version/26.3 Mobile/15E148 Safari/604.1"
157.211.5.253 - - [01/May/2026:02:20:27 +1000] "GET /shop/includes/templates/theme228/images/box_head_bg10.gif HTTP/1.1" 404 10899 "https://galaxybeads.com.au/shop/index.php?main_page=index&cPath=52_54" "Mozilla/5.0 (iPhone; CPU iPhone OS 18_7 like Mac OS X) AppleWebKit/605.1.15 (KHTML, like Gecko) Version/26.3 Mobile/15E148 Safari/604.1"
157.211.5.253 - - [01/May/2026:02:20:28 +1000] "GET /shop/includes/templates/theme228/images/box_head_bg7.gif HTTP/1.1" 404 10897 "https://galaxybeads.com.au/shop/index.php?main_page=index&cPath=52_54" "Mozilla/5.0 (iPhone; CPU iPhone OS 18_7 like Mac OS X) AppleWebKit/605.1.15 (KHTML, like Gecko) Version/26.3 Mobile/15E148 Safari/604.1"
157.211.5.253 - - [01/May/2026:02:20:30 +1000] "GET /shop/includes/templates/theme228/images/box2_right_top_bg.gif HTTP/1.1" 404 10905 "https://galaxybeads.com.au/shop/index.php?main_page=index&cPath=52_54" "Mozilla/5.0 (iPhone; CPU iPhone OS 18_7 like Mac OS X) AppleWebKit/605.1.15 (KHTML, like Gecko) Version/26.3 Mobile/15E148 Safari/604.1"
157.211.5.253 - - [01/May/2026:02:20:30 +1000] "GET /shop/includes/templates/theme228/images/background-side-heading-bgx.gif HTTP/1.1" 404 10912 "https://galaxybeads.com.au/shop/index.php?main_page=index&cPath=52_54" "Mozilla/5.0 (iPhone; CPU iPhone OS 18_7 like Mac OS X) AppleWebKit/605.1.15 (KHTML, like Gecko) Version/26.3 Mobile/15E148 Safari/604.1"
157.211.5.253 - - [01/May/2026:02:20:30 +1000] "GET /shop/includes/templates/theme228/images/box_head_bg4.gif HTTP/1.1" 404 10897 "https://galaxybeads.com.au/shop/index.php?main_page=index&cPath=52_54" "Mozilla/5.0 (iPhone; CPU iPhone OS 18_7 like Mac OS X) AppleWebKit/605.1.15 (KHTML, like Gecko) Version/26.3 Mobile/15E148 Safari/604.1"
157.211.5.253 - - [01/May/2026:02:20:30 +1000] "GET /shop/includes/templates/theme228/images/box_head_bg5.gif HTTP/1.1" 404 10895 "https://galaxybeads.com.au/shop/index.php?main_page=index&cPath=52_54" "Mozilla/5.0 (iPhone; CPU iPhone OS 18_7 like Mac OS X) AppleWebKit/605.1.15 (KHTML, like Gecko) Version/26.3 Mobile/15E148 Safari/604.1"
162.214.173.88 - - [01/May/2026:02:20:27 +1000] "POST /xmlrpc.php HTTP/1.1" 200 249 "-" "Mozilla/5.0 (Windows NT 6.1; WOW64; Trident/7.0; EIE11;ENUSMSN; rv:11.0) like Gecko"
157.211.5.253 - - [01/May/2026:02:20:30 +1000] "GET /shop/includes/templates/theme228/images/box_head_bg6.gif HTTP/1.1" 404 10898 "https://galaxybeads.com.au/shop/index.php?main_page=index&cPath=52_54" "Mozilla/5.0 (iPhone; CPU iPhone OS 18_7 like Mac OS X) AppleWebKit/605.1.15 (KHTML, like Gecko) Version/26.3 Mobile/15E148 Safari/604.1"
157.211.5.253 - - [01/May/2026:02:20:32 +1000] "GET /shop/includes/templates/theme228/images/box2_top_bg.gif HTTP/1.1" 404 10896 "https://galaxybeads.com.au/shop/index.php?main_page=index&cPath=52_54" "Mozilla/5.0 (iPhone; CPU iPhone OS 18_7 like Mac OS X) AppleWebKit/605.1.15 (KHTML, like Gecko) Version/26.3 Mobile/15E148 Safari/604.1"
157.211.5.253 - - [01/May/2026:02:20:32 +1000] "GET /shop/includes/templates/theme228/images/bg-topic-top-right.gif HTTP/1.1" 404 10901 "https://galaxybeads.com.au/shop/index.php?main_page=index&cPath=52_54" "Mozilla/5.0 (iPhone; CPU iPhone OS 18_7 like Mac OS X) AppleWebKit/605.1.15 (KHTML, like Gecko) Version/26.3 Mobile/15E148 Safari/604.1"
157.211.5.253 - - [01/May/2026:02:20:33 +1000] "GET /shop/includes/templates/theme228/images/bg-topic-sidex.gif HTTP/1.1" 404 10897 "https://galaxybeads.com.au/shop/index.php?main_page=index&cPath=52_54" "Mozilla/5.0 (iPhone; CPU iPhone OS 18_7 like Mac OS X) AppleWebKit/605.1.15 (KHTML, like Gecko) Version/26.3 Mobile/15E148 Safari/604.1"
157.211.5.253 - - [01/May/2026:02:20:32 +1000] "GET /shop/includes/templates/theme228/images/box_head_bg8.gif HTTP/1.1" 404 10897 "https://galaxybeads.com.au/shop/index.php?main_page=index&cPath=52_54" "Mozilla/5.0 (iPhone; CPU iPhone OS 18_7 like Mac OS X) AppleWebKit/605.1.15 (KHTML, like Gecko) Version/26.3 Mobile/15E148 Safari/604.1"
157.211.5.253 - - [01/May/2026:02:20:33 +1000] "GET /shop/includes/templates/theme228/images/bg-bottom-left-1.gif HTTP/1.1" 404 10901 "https://galaxybeads.com.au/shop/index.php?main_page=index&cPath=52_54" "Mozilla/5.0 (iPhone; CPU iPhone OS 18_7 like Mac OS X) AppleWebKit/605.1.15 (KHTML, like Gecko) Version/26.3 Mobile/15E148 Safari/604.1"
157.211.5.253 - - [01/May/2026:02:20:33 +1000] "GET /shop/includes/templates/theme228/images/bg-topic-bottomx.gif HTTP/1.1" 404 10902 "https://galaxybeads.com.au/shop/index.php?main_page=index&cPath=52_54" "Mozilla/5.0 (iPhone; CPU iPhone OS 18_7 like Mac OS X) AppleWebKit/605.1.15 (KHTML, like Gecko) Version/26.3 Mobile/15E148 Safari/604.1"
157.211.5.253 - - [01/May/2026:02:20:34 +1000] "GET /shop/includes/templates/theme228/images/bg-topic-top-right-2x.gif HTTP/1.1" 404 10907 "https://galaxybeads.com.au/shop/index.php?main_page=index&cPath=52_54" "Mozilla/5.0 (iPhone; CPU iPhone OS 18_7 like Mac OS X) AppleWebKit/605.1.15 (KHTML, like Gecko) Version/26.3 Mobile/15E148 Safari/604.1"
157.211.5.253 - - [01/May/2026:02:20:34 +1000] "GET /shop/includes/templates/theme228/images/bg-bottom-right-1.gif HTTP/1.1" 404 10903 "https://galaxybeads.com.au/shop/index.php?main_page=index&cPath=52_54" "Mozilla/5.0 (iPhone; CPU iPhone OS 18_7 like Mac OS X) AppleWebKit/605.1.15 (KHTML, like Gecko) Version/26.3 Mobile/15E148 Safari/604.1"
157.211.5.253 - - [01/May/2026:02:20:35 +1000] "GET /shop/includes/templates/theme228/images/productListing-data-bg.gif HTTP/1.1" 404 10907 "https://galaxybeads.com.au/shop/index.php?main_page=index&cPath=52_54" "Mozilla/5.0 (iPhone; CPU iPhone OS 18_7 like Mac OS X) AppleWebKit/605.1.15 (KHTML, like Gecko) Version/26.3 Mobile/15E148 Safari/604.1"
77.46.136.200 - - [01/May/2026:02:20:35 +1000] "POST /xmlrpc.php HTTP/1.1" 200 447 "-" "WordPress.com; https://wordpress.com"
157.211.5.253 - - [01/May/2026:02:20:35 +1000] "GET /shop/includes/templates/theme228/images/box1_bg2.gif HTTP/1.1" 404 10892 "https://galaxybeads.com.au/shop/index.php?main_page=index&cPath=52_54" "Mozilla/5.0 (iPhone; CPU iPhone OS 18_7 like Mac OS X) AppleWebKit/605.1.15 (KHTML, like Gecko) Version/26.3 Mobile/15E148 Safari/604.1"
157.211.5.253 - - [01/May/2026:02:20:35 +1000] "GET /shop/includes/templates/theme228/images/bg-topic-top-left-2x.gif HTTP/1.1" 404 10906 "https://galaxybeads.com.au/shop/index.php?main_page=index&cPath=52_54" "Mozilla/5.0 (iPhone; CPU iPhone OS 18_7 like Mac OS X) AppleWebKit/605.1.15 (KHTML, like Gecko) Version/26.3 Mobile/15E148 Safari/604.1"
157.211.5.253 - - [01/May/2026:02:20:36 +1000] "GET /shop/includes/templates/theme228/images/list_background1.gif HTTP/1.1" 404 10900 "https://galaxybeads.com.au/shop/index.php?main_page=index&cPath=52_54" "Mozilla/5.0 (iPhone; CPU iPhone OS 18_7 like Mac OS X) AppleWebKit/605.1.15 (KHTML, like Gecko) Version/26.3 Mobile/15E148 Safari/604.1"
157.211.5.253 - - [01/May/2026:02:20:37 +1000] "GET /shop/includes/templates/theme228/images/box1_bg1.gif HTTP/1.1" 404 10892 "https://galaxybeads.com.au/shop/index.php?main_page=index&cPath=52_54" "Mozilla/5.0 (iPhone; CPU iPhone OS 18_7 like Mac OS X) AppleWebKit/605.1.15 (KHTML, like Gecko) Version/26.3 Mobile/15E148 Safari/604.1"
157.211.5.253 - - [01/May/2026:02:20:37 +1000] "GET /shop/includes/templates/theme228/images/list_background.gif HTTP/1.1" 404 10897 "https://galaxybeads.com.au/shop/index.php?main_page=index&cPath=52_54" "Mozilla/5.0 (iPhone; CPU iPhone OS 18_7 like Mac OS X) AppleWebKit/605.1.15 (KHTML, like Gecko) Version/26.3 Mobile/15E148 Safari/604.1"
157.211.5.253 - - [01/May/2026:02:20:37 +1000] "GET /shop/includes/templates/theme228/images/bg-bottom-right-2x.gif HTTP/1.1" 404 10906 "https://galaxybeads.com.au/shop/index.php?main_page=index&cPath=52_54" "Mozilla/5.0 (iPhone; CPU iPhone OS 18_7 like Mac OS X) AppleWebKit/605.1.15 (KHTML, like Gecko) Version/26.3 Mobile/15E148 Safari/604.1"
157.211.5.253 - - [01/May/2026:02:20:38 +1000] "GET /shop/includes/templates/theme228/images/bg-topic-bottom-2.gif HTTP/1.1" 404 10902 "https://galaxybeads.com.au/shop/index.php?main_page=index&cPath=52_54" "Mozilla/5.0 (iPhone; CPU iPhone OS 18_7 like Mac OS X) AppleWebKit/605.1.15 (KHTML, like Gecko) Version/26.3 Mobile/15E148 Safari/604.1"
157.211.5.253 - - [01/May/2026:02:20:38 +1000] "GET /shop/includes/templates/theme228/images/bg-bottom-left-2x.gif HTTP/1.1" 404 10904 "https://galaxybeads.com.au/shop/index.php?main_page=index&cPath=52_54" "Mozilla/5.0 (iPhone; CPU iPhone OS 18_7 like Mac OS X) AppleWebKit/605.1.15 (KHTML, like Gecko) Version/26.3 Mobile/15E148 Safari/604.1"
157.211.5.253 - - [01/May/2026:02:20:39 +1000] "GET /shop/includes/templates/theme228/images/center_tep_bottom.gif HTTP/1.1" 404 10900 "https://galaxybeads.com.au/shop/index.php?main_page=index&cPath=52_54" "Mozilla/5.0 (iPhone; CPU iPhone OS 18_7 like Mac OS X) AppleWebKit/605.1.15 (KHTML, like Gecko) Version/26.3 Mobile/15E148 Safari/604.1"
157.211.5.253 - - [01/May/2026:02:20:39 +1000] "GET /shop/includes/templates/theme228/images/lbc.gif HTTP/1.1" 404 10883 "https://galaxybeads.com.au/shop/index.php?main_page=index&cPath=52_54" "Mozilla/5.0 (iPhone; CPU iPhone OS 18_7 like Mac OS X) AppleWebKit/605.1.15 (KHTML, like Gecko) Version/26.3 Mobile/15E148 Safari/604.1"
157.211.5.253 - - [01/May/2026:02:20:39 +1000] "GET /shop/includes/templates/theme228/images/rbc.gif HTTP/1.1" 404 10882 "https://galaxybeads.com.au/shop/index.php?main_page=index&cPath=52_54" "Mozilla/5.0 (iPhone; CPU iPhone OS 18_7 like Mac OS X) AppleWebKit/605.1.15 (KHTML, like Gecko) Version/26.3 Mobile/15E148 Safari/604.1"
157.211.5.253 - - [01/May/2026:02:20:41 +1000] "GET /shop/includes/templates/theme228/images/box3_bg1.gif HTTP/1.1" 404 10894 "https://galaxybeads.com.au/shop/index.php?main_page=index&cPath=52_54" "Mozilla/5.0 (iPhone; CPU iPhone OS 18_7 like Mac OS X) AppleWebKit/605.1.15 (KHTML, like Gecko) Version/26.3 Mobile/15E148 Safari/604.1"
203.161.56.124 - - [01/May/2026:02:20:44 +1000] "GET /wp-login.php HTTP/1.1" 200 4711 "-" "Mozilla/5.0 (Windows NT 6.1; Win64; x64) AppleWebKit/537.36 (KHTML, like Gecko) Chrome/65.0.3325.181 Safari/537.36 OPR/52.0.2871.64"
77.46.136.200 - - [01/May/2026:02:20:46 +1000] "POST /xmlrpc.php HTTP/1.1" 200 447 "-" "WordPress.com; https://wordpress.com"
203.161.56.124 - - [01/May/2026:02:20:47 +1000] "POST /wp-login.php HTTP/1.1" 200 4711 "https://mail.youronesite.com/wp-login.php" "Mozilla/5.0 (Windows NT 6.1; Win64; x64) AppleWebKit/537.36 (KHTML, like Gecko) Chrome/65.0.3325.181 Safari/537.36 OPR/52.0.2871.64"
77.46.136.200 - - [01/May/2026:02:20:57 +1000] "POST /xmlrpc.php HTTP/1.1" 200 447 "-" "WordPress.com; https://wordpress.com"
157.211.5.253 - - [01/May/2026:02:21:05 +1000] "GET /shop/index.php?main_page=index&cPath=38 HTTP/1.1" 200 9562 "https://galaxybeads.com.au/shop/index.php?main_page=index&cPath=52_54" "Mozilla/5.0 (iPhone; CPU iPhone OS 18_7 like Mac OS X) AppleWebKit/605.1.15 (KHTML, like Gecko) Version/26.3 Mobile/15E148 Safari/604.1"
157.211.5.253 - - [01/May/2026:02:21:06 +1000] "GET /shop/includes/templates/theme228/images/product_box_left_bottom_bg.gif HTTP/1.1" 404 10914 "https://galaxybeads.com.au/shop/index.php?main_page=index&cPath=38" "Mozilla/5.0 (iPhone; CPU iPhone OS 18_7 like Mac OS X) AppleWebKit/605.1.15 (KHTML, like Gecko) Version/26.3 Mobile/15E148 Safari/604.1"
2405:3f00:a222:bbbb:bba1:60:ffff:ffff - - [01/May/2026:02:21:09 +1000] "POST /wp-cron.php?doing_wp_cron=1777566069.1180920600891113281250 HTTP/1.1" 200 - "-" "WordPress/6.9.4; https://galaxybeads.com.au"
157.211.5.253 - - [01/May/2026:02:21:06 +1000] "GET /shop/includes/templates/theme228/images/product_box_side_bgx.gif HTTP/1.1" 404 10910 "https://galaxybeads.com.au/shop/index.php?main_page=index&cPath=38" "Mozilla/5.0 (iPhone; CPU iPhone OS 18_7 like Mac OS X) AppleWebKit/605.1.15 (KHTML, like Gecko) Version/26.3 Mobile/15E148 Safari/604.1"
157.211.5.253 - - [01/May/2026:02:21:06 +1000] "GET /shop/includes/templates/theme228/images/spacer.gif HTTP/1.1" 404 10885 "https://galaxybeads.com.au/shop/index.php?main_page=index&cPath=38" "Mozilla/5.0 (iPhone; CPU iPhone OS 18_7 like Mac OS X) AppleWebKit/605.1.15 (KHTML, like Gecko) Version/26.3 Mobile/15E148 Safari/604.1"
157.211.5.253 - - [01/May/2026:02:21:06 +1000] "GET /shop/includes/templates/theme228/images/product_box_right_top_bg.gif HTTP/1.1" 404 10915 "https://galaxybeads.com.au/shop/index.php?main_page=index&cPath=38" "Mozilla/5.0 (iPhone; CPU iPhone OS 18_7 like Mac OS X) AppleWebKit/605.1.15 (KHTML, like Gecko) Version/26.3 Mobile/15E148 Safari/604.1"
157.211.5.253 - - [01/May/2026:02:21:06 +1000] "GET /shop/includes/templates/theme228/images/product_box_left_top_bg.gif HTTP/1.1" 404 10914 "https://galaxybeads.com.au/shop/index.php?main_page=index&cPath=38" "Mozilla/5.0 (iPhone; CPU iPhone OS 18_7 like Mac OS X) AppleWebKit/605.1.15 (KHTML, like Gecko) Version/26.3 Mobile/15E148 Safari/604.1"
157.211.5.253 - - [01/May/2026:02:21:06 +1000] "GET /shop/includes/templates/theme228/images/box2_left_top_bg.gif HTTP/1.1" 404 10905 "https://galaxybeads.com.au/shop/index.php?main_page=index&cPath=38" "Mozilla/5.0 (iPhone; CPU iPhone OS 18_7 like Mac OS X) AppleWebKit/605.1.15 (KHTML, like Gecko) Version/26.3 Mobile/15E148 Safari/604.1"
77.46.136.200 - - [01/May/2026:02:21:08 +1000] "POST /xmlrpc.php HTTP/1.1" 200 447 "-" "WordPress.com; https://wordpress.com"
157.211.5.253 - - [01/May/2026:02:21:09 +1000] "GET /shop/includes/templates/theme228/images/box_head_bg9.gif HTTP/1.1" 404 10897 "https://galaxybeads.com.au/shop/index.php?main_page=index&cPath=38" "Mozilla/5.0 (iPhone; CPU iPhone OS 18_7 like Mac OS X) AppleWebKit/605.1.15 (KHTML, like Gecko) Version/26.3 Mobile/15E148 Safari/604.1"
157.211.5.253 - - [01/May/2026:02:21:09 +1000] "GET /shop/includes/templates/theme228/images/product_box_right_bottom_bg.gif HTTP/1.1" 404 10917 "https://galaxybeads.com.au/shop/index.php?main_page=index&cPath=38" "Mozilla/5.0 (iPhone; CPU iPhone OS 18_7 like Mac OS X) AppleWebKit/605.1.15 (KHTML, like Gecko) Version/26.3 Mobile/15E148 Safari/604.1"
157.211.5.253 - - [01/May/2026:02:21:09 +1000] "GET /shop/includes/templates/theme228/images/box_head_bg7.gif HTTP/1.1" 404 10898 "https://galaxybeads.com.au/shop/index.php?main_page=index&cPath=38" "Mozilla/5.0 (iPhone; CPU iPhone OS 18_7 like Mac OS X) AppleWebKit/605.1.15 (KHTML, like Gecko) Version/26.3 Mobile/15E148 Safari/604.1"
157.211.5.253 - - [01/May/2026:02:21:09 +1000] "GET /shop/includes/templates/theme228/images/box2_right_top_bg.gif HTTP/1.1" 404 10905 "https://galaxybeads.com.au/shop/index.php?main_page=index&cPath=38" "Mozilla/5.0 (iPhone; CPU iPhone OS 18_7 like Mac OS X) AppleWebKit/605.1.15 (KHTML, like Gecko) Version/26.3 Mobile/15E148 Safari/604.1"
157.211.5.253 - - [01/May/2026:02:21:09 +1000] "GET /shop/includes/templates/theme228/images/box_head_bg11.gif HTTP/1.1" 404 10900 "https://galaxybeads.com.au/shop/index.php?main_page=index&cPath=38" "Mozilla/5.0 (iPhone; CPU iPhone OS 18_7 like Mac OS X) AppleWebKit/605.1.15 (KHTML, like Gecko) Version/26.3 Mobile/15E148 Safari/604.1"
157.211.5.253 - - [01/May/2026:02:21:09 +1000] "GET /shop/includes/templates/theme228/images/box_head_bg10.gif HTTP/1.1" 404 10899 "https://galaxybeads.com.au/shop/index.php?main_page=index&cPath=38" "Mozilla/5.0 (iPhone; CPU iPhone OS 18_7 like Mac OS X) AppleWebKit/605.1.15 (KHTML, like Gecko) Version/26.3 Mobile/15E148 Safari/604.1"
157.211.5.253 - - [01/May/2026:02:21:11 +1000] "GET /shop/includes/templates/theme228/images/box_head_bg4.gif HTTP/1.1" 404 10897 "https://galaxybeads.com.au/shop/index.php?main_page=index&cPath=38" "Mozilla/5.0 (iPhone; CPU iPhone OS 18_7 like Mac OS X) AppleWebKit/605.1.15 (KHTML, like Gecko) Version/26.3 Mobile/15E148 Safari/604.1"
157.211.5.253 - - [01/May/2026:02:21:11 +1000] "GET /shop/includes/templates/theme228/images/box_head_bg5.gif HTTP/1.1" 404 10897 "https://galaxybeads.com.au/shop/index.php?main_page=index&cPath=38" "Mozilla/5.0 (iPhone; CPU iPhone OS 18_7 like Mac OS X) AppleWebKit/605.1.15 (KHTML, like Gecko) Version/26.3 Mobile/15E148 Safari/604.1"
157.211.5.253 - - [01/May/2026:02:21:11 +1000] "GET /shop/includes/templates/theme228/images/box_head_bg6.gif HTTP/1.1" 404 10898 "https://galaxybeads.com.au/shop/index.php?main_page=index&cPath=38" "Mozilla/5.0 (iPhone; CPU iPhone OS 18_7 like Mac OS X) AppleWebKit/605.1.15 (KHTML, like Gecko) Version/26.3 Mobile/15E148 Safari/604.1"
157.211.5.253 - - [01/May/2026:02:21:12 +1000] "GET /shop/includes/templates/theme228/images/box1_bg2.gif HTTP/1.1" 404 10893 "https://galaxybeads.com.au/shop/index.php?main_page=index&cPath=38" "Mozilla/5.0 (iPhone; CPU iPhone OS 18_7 like Mac OS X) AppleWebKit/605.1.15 (KHTML, like Gecko) Version/26.3 Mobile/15E148 Safari/604.1"
157.211.5.253 - - [01/May/2026:02:21:12 +1000] "GET /shop/includes/templates/theme228/images/box_head_bg8.gif HTTP/1.1" 404 10896 "https://galaxybeads.com.au/shop/index.php?main_page=index&cPath=38" "Mozilla/5.0 (iPhone; CPU iPhone OS 18_7 like Mac OS X) AppleWebKit/605.1.15 (KHTML, like Gecko) Version/26.3 Mobile/15E148 Safari/604.1"
157.211.5.253 - - [01/May/2026:02:21:12 +1000] "GET /shop/includes/templates/theme228/images/box2_top_bg.gif HTTP/1.1" 404 10895 "https://galaxybeads.com.au/shop/index.php?main_page=index&cPath=38" "Mozilla/5.0 (iPhone; CPU iPhone OS 18_7 like Mac OS X) AppleWebKit/605.1.15 (KHTML, like Gecko) Version/26.3 Mobile/15E148 Safari/604.1"
157.211.5.253 - - [01/May/2026:02:21:13 +1000] "GET /shop/includes/templates/theme228/images/list_background.gif HTTP/1.1" 404 10898 "https://galaxybeads.com.au/shop/index.php?main_page=index&cPath=38" "Mozilla/5.0 (iPhone; CPU iPhone OS 18_7 like Mac OS X) AppleWebKit/605.1.15 (KHTML, like Gecko) Version/26.3 Mobile/15E148 Safari/604.1"
157.211.5.253 - - [01/May/2026:02:21:13 +1000] "GET /shop/includes/templates/theme228/images/list_background1.gif HTTP/1.1" 404 10899 "https://galaxybeads.com.au/shop/index.php?main_page=index&cPath=38" "Mozilla/5.0 (iPhone; CPU iPhone OS 18_7 like Mac OS X) AppleWebKit/605.1.15 (KHTML, like Gecko) Version/26.3 Mobile/15E148 Safari/604.1"
157.211.5.253 - - [01/May/2026:02:21:13 +1000] "GET /shop/includes/templates/theme228/images/box1_bg1.gif HTTP/1.1" 404 10893 "https://galaxybeads.com.au/shop/index.php?main_page=index&cPath=38" "Mozilla/5.0 (iPhone; CPU iPhone OS 18_7 like Mac OS X) AppleWebKit/605.1.15 (KHTML, like Gecko) Version/26.3 Mobile/15E148 Safari/604.1"
157.211.5.253 - - [01/May/2026:02:21:14 +1000] "GET /shop/includes/templates/theme228/images/lbc.gif HTTP/1.1" 404 10882 "https://galaxybeads.com.au/shop/index.php?main_page=index&cPath=38" "Mozilla/5.0 (iPhone; CPU iPhone OS 18_7 like Mac OS X) AppleWebKit/605.1.15 (KHTML, like Gecko) Version/26.3 Mobile/15E148 Safari/604.1"
157.211.5.253 - - [01/May/2026:02:21:14 +1000] "GET /shop/includes/templates/theme228/images/center_tep_bottom.gif HTTP/1.1" 404 10899 "https://galaxybeads.com.au/shop/index.php?main_page=index&cPath=38" "Mozilla/5.0 (iPhone; CPU iPhone OS 18_7 like Mac OS X) AppleWebKit/605.1.15 (KHTML, like Gecko) Version/26.3 Mobile/15E148 Safari/604.1"
157.211.5.253 - - [01/May/2026:02:21:15 +1000] "GET /shop/includes/templates/theme228/images/rbc.gif HTTP/1.1" 404 10883 "https://galaxybeads.com.au/shop/index.php?main_page=index&cPath=38" "Mozilla/5.0 (iPhone; CPU iPhone OS 18_7 like Mac OS X) AppleWebKit/605.1.15 (KHTML, like Gecko) Version/26.3 Mobile/15E148 Safari/604.1"
157.211.5.253 - - [01/May/2026:02:21:16 +1000] "GET /shop/includes/templates/theme228/images/box3_bg1.gif HTTP/1.1" 404 10891 "https://galaxybeads.com.au/shop/index.php?main_page=index&cPath=38" "Mozilla/5.0 (iPhone; CPU iPhone OS 18_7 like Mac OS X) AppleWebKit/605.1.15 (KHTML, like Gecko) Version/26.3 Mobile/15E148 Safari/604.1"
77.46.136.200 - - [01/May/2026:02:21:18 +1000] "POST /xmlrpc.php HTTP/1.1" 200 447 "-" "Jetpack by WordPress.com"
157.211.5.253 - - [01/May/2026:02:21:29 +1000] "GET /shop/index.php?currency=AUD&main_page=index&cPath=38&main_page=advanced_search_result&search_in_description=1&keyword=Jump+rings HTTP/1.1" 302 - "https://galaxybeads.com.au/shop/index.php?main_page=index&cPath=38" "Mozilla/5.0 (iPhone; CPU iPhone OS 18_7 like Mac OS X) AppleWebKit/605.1.15 (KHTML, like Gecko) Version/26.3 Mobile/15E148 Safari/604.1"
157.211.5.253 - - [01/May/2026:02:21:29 +1000] "GET /shop/index.php?main_page=advanced_search_result&cPath=38&search_in_description=1&keyword=Jump%20rings HTTP/1.1" 302 - "https://galaxybeads.com.au/shop/index.php?main_page=index&cPath=38" "Mozilla/5.0 (iPhone; CPU iPhone OS 18_7 like Mac OS X) AppleWebKit/605.1.15 (KHTML, like Gecko) Version/26.3 Mobile/15E148 Safari/604.1"
157.211.5.253 - - [01/May/2026:02:21:30 +1000] "GET /shop/index.php?main_page=advanced_search&cPath=38&search_in_description=1&keyword=Jump%20rings&inc_subcat=0&sort=20a HTTP/1.1" 200 12183 "https://galaxybeads.com.au/shop/index.php?main_page=index&cPath=38" "Mozilla/5.0 (iPhone; CPU iPhone OS 18_7 like Mac OS X) AppleWebKit/605.1.15 (KHTML, like Gecko) Version/26.3 Mobile/15E148 Safari/604.1"
77.46.136.200 - - [01/May/2026:02:21:29 +1000] "POST /xmlrpc.php HTTP/1.1" 200 447 "-" "Jetpack by WordPress.com (Jetpack 13.0; WordPress 6.4)"
157.211.5.253 - - [01/May/2026:02:21:31 +1000] "GET /shop/includes/general.js HTTP/1.1" 200 1538 "https://galaxybeads.com.au/shop/index.php?main_page=advanced_search&cPath=38&search_in_description=1&keyword=Jump%20rings&inc_subcat=0&sort=20a" "Mozilla/5.0 (iPhone; CPU iPhone OS 18_7 like Mac OS X) AppleWebKit/605.1.15 (KHTML, like Gecko) Version/26.3 Mobile/15E148 Safari/604.1"
157.211.5.253 - - [01/May/2026:02:21:31 +1000] "GET /shop/includes/templates/theme228/buttons/english/button_search.gif HTTP/1.1" 200 725 "https://galaxybeads.com.au/shop/index.php?main_page=advanced_search&cPath=38&search_in_description=1&keyword=Jump%20rings&inc_subcat=0&sort=20a" "Mozilla/5.0 (iPhone; CPU iPhone OS 18_7 like Mac OS X) AppleWebKit/605.1.15 (KHTML, like Gecko) Version/26.3 Mobile/15E148 Safari/604.1"
157.211.5.253 - - [01/May/2026:02:21:31 +1000] "GET /shop/includes/templates/theme228/images/icons/warning.gif HTTP/1.1" 200 277 "https://galaxybeads.com.au/shop/index.php?main_page=advanced_search&cPath=38&search_in_description=1&keyword=Jump%20rings&inc_subcat=0&sort=20a" "Mozilla/5.0 (iPhone; CPU iPhone OS 18_7 like Mac OS X) AppleWebKit/605.1.15 (KHTML, like Gecko) Version/26.3 Mobile/15E148 Safari/604.1"
157.211.5.253 - - [01/May/2026:02:21:31 +1000] "GET /shop/includes/templates/theme228/buttons/english/button_back.gif HTTP/1.1" 200 630 "https://galaxybeads.com.au/shop/index.php?main_page=advanced_search&cPath=38&search_in_description=1&keyword=Jump%20rings&inc_subcat=0&sort=20a" "Mozilla/5.0 (iPhone; CPU iPhone OS 18_7 like Mac OS X) AppleWebKit/605.1.15 (KHTML, like Gecko) Version/26.3 Mobile/15E148 Safari/604.1"
157.211.5.253 - - [01/May/2026:02:21:32 +1000] "GET /shop/includes/templates/theme228/images/box2_left_top_bg.gif HTTP/1.1" 404 10903 "https://galaxybeads.com.au/shop/index.php?main_page=advanced_search&cPath=38&search_in_description=1&keyword=Jump%20rings&inc_subcat=0&sort=20a" "Mozilla/5.0 (iPhone; CPU iPhone OS 18_7 like Mac OS X) AppleWebKit/605.1.15 (KHTML, like Gecko) Version/26.3 Mobile/15E148 Safari/604.1"
157.211.5.253 - - [01/May/2026:02:21:32 +1000] "GET /shop/includes/templates/theme228/images/spacer.gif HTTP/1.1" 404 10885 "https://galaxybeads.com.au/shop/index.php?main_page=advanced_search&cPath=38&search_in_description=1&keyword=Jump%20rings&inc_subcat=0&sort=20a" "Mozilla/5.0 (iPhone; CPU iPhone OS 18_7 like Mac OS X) AppleWebKit/605.1.15 (KHTML, like Gecko) Version/26.3 Mobile/15E148 Safari/604.1"
157.211.5.253 - - [01/May/2026:02:21:32 +1000] "GET /shop/includes/templates/theme228/images/product_box_side_bgx.gif HTTP/1.1" 404 10910 "https://galaxybeads.com.au/shop/index.php?main_page=advanced_search&cPath=38&search_in_description=1&keyword=Jump%20rings&inc_subcat=0&sort=20a" "Mozilla/5.0 (iPhone; CPU iPhone OS 18_7 like Mac OS X) AppleWebKit/605.1.15 (KHTML, like Gecko) Version/26.3 Mobile/15E148 Safari/604.1"
157.211.5.253 - - [01/May/2026:02:21:32 +1000] "GET /shop/includes/templates/theme228/images/product_box_left_bottom_bg.gif HTTP/1.1" 404 10915 "https://galaxybeads.com.au/shop/index.php?main_page=advanced_search&cPath=38&search_in_description=1&keyword=Jump%20rings&inc_subcat=0&sort=20a" "Mozilla/5.0 (iPhone; CPU iPhone OS 18_7 like Mac OS X) AppleWebKit/605.1.15 (KHTML, like Gecko) Version/26.3 Mobile/15E148 Safari/604.1"
157.211.5.253 - - [01/May/2026:02:21:32 +1000] "GET /shop/includes/templates/theme228/images/product_box_right_top_bg.gif HTTP/1.1" 404 10915 "https://galaxybeads.com.au/shop/index.php?main_page=advanced_search&cPath=38&search_in_description=1&keyword=Jump%20rings&inc_subcat=0&sort=20a" "Mozilla/5.0 (iPhone; CPU iPhone OS 18_7 like Mac OS X) AppleWebKit/605.1.15 (KHTML, like Gecko) Version/26.3 Mobile/15E148 Safari/604.1"
157.211.5.253 - - [01/May/2026:02:21:32 +1000] "GET /shop/includes/templates/theme228/images/product_box_left_top_bg.gif HTTP/1.1" 404 10914 "https://galaxybeads.com.au/shop/index.php?main_page=advanced_search&cPath=38&search_in_description=1&keyword=Jump%20rings&inc_subcat=0&sort=20a" "Mozilla/5.0 (iPhone; CPU iPhone OS 18_7 like Mac OS X) AppleWebKit/605.1.15 (KHTML, like Gecko) Version/26.3 Mobile/15E148 Safari/604.1"
82.214.102.252 - - [01/May/2026:02:21:31 +1000] "POST /xmlrpc.php HTTP/1.1" 200 247 "-" "Mozilla/5.0 (X11; Linux x86_64) AppleWebKit/537.36 (KHTML, like Gecko) Chrome/65.0.3325.109 Safari/537.36"
157.211.5.253 - - [01/May/2026:02:21:34 +1000] "GET /shop/includes/templates/theme228/images/product_box_right_bottom_bg.gif HTTP/1.1" 404 10916 "https://galaxybeads.com.au/shop/index.php?main_page=advanced_search&cPath=38&search_in_description=1&keyword=Jump%20rings&inc_subcat=0&sort=20a" "Mozilla/5.0 (iPhone; CPU iPhone OS 18_7 like Mac OS X) AppleWebKit/605.1.15 (KHTML, like Gecko) Version/26.3 Mobile/15E148 Safari/604.1"
157.211.5.253 - - [01/May/2026:02:21:34 +1000] "GET /shop/includes/templates/theme228/images/box_head_bg7.gif HTTP/1.1" 404 10898 "https://galaxybeads.com.au/shop/index.php?main_page=advanced_search&cPath=38&search_in_description=1&keyword=Jump%20rings&inc_subcat=0&sort=20a" "Mozilla/5.0 (iPhone; CPU iPhone OS 18_7 like Mac OS X) AppleWebKit/605.1.15 (KHTML, like Gecko) Version/26.3 Mobile/15E148 Safari/604.1"
157.211.5.253 - - [01/May/2026:02:21:34 +1000] "GET /shop/includes/templates/theme228/images/box_head_bg9.gif HTTP/1.1" 404 10897 "https://galaxybeads.com.au/shop/index.php?main_page=advanced_search&cPath=38&search_in_description=1&keyword=Jump%20rings&inc_subcat=0&sort=20a" "Mozilla/5.0 (iPhone; CPU iPhone OS 18_7 like Mac OS X) AppleWebKit/605.1.15 (KHTML, like Gecko) Version/26.3 Mobile/15E148 Safari/604.1"
157.211.5.253 - - [01/May/2026:02:21:34 +1000] "GET /shop/includes/templates/theme228/images/box_head_bg11.gif HTTP/1.1" 404 10900 "https://galaxybeads.com.au/shop/index.php?main_page=advanced_search&cPath=38&search_in_description=1&keyword=Jump%20rings&inc_subcat=0&sort=20a" "Mozilla/5.0 (iPhone; CPU iPhone OS 18_7 like Mac OS X) AppleWebKit/605.1.15 (KHTML, like Gecko) Version/26.3 Mobile/15E148 Safari/604.1"
157.211.5.253 - - [01/May/2026:02:21:34 +1000] "GET /shop/includes/templates/theme228/images/box_head_bg10.gif HTTP/1.1" 404 10899 "https://galaxybeads.com.au/shop/index.php?main_page=advanced_search&cPath=38&search_in_description=1&keyword=Jump%20rings&inc_subcat=0&sort=20a" "Mozilla/5.0 (iPhone; CPU iPhone OS 18_7 like Mac OS X) AppleWebKit/605.1.15 (KHTML, like Gecko) Version/26.3 Mobile/15E148 Safari/604.1"
157.211.5.253 - - [01/May/2026:02:21:34 +1000] "GET /shop/includes/templates/theme228/images/box2_right_top_bg.gif HTTP/1.1" 404 10904 "https://galaxybeads.com.au/shop/index.php?main_page=advanced_search&cPath=38&search_in_description=1&keyword=Jump%20rings&inc_subcat=0&sort=20a" "Mozilla/5.0 (iPhone; CPU iPhone OS 18_7 like Mac OS X) AppleWebKit/605.1.15 (KHTML, like Gecko) Version/26.3 Mobile/15E148 Safari/604.1"
157.211.5.253 - - [01/May/2026:02:21:36 +1000] "GET /shop/includes/templates/theme228/images/box_head_bg8.gif HTTP/1.1" 404 10896 "https://galaxybeads.com.au/shop/index.php?main_page=advanced_search&cPath=38&search_in_description=1&keyword=Jump%20rings&inc_subcat=0&sort=20a" "Mozilla/5.0 (iPhone; CPU iPhone OS 18_7 like Mac OS X) AppleWebKit/605.1.15 (KHTML, like Gecko) Version/26.3 Mobile/15E148 Safari/604.1"
