37.60.141.252 - - [30/Apr/2026:21:29:10 +1000] "POST /wp-login.php HTTP/1.1" 200 4711 "https://www.galaxybeads.com.au/wp-login.php" "Mozilla/5.0 (Macintosh; Intel Mac OS X 10_15_7) AppleWebKit/537.36 (KHTML, like Gecko) Chrome/120.0.6099.130 Safari/537.36"
37.60.141.252 - - [30/Apr/2026:21:29:12 +1000] "POST /wp-login.php HTTP/1.1" 200 4711 "https://www.galaxybeads.com.au/wp-login.php" "Mozilla/5.0 (Windows NT 11.0; Win64; x64) AppleWebKit/537.36 (KHTML, like Gecko) Chrome/121.0.6167.85 Safari/537.36"
37.60.141.252 - - [30/Apr/2026:21:29:14 +1000] "POST /wp-login.php HTTP/1.1" 200 4711 "https://www.galaxybeads.com.au/wp-login.php" "Mozilla/5.0 (Windows NT 10.0; Win64; x64) AppleWebKit/537.36 (KHTML, like Gecko) Chrome/120.0.6099.130 Safari/537.36"
37.60.141.252 - - [30/Apr/2026:21:29:16 +1000] "POST /wp-login.php HTTP/1.1" 200 4711 "https://www.galaxybeads.com.au/wp-login.php" "Mozilla/5.0 (Windows NT 10.0; Win64; x64) AppleWebKit/537.36 (KHTML, like Gecko) Chrome/122.0.6261.57 Safari/537.36"
37.60.141.252 - - [30/Apr/2026:21:29:19 +1000] "POST /wp-login.php HTTP/1.1" 200 4711 "https://www.galaxybeads.com.au/wp-login.php" "Mozilla/5.0 (Macintosh; Intel Mac OS X 13_6_2) AppleWebKit/537.36 (KHTML, like Gecko) Chrome/119.0.6045.159 Safari/537.36"
37.60.141.252 - - [30/Apr/2026:21:29:21 +1000] "POST /wp-login.php HTTP/1.1" 200 4711 "https://www.galaxybeads.com.au/wp-login.php" "Mozilla/5.0 (X11; Ubuntu; Linux x86_64) AppleWebKit/537.36 (KHTML, like Gecko) Chrome/118.0.5993.88 Safari/537.36"
37.60.141.252 - - [30/Apr/2026:21:29:23 +1000] "POST /wp-login.php HTTP/1.1" 200 4711 "https://www.galaxybeads.com.au/wp-login.php" "Mozilla/5.0 (Windows NT 10.0; Win64; x64) AppleWebKit/537.36 (KHTML, like Gecko) Chrome/120.0.6099.130 Safari/537.36"
37.60.141.252 - - [30/Apr/2026:21:29:25 +1000] "POST /wp-login.php HTTP/1.1" 200 4711 "https://www.galaxybeads.com.au/wp-login.php" "Mozilla/5.0 (Macintosh; Intel Mac OS X 13_6_2) AppleWebKit/537.36 (KHTML, like Gecko) Chrome/119.0.6045.159 Safari/537.36"
37.60.141.252 - - [30/Apr/2026:21:29:27 +1000] "POST /wp-login.php HTTP/1.1" 200 4711 "https://www.galaxybeads.com.au/wp-login.php" "Mozilla/5.0 (Macintosh; Intel Mac OS X 10.15) Gecko/20100101 Firefox/122.0"
172.225.114.64 - - [30/Apr/2026:21:29:27 +1000] "GET / HTTP/1.1" 200 13379 "-" "Mozilla/5.0 (iPhone; CPU iPhone OS 18_7 like Mac OS X) AppleWebKit/605.1.15 (KHTML, like Gecko) Version/26.3 Mobile/15E148 Safari/604.1"
37.60.141.252 - - [30/Apr/2026:21:29:29 +1000] "POST /wp-login.php HTTP/1.1" 200 4711 "https://www.galaxybeads.com.au/wp-login.php" "Mozilla/5.0 (X11; Linux x86_64) AppleWebKit/537.36 (KHTML, like Gecko) Chrome/120.0.6099.130 Safari/537.36"
37.60.141.252 - - [30/Apr/2026:21:29:31 +1000] "POST /wp-login.php HTTP/1.1" 200 4711 "https://www.galaxybeads.com.au/wp-login.php" "Mozilla/5.0 (X11; Ubuntu; Linux x86_64) AppleWebKit/537.36 (KHTML, like Gecko) Chrome/120.0.6099.130 Safari/537.36"
37.60.141.252 - - [30/Apr/2026:21:29:33 +1000] "POST /wp-login.php HTTP/1.1" 200 4711 "https://www.galaxybeads.com.au/wp-login.php" "Mozilla/5.0 (Macintosh; Intel Mac OS X 10.15) Gecko/20100101 Firefox/120.0.1"
37.60.141.252 - - [30/Apr/2026:21:29:51 +1000] "POST /wp-login.php HTTP/1.1" 200 4711 "https://www.galaxybeads.com.au/wp-login.php" "Mozilla/5.0 (Windows NT 10.0; Win64; x64) AppleWebKit/537.36 (KHTML, like Gecko) Chrome/118.0.5993.88 Safari/537.36"
37.60.141.252 - - [30/Apr/2026:21:29:52 +1000] "POST /wp-login.php HTTP/1.1" 200 4711 "https://www.galaxybeads.com.au/wp-login.php" "Mozilla/5.0 (Macintosh; Intel Mac OS X 10_15_7) AppleWebKit/537.36 (KHTML, like Gecko) Chrome/122.0.6261.57 Safari/537.36"
37.60.141.252 - - [30/Apr/2026:21:29:54 +1000] "POST /wp-login.php HTTP/1.1" 200 4711 "https://www.galaxybeads.com.au/wp-login.php" "Mozilla/5.0 (X11; Ubuntu; Linux x86_64) AppleWebKit/537.36 (KHTML, like Gecko) Chrome/122.0.6261.57 Safari/537.36"
37.60.141.252 - - [30/Apr/2026:21:29:56 +1000] "POST /wp-login.php HTTP/1.1" 200 4711 "https://www.galaxybeads.com.au/wp-login.php" "Mozilla/5.0 (X11; Linux x86_64) Gecko/20100101 Firefox/121.0"
114.119.130.136 - - [30/Apr/2026:21:29:58 +1000] "GET /shop/index.php?main_page=login HTTP/1.1" 302 - "http://galaxybeads.com.au/shop/index.php?main_page=product_info&cPath=95_97&products_id=382" "Mozilla/5.0 (Linux; Android 7.0;) AppleWebKit/537.36 (HTML, like Gecko) Mobile Safari/537.36 (compatible; PetalBot;+https://webmaster.petalsearch.com/site/petalbot)"
37.60.141.252 - - [30/Apr/2026:21:29:58 +1000] "POST /wp-login.php HTTP/1.1" 200 4711 "https://www.galaxybeads.com.au/wp-login.php" "Mozilla/5.0 (Windows NT 10.0; Win64; x64) Gecko/20100101 Firefox/119.0.1"
114.119.130.136 - - [30/Apr/2026:21:29:59 +1000] "GET /shop/index.php?main_page=cookie_usage HTTP/1.1" 200 9158 "http://galaxybeads.com.au/shop/index.php?main_page=product_info&cPath=95_97&products_id=382" "Mozilla/5.0 (Linux; Android 7.0;) AppleWebKit/537.36 (HTML, like Gecko) Mobile Safari/537.36 (compatible; PetalBot;+https://webmaster.petalsearch.com/site/petalbot)"
37.60.141.252 - - [30/Apr/2026:21:30:00 +1000] "POST /wp-login.php HTTP/1.1" 200 4711 "https://www.galaxybeads.com.au/wp-login.php" "Mozilla/5.0 (X11; Ubuntu; Linux x86_64) AppleWebKit/537.36 (KHTML, like Gecko) Chrome/122.0.6261.57 Safari/537.36"
37.60.141.252 - - [30/Apr/2026:21:30:02 +1000] "POST /wp-login.php HTTP/1.1" 200 4711 "https://www.galaxybeads.com.au/wp-login.php" "Mozilla/5.0 (X11; Linux x86_64) AppleWebKit/537.36 (KHTML, like Gecko) Chrome/122.0.6261.57 Safari/537.36"
37.60.141.252 - - [30/Apr/2026:21:30:05 +1000] "POST /wp-login.php HTTP/1.1" 200 4711 "https://www.galaxybeads.com.au/wp-login.php" "Mozilla/5.0 (X11; Linux x86_64) Gecko/20100101 Firefox/121.0"
37.60.141.252 - - [30/Apr/2026:21:30:07 +1000] "POST /wp-login.php HTTP/1.1" 200 4711 "https://www.galaxybeads.com.au/wp-login.php" "Mozilla/5.0 (Macintosh; Intel Mac OS X 10_15_7) AppleWebKit/537.36 (KHTML, like Gecko) Chrome/119.0.6045.159 Safari/537.36"
37.60.141.252 - - [30/Apr/2026:21:30:10 +1000] "POST /wp-login.php HTTP/1.1" 200 4711 "https://www.galaxybeads.com.au/wp-login.php" "Mozilla/5.0 (Macintosh; Intel Mac OS X 10.15) Gecko/20100101 Firefox/119.0.1"
37.60.141.252 - - [30/Apr/2026:21:30:12 +1000] "POST /wp-login.php HTTP/1.1" 200 4711 "https://www.galaxybeads.com.au/wp-login.php" "Mozilla/5.0 (Macintosh; Intel Mac OS X 13_6_2) AppleWebKit/537.36 (KHTML, like Gecko) Chrome/122.0.6261.57 Safari/537.36"
66.116.235.214 - - [30/Apr/2026:21:30:11 +1000] "POST /xmlrpc.php HTTP/1.1" 200 249 "-" "Mozilla/5.0 (Windows NT 6.0; Win64; x64) AppleWebKit/537.36 (KHTML, like Gecko) Chrome/52.0.2743.116 Safari/537.36 Edge/15.15063"
37.60.141.252 - - [30/Apr/2026:21:30:14 +1000] "POST /wp-login.php HTTP/1.1" 200 4711 "https://www.galaxybeads.com.au/wp-login.php" "Mozilla/5.0 (Windows NT 10.0; Win64; x64) Gecko/20100101 Firefox/118.0.2"
20.151.131.235 - - [30/Apr/2026:21:30:15 +1000] "GET /100.php HTTP/1.1" 404 10841 "-" "Mozilla/5.0 (Windows NT 10.0; Win64; x64) AppleWebKit/537.36 (KHTML, like Gecko) Chrome/120.0.0.0 Safari/537.36"
37.60.141.252 - - [30/Apr/2026:21:30:16 +1000] "POST /wp-login.php HTTP/1.1" 200 4711 "https://www.galaxybeads.com.au/wp-login.php" "Mozilla/5.0 (Windows NT 11.0; Win64; x64) AppleWebKit/537.36 (KHTML, like Gecko) Chrome/120.0.6099.130 Safari/537.36"
20.151.131.235 - - [30/Apr/2026:21:30:17 +1000] "GET /elp.php HTTP/1.1" 404 10840 "-" "Mozilla/5.0 (Windows NT 10.0; Win64; x64) AppleWebKit/537.36 (KHTML, like Gecko) Chrome/120.0.0.0 Safari/537.36"
37.60.141.252 - - [30/Apr/2026:21:30:18 +1000] "POST /wp-login.php HTTP/1.1" 200 4711 "https://www.galaxybeads.com.au/wp-login.php" "Mozilla/5.0 (Windows NT 10.0; Win64; x64) Gecko/20100101 Firefox/120.0.1"
20.151.131.235 - - [30/Apr/2026:21:30:19 +1000] "GET /ftde.php HTTP/1.1" 404 10841 "-" "Mozilla/5.0 (Windows NT 10.0; Win64; x64) AppleWebKit/537.36 (KHTML, like Gecko) Chrome/120.0.0.0 Safari/537.36"
20.151.131.235 - - [30/Apr/2026:21:30:20 +1000] "GET /test1.php HTTP/1.1" 404 10842 "-" "Mozilla/5.0 (Windows NT 10.0; Win64; x64) AppleWebKit/537.36 (KHTML, like Gecko) Chrome/120.0.0.0 Safari/537.36"
37.60.141.252 - - [30/Apr/2026:21:30:21 +1000] "POST /wp-login.php HTTP/1.1" 200 4711 "https://www.galaxybeads.com.au/wp-login.php" "Mozilla/5.0 (Macintosh; Intel Mac OS X 13_6_2) AppleWebKit/537.36 (KHTML, like Gecko) Chrome/118.0.5993.88 Safari/537.36"
20.151.131.235 - - [30/Apr/2026:21:30:22 +1000] "GET /wp-temp.php HTTP/1.1" 404 10844 "-" "Mozilla/5.0 (Windows NT 10.0; Win64; x64) AppleWebKit/537.36 (KHTML, like Gecko) Chrome/120.0.0.0 Safari/537.36"
20.151.131.235 - - [30/Apr/2026:21:30:25 +1000] "GET /admin/function.php HTTP/1.1" 404 10853 "-" "Mozilla/5.0 (Windows NT 10.0; Win64; x64) AppleWebKit/537.36 (KHTML, like Gecko) Chrome/120.0.0.0 Safari/537.36"
20.151.131.235 - - [30/Apr/2026:21:30:27 +1000] "GET /atomlib.php HTTP/1.1" 404 10844 "-" "Mozilla/5.0 (Windows NT 10.0; Win64; x64) AppleWebKit/537.36 (KHTML, like Gecko) Chrome/120.0.0.0 Safari/537.36"
20.151.131.235 - - [30/Apr/2026:21:30:29 +1000] "GET /fm.php HTTP/1.1" 404 10836 "-" "Mozilla/5.0 (Windows NT 10.0; Win64; x64) AppleWebKit/537.36 (KHTML, like Gecko) Chrome/120.0.0.0 Safari/537.36"
20.151.131.235 - - [30/Apr/2026:21:30:31 +1000] "GET /themes.php HTTP/1.1" 404 10844 "-" "Mozilla/5.0 (Windows NT 10.0; Win64; x64) AppleWebKit/537.36 (KHTML, like Gecko) Chrome/120.0.0.0 Safari/537.36"
20.151.131.235 - - [30/Apr/2026:21:30:33 +1000] "GET /wp-blog.php HTTP/1.1" 404 10844 "-" "Mozilla/5.0 (Windows NT 10.0; Win64; x64) AppleWebKit/537.36 (KHTML, like Gecko) Chrome/120.0.0.0 Safari/537.36"
37.60.141.252 - - [30/Apr/2026:21:30:36 +1000] "POST /wp-login.php HTTP/1.1" 200 4711 "https://www.galaxybeads.com.au/wp-login.php" "Mozilla/5.0 (Windows NT 10.0; Win64; x64) Gecko/20100101 Firefox/119.0.1"
20.151.131.235 - - [30/Apr/2026:21:30:35 +1000] "GET /wp-the.php HTTP/1.1" 404 10842 "-" "Mozilla/5.0 (Windows NT 10.0; Win64; x64) AppleWebKit/537.36 (KHTML, like Gecko) Chrome/120.0.0.0 Safari/537.36"
37.60.141.252 - - [30/Apr/2026:21:30:38 +1000] "POST /wp-login.php HTTP/1.1" 200 4711 "https://www.galaxybeads.com.au/wp-login.php" "Mozilla/5.0 (Windows NT 10.0; Win64; x64) AppleWebKit/537.36 (KHTML, like Gecko) Chrome/119.0.6045.159 Safari/537.36"
20.151.131.235 - - [30/Apr/2026:21:30:37 +1000] "GET /CDX2.php HTTP/1.1" 404 10845 "-" "Mozilla/5.0 (Windows NT 10.0; Win64; x64) AppleWebKit/537.36 (KHTML, like Gecko) Chrome/120.0.0.0 Safari/537.36"
37.60.141.252 - - [30/Apr/2026:21:30:40 +1000] "POST /wp-login.php HTTP/1.1" 200 4711 "https://www.galaxybeads.com.au/wp-login.php" "Mozilla/5.0 (X11; Ubuntu; Linux x86_64) AppleWebKit/537.36 (KHTML, like Gecko) Chrome/121.0.6167.85 Safari/537.36"
20.151.131.235 - - [30/Apr/2026:21:30:39 +1000] "GET /profile.php HTTP/1.1" 404 10845 "-" "Mozilla/5.0 (Windows NT 10.0; Win64; x64) AppleWebKit/537.36 (KHTML, like Gecko) Chrome/120.0.0.0 Safari/537.36"
20.151.131.235 - - [30/Apr/2026:21:30:42 +1000] "GET /wp-content/themes/admin.php HTTP/1.1" 404 10857 "-" "Mozilla/5.0 (Windows NT 10.0; Win64; x64) AppleWebKit/537.36 (KHTML, like Gecko) Chrome/120.0.0.0 Safari/537.36"
37.60.141.252 - - [30/Apr/2026:21:30:43 +1000] "POST /wp-login.php HTTP/1.1" 200 4711 "https://www.galaxybeads.com.au/wp-login.php" "Mozilla/5.0 (X11; Linux x86_64) Gecko/20100101 Firefox/120.0.1"
20.151.131.235 - - [30/Apr/2026:21:30:44 +1000] "GET /ws80.php HTTP/1.1" 404 10843 "-" "Mozilla/5.0 (Windows NT 10.0; Win64; x64) AppleWebKit/537.36 (KHTML, like Gecko) Chrome/120.0.0.0 Safari/537.36"
37.60.141.252 - - [30/Apr/2026:21:30:45 +1000] "POST /wp-login.php HTTP/1.1" 200 4711 "https://www.galaxybeads.com.au/wp-login.php" "Mozilla/5.0 (Macintosh; Intel Mac OS X 10.15) Gecko/20100101 Firefox/118.0.2"
20.151.131.235 - - [30/Apr/2026:21:30:45 +1000] "GET /403.php HTTP/1.1" 404 10840 "-" "Mozilla/5.0 (Windows NT 10.0; Win64; x64) AppleWebKit/537.36 (KHTML, like Gecko) Chrome/120.0.0.0 Safari/537.36"
37.60.141.252 - - [30/Apr/2026:21:30:46 +1000] "POST /wp-login.php HTTP/1.1" 200 4711 "https://www.galaxybeads.com.au/wp-login.php" "Mozilla/5.0 (X11; Linux x86_64) Gecko/20100101 Firefox/121.0"
37.27.102.46 - - [30/Apr/2026:21:30:46 +1000] "GET /wp-login.php HTTP/1.1" 200 4711 "-" "Mozilla/5.0 (Windows NT 10.0) AppleWebKit/537.36 (KHTML, like Gecko) Chrome/65.0.3325.146 Safari/537.36"
20.151.131.235 - - [30/Apr/2026:21:30:47 +1000] "GET /a4.php HTTP/1.1" 404 10837 "-" "Mozilla/5.0 (Windows NT 10.0; Win64; x64) AppleWebKit/537.36 (KHTML, like Gecko) Chrome/120.0.0.0 Safari/537.36"
37.60.141.252 - - [30/Apr/2026:21:30:48 +1000] "POST /wp-login.php HTTP/1.1" 200 4711 "https://www.galaxybeads.com.au/wp-login.php" "Mozilla/5.0 (Windows NT 10.0; Win64; x64) Gecko/20100101 Firefox/122.0"
37.27.102.46 - - [30/Apr/2026:21:30:49 +1000] "POST /wp-login.php HTTP/1.1" 200 4711 "https://mail.youronesite.com/wp-login.php" "Mozilla/5.0 (Windows NT 10.0) AppleWebKit/537.36 (KHTML, like Gecko) Chrome/65.0.3325.146 Safari/537.36"
20.151.131.235 - - [30/Apr/2026:21:30:49 +1000] "GET /app.php HTTP/1.1" 404 10839 "-" "Mozilla/5.0 (Windows NT 10.0; Win64; x64) AppleWebKit/537.36 (KHTML, like Gecko) Chrome/120.0.0.0 Safari/537.36"
37.60.141.252 - - [30/Apr/2026:21:30:50 +1000] "POST /wp-login.php HTTP/1.1" 200 4711 "https://www.galaxybeads.com.au/wp-login.php" "Mozilla/5.0 (X11; Linux x86_64) Gecko/20100101 Firefox/121.0"
20.151.131.235 - - [30/Apr/2026:21:30:51 +1000] "GET /buy.php HTTP/1.1" 404 10841 "-" "Mozilla/5.0 (Windows NT 10.0; Win64; x64) AppleWebKit/537.36 (KHTML, like Gecko) Chrome/120.0.0.0 Safari/537.36"
37.60.141.252 - - [30/Apr/2026:21:30:52 +1000] "POST /wp-login.php HTTP/1.1" 200 4711 "https://www.galaxybeads.com.au/wp-login.php" "Mozilla/5.0 (X11; Linux x86_64) Gecko/20100101 Firefox/122.0"
20.151.131.235 - - [30/Apr/2026:21:30:52 +1000] "GET /core.php HTTP/1.1" 404 10840 "-" "Mozilla/5.0 (Windows NT 10.0; Win64; x64) AppleWebKit/537.36 (KHTML, like Gecko) Chrome/120.0.0.0 Safari/537.36"
37.60.141.252 - - [30/Apr/2026:21:30:54 +1000] "POST /wp-login.php HTTP/1.1" 200 4711 "https://www.galaxybeads.com.au/wp-login.php" "Mozilla/5.0 (X11; Linux x86_64) AppleWebKit/537.36 (KHTML, like Gecko) Chrome/118.0.5993.88 Safari/537.36"
20.151.131.235 - - [30/Apr/2026:21:30:54 +1000] "GET /lock360.php HTTP/1.1" 404 10847 "-" "Mozilla/5.0 (Windows NT 10.0; Win64; x64) AppleWebKit/537.36 (KHTML, like Gecko) Chrome/120.0.0.0 Safari/537.36"
37.60.141.252 - - [30/Apr/2026:21:30:56 +1000] "POST /wp-login.php HTTP/1.1" 200 4711 "https://www.galaxybeads.com.au/wp-login.php" "Mozilla/5.0 (X11; Linux x86_64) Gecko/20100101 Firefox/118.0.2"
20.151.131.235 - - [30/Apr/2026:21:30:56 +1000] "GET /wp-block.php HTTP/1.1" 404 10846 "-" "Mozilla/5.0 (Windows NT 10.0; Win64; x64) AppleWebKit/537.36 (KHTML, like Gecko) Chrome/120.0.0.0 Safari/537.36"
20.151.131.235 - - [30/Apr/2026:21:30:58 +1000] "GET /wp-content/admin.php HTTP/1.1" 404 10848 "-" "Mozilla/5.0 (Windows NT 10.0; Win64; x64) AppleWebKit/537.36 (KHTML, like Gecko) Chrome/120.0.0.0 Safari/537.36"
20.151.131.235 - - [30/Apr/2026:21:31:00 +1000] "GET /wp-includes/assets/index.php HTTP/1.1" 301 - "-" "Mozilla/5.0 (Windows NT 10.0; Win64; x64) AppleWebKit/537.36 (KHTML, like Gecko) Chrome/120.0.0.0 Safari/537.36"
20.151.131.235 - - [30/Apr/2026:21:31:01 +1000] "GET /wp-includes/images/wp-login.php HTTP/1.1" 404 10858 "-" "Mozilla/5.0 (Windows NT 10.0; Win64; x64) AppleWebKit/537.36 (KHTML, like Gecko) Chrome/120.0.0.0 Safari/537.36"
20.151.131.235 - - [30/Apr/2026:21:31:03 +1000] "GET /z.php HTTP/1.1" 404 10836 "-" "Mozilla/5.0 (Windows NT 10.0; Win64; x64) AppleWebKit/537.36 (KHTML, like Gecko) Chrome/120.0.0.0 Safari/537.36"
20.151.131.235 - - [30/Apr/2026:21:31:06 +1000] "GET /bless.php HTTP/1.1" 404 10843 "-" "Mozilla/5.0 (Windows NT 10.0; Win64; x64) AppleWebKit/537.36 (KHTML, like Gecko) Chrome/120.0.0.0 Safari/537.36"
20.151.131.235 - - [30/Apr/2026:21:31:08 +1000] "GET /hplfuns.php HTTP/1.1" 404 10845 "-" "Mozilla/5.0 (Windows NT 10.0; Win64; x64) AppleWebKit/537.36 (KHTML, like Gecko) Chrome/120.0.0.0 Safari/537.36"
20.151.131.235 - - [30/Apr/2026:21:31:11 +1000] "GET /lock.php HTTP/1.1" 404 10841 "-" "Mozilla/5.0 (Windows NT 10.0; Win64; x64) AppleWebKit/537.36 (KHTML, like Gecko) Chrome/120.0.0.0 Safari/537.36"
20.151.131.235 - - [30/Apr/2026:21:31:13 +1000] "GET /radio.php HTTP/1.1" 404 10841 "-" "Mozilla/5.0 (Windows NT 10.0; Win64; x64) AppleWebKit/537.36 (KHTML, like Gecko) Chrome/120.0.0.0 Safari/537.36"
20.151.131.235 - - [30/Apr/2026:21:31:16 +1000] "GET /wp-content/themes/about.php HTTP/1.1" 404 10857 "-" "Mozilla/5.0 (Windows NT 10.0; Win64; x64) AppleWebKit/537.36 (KHTML, like Gecko) Chrome/120.0.0.0 Safari/537.36"
20.151.131.235 - - [30/Apr/2026:21:31:18 +1000] "GET /wp-content/upgrade/index.php HTTP/1.1" 301 - "-" "Mozilla/5.0 (Windows NT 10.0; Win64; x64) AppleWebKit/537.36 (KHTML, like Gecko) Chrome/120.0.0.0 Safari/537.36"
20.151.131.235 - - [30/Apr/2026:21:31:20 +1000] "GET /wp-includes/fonts/index.php HTTP/1.1" 301 - "-" "Mozilla/5.0 (Windows NT 10.0; Win64; x64) AppleWebKit/537.36 (KHTML, like Gecko) Chrome/120.0.0.0 Safari/537.36"
114.119.130.136 - - [30/Apr/2026:21:31:22 +1000] "GET /shop/index.php?main_page=login HTTP/1.1" 302 - "http://galaxybeads.com.au/shop/index.php?main_page=product_info&cPath=81&products_id=584" "Mozilla/5.0 (Linux; Android 7.0;) AppleWebKit/537.36 (HTML, like Gecko) Mobile Safari/537.36 (compatible; PetalBot;+https://webmaster.petalsearch.com/site/petalbot)"
20.151.131.235 - - [30/Apr/2026:21:31:22 +1000] "GET /ws.php HTTP/1.1" 404 10835 "-" "Mozilla/5.0 (Windows NT 10.0; Win64; x64) AppleWebKit/537.36 (KHTML, like Gecko) Chrome/120.0.0.0 Safari/537.36"
114.119.130.136 - - [30/Apr/2026:21:31:24 +1000] "GET /shop/index.php?main_page=cookie_usage HTTP/1.1" 200 9156 "http://galaxybeads.com.au/shop/index.php?main_page=product_info&cPath=81&products_id=584" "Mozilla/5.0 (Linux; Android 7.0;) AppleWebKit/537.36 (HTML, like Gecko) Mobile Safari/537.36 (compatible; PetalBot;+https://webmaster.petalsearch.com/site/petalbot)"
20.151.131.235 - - [30/Apr/2026:21:31:24 +1000] "GET /ws49.php HTTP/1.1" 404 10843 "-" "Mozilla/5.0 (Windows NT 10.0; Win64; x64) AppleWebKit/537.36 (KHTML, like Gecko) Chrome/120.0.0.0 Safari/537.36"
20.151.131.235 - - [30/Apr/2026:21:31:26 +1000] "GET /xmlrpc.php HTTP/1.1" 405 60 "-" "Mozilla/5.0 (Windows NT 10.0; Win64; x64) AppleWebKit/537.36 (KHTML, like Gecko) Chrome/120.0.0.0 Safari/537.36"
20.151.131.235 - - [30/Apr/2026:21:31:28 +1000] "GET /xozx.php HTTP/1.1" 404 10843 "-" "Mozilla/5.0 (Windows NT 10.0; Win64; x64) AppleWebKit/537.36 (KHTML, like Gecko) Chrome/120.0.0.0 Safari/537.36"
20.151.131.235 - - [30/Apr/2026:21:31:29 +1000] "GET /xwx1.php HTTP/1.1" 404 10841 "-" "Mozilla/5.0 (Windows NT 10.0; Win64; x64) AppleWebKit/537.36 (KHTML, like Gecko) Chrome/120.0.0.0 Safari/537.36"
20.151.131.235 - - [30/Apr/2026:21:31:31 +1000] "GET /Cap.php HTTP/1.1" 404 10839 "-" "Mozilla/5.0 (Windows NT 10.0; Win64; x64) AppleWebKit/537.36 (KHTML, like Gecko) Chrome/120.0.0.0 Safari/537.36"
20.151.131.235 - - [30/Apr/2026:21:31:34 +1000] "GET /ahax.php HTTP/1.1" 404 10842 "-" "Mozilla/5.0 (Windows NT 10.0; Win64; x64) AppleWebKit/537.36 (KHTML, like Gecko) Chrome/120.0.0.0 Safari/537.36"
20.151.131.235 - - [30/Apr/2026:21:31:35 +1000] "GET /byrgo.php HTTP/1.1" 404 10843 "-" "Mozilla/5.0 (Windows NT 10.0; Win64; x64) AppleWebKit/537.36 (KHTML, like Gecko) Chrome/120.0.0.0 Safari/537.36"
20.151.131.235 - - [30/Apr/2026:21:31:38 +1000] "GET /css/index.php HTTP/1.1" 301 - "-" "Mozilla/5.0 (Windows NT 10.0; Win64; x64) AppleWebKit/537.36 (KHTML, like Gecko) Chrome/120.0.0.0 Safari/537.36"
20.151.131.235 - - [30/Apr/2026:21:31:41 +1000] "GET /jp.php HTTP/1.1" 404 10836 "-" "Mozilla/5.0 (Windows NT 10.0; Win64; x64) AppleWebKit/537.36 (KHTML, like Gecko) Chrome/120.0.0.0 Safari/537.36"
20.151.131.235 - - [30/Apr/2026:21:31:43 +1000] "GET /num.php HTTP/1.1" 404 10840 "-" "Mozilla/5.0 (Windows NT 10.0; Win64; x64) AppleWebKit/537.36 (KHTML, like Gecko) Chrome/120.0.0.0 Safari/537.36"
20.151.131.235 - - [30/Apr/2026:21:31:45 +1000] "GET /wp-content/themes/index.php HTTP/1.1" 200 - "-" "Mozilla/5.0 (Windows NT 10.0; Win64; x64) AppleWebKit/537.36 (KHTML, like Gecko) Chrome/120.0.0.0 Safari/537.36"
20.151.131.235 - - [30/Apr/2026:21:31:45 +1000] "GET /12.php HTTP/1.1" 404 10837 "-" "Mozilla/5.0 (Windows NT 10.0; Win64; x64) AppleWebKit/537.36 (KHTML, like Gecko) Chrome/120.0.0.0 Safari/537.36"
20.151.131.235 - - [30/Apr/2026:21:31:48 +1000] "GET /Ov-Simple1.php HTTP/1.1" 404 10853 "-" "Mozilla/5.0 (Windows NT 10.0; Win64; x64) AppleWebKit/537.36 (KHTML, like Gecko) Chrome/120.0.0.0 Safari/537.36"
20.151.131.235 - - [30/Apr/2026:21:31:50 +1000] "GET /an.php HTTP/1.1" 404 10837 "-" "Mozilla/5.0 (Windows NT 10.0; Win64; x64) AppleWebKit/537.36 (KHTML, like Gecko) Chrome/120.0.0.0 Safari/537.36"
20.151.131.235 - - [30/Apr/2026:21:31:52 +1000] "GET /archive.php HTTP/1.1" 404 10843 "-" "Mozilla/5.0 (Windows NT 10.0; Win64; x64) AppleWebKit/537.36 (KHTML, like Gecko) Chrome/120.0.0.0 Safari/537.36"
20.151.131.235 - - [30/Apr/2026:21:31:54 +1000] "GET /as.php HTTP/1.1" 404 10837 "-" "Mozilla/5.0 (Windows NT 10.0; Win64; x64) AppleWebKit/537.36 (KHTML, like Gecko) Chrome/120.0.0.0 Safari/537.36"
20.151.131.235 - - [30/Apr/2026:21:31:56 +1000] "GET /db.php HTTP/1.1" 404 10837 "-" "Mozilla/5.0 (Windows NT 10.0; Win64; x64) AppleWebKit/537.36 (KHTML, like Gecko) Chrome/120.0.0.0 Safari/537.36"
20.151.131.235 - - [30/Apr/2026:21:31:58 +1000] "GET /error.php HTTP/1.1" 404 10840 "-" "Mozilla/5.0 (Windows NT 10.0; Win64; x64) AppleWebKit/537.36 (KHTML, like Gecko) Chrome/120.0.0.0 Safari/537.36"
20.151.131.235 - - [30/Apr/2026:21:32:00 +1000] "GET /ortasekerli1.php HTTP/1.1" 404 10851 "-" "Mozilla/5.0 (Windows NT 10.0; Win64; x64) AppleWebKit/537.36 (KHTML, like Gecko) Chrome/120.0.0.0 Safari/537.36"
20.151.131.235 - - [30/Apr/2026:21:32:03 +1000] "GET /wp-blog-header.php HTTP/1.1" 404 - "-" "Mozilla/5.0 (Windows NT 10.0; Win64; x64) AppleWebKit/537.36 (KHTML, like Gecko) Chrome/120.0.0.0 Safari/537.36"
20.151.131.235 - - [30/Apr/2026:21:32:04 +1000] "GET /wp-content/plugins/hellopress/wp_filemanager.php HTTP/1.1" 404 10881 "-" "Mozilla/5.0 (Windows NT 10.0; Win64; x64) AppleWebKit/537.36 (KHTML, like Gecko) Chrome/120.0.0.0 Safari/537.36"
20.151.131.235 - - [30/Apr/2026:21:32:06 +1000] "GET /wp-includes/class-wp-http-client.php HTTP/1.1" 404 10864 "-" "Mozilla/5.0 (Windows NT 10.0; Win64; x64) AppleWebKit/537.36 (KHTML, like Gecko) Chrome/120.0.0.0 Safari/537.36"
20.151.131.235 - - [30/Apr/2026:21:32:09 +1000] "GET /wp-includes/configuration.php HTTP/1.1" 404 10856 "-" "Mozilla/5.0 (Windows NT 10.0; Win64; x64) AppleWebKit/537.36 (KHTML, like Gecko) Chrome/120.0.0.0 Safari/537.36"
20.151.131.235 - - [30/Apr/2026:21:32:11 +1000] "GET /0x.php HTTP/1.1" 404 10836 "-" "Mozilla/5.0 (Windows NT 10.0; Win64; x64) AppleWebKit/537.36 (KHTML, like Gecko) Chrome/120.0.0.0 Safari/537.36"
20.151.131.235 - - [30/Apr/2026:21:32:13 +1000] "GET /aaa.php HTTP/1.1" 404 10840 "-" "Mozilla/5.0 (Windows NT 10.0; Win64; x64) AppleWebKit/537.36 (KHTML, like Gecko) Chrome/120.0.0.0 Safari/537.36"
20.151.131.235 - - [30/Apr/2026:21:32:16 +1000] "GET /byp.php HTTP/1.1" 404 10840 "-" "Mozilla/5.0 (Windows NT 10.0; Win64; x64) AppleWebKit/537.36 (KHTML, like Gecko) Chrome/120.0.0.0 Safari/537.36"
20.151.131.235 - - [30/Apr/2026:21:32:18 +1000] "GET /dropdown.php HTTP/1.1" 404 10846 "-" "Mozilla/5.0 (Windows NT 10.0; Win64; x64) AppleWebKit/537.36 (KHTML, like Gecko) Chrome/120.0.0.0 Safari/537.36"
20.151.131.235 - - [30/Apr/2026:21:32:20 +1000] "GET /mini.php HTTP/1.1" 404 10841 "-" "Mozilla/5.0 (Windows NT 10.0; Win64; x64) AppleWebKit/537.36 (KHTML, like Gecko) Chrome/120.0.0.0 Safari/537.36"
20.151.131.235 - - [30/Apr/2026:21:32:22 +1000] "GET /new.php HTTP/1.1" 404 10839 "-" "Mozilla/5.0 (Windows NT 10.0; Win64; x64) AppleWebKit/537.36 (KHTML, like Gecko) Chrome/120.0.0.0 Safari/537.36"
20.151.131.235 - - [30/Apr/2026:21:32:24 +1000] "GET /option.php HTTP/1.1" 404 10842 "-" "Mozilla/5.0 (Windows NT 10.0; Win64; x64) AppleWebKit/537.36 (KHTML, like Gecko) Chrome/120.0.0.0 Safari/537.36"
20.151.131.235 - - [30/Apr/2026:21:32:26 +1000] "GET /s.php HTTP/1.1" 404 10835 "-" "Mozilla/5.0 (Windows NT 10.0; Win64; x64) AppleWebKit/537.36 (KHTML, like Gecko) Chrome/120.0.0.0 Safari/537.36"
20.151.131.235 - - [30/Apr/2026:21:32:29 +1000] "GET /size.php HTTP/1.1" 404 10841 "-" "Mozilla/5.0 (Windows NT 10.0; Win64; x64) AppleWebKit/537.36 (KHTML, like Gecko) Chrome/120.0.0.0 Safari/537.36"
20.151.131.235 - - [30/Apr/2026:21:32:31 +1000] "GET /system_log.php HTTP/1.1" 404 10849 "-" "Mozilla/5.0 (Windows NT 10.0; Win64; x64) AppleWebKit/537.36 (KHTML, like Gecko) Chrome/120.0.0.0 Safari/537.36"
20.151.131.235 - - [30/Apr/2026:21:32:33 +1000] "GET /tool.php HTTP/1.1" 404 10839 "-" "Mozilla/5.0 (Windows NT 10.0; Win64; x64) AppleWebKit/537.36 (KHTML, like Gecko) Chrome/120.0.0.0 Safari/537.36"
20.151.131.235 - - [30/Apr/2026:21:32:35 +1000] "GET /wp-admin.php HTTP/1.1" 404 10846 "-" "Mozilla/5.0 (Windows NT 10.0; Win64; x64) AppleWebKit/537.36 (KHTML, like Gecko) Chrome/120.0.0.0 Safari/537.36"
82.214.102.252 - - [30/Apr/2026:21:32:38 +1000] "GET /wp-login.php HTTP/1.1" 200 4711 "-" "Mozilla/5.0 (Macintosh; Intel Mac OS X 10_11_6) AppleWebKit/537.36 (KHTML, like Gecko) Chrome/67.0.3396.87 Safari/537.36"
20.151.131.235 - - [30/Apr/2026:21:32:37 +1000] "GET /wp-includes/Text/Diff/Engine/about.php HTTP/1.1" 404 10875 "-" "Mozilla/5.0 (Windows NT 10.0; Win64; x64) AppleWebKit/537.36 (KHTML, like Gecko) Chrome/120.0.0.0 Safari/537.36"
82.214.102.252 - - [30/Apr/2026:21:32:39 +1000] "POST /wp-login.php HTTP/1.1" 200 4711 "https://mail.galaxybeads.com.au/wp-login.php" "Mozilla/5.0 (Macintosh; Intel Mac OS X 10_11_6) AppleWebKit/537.36 (KHTML, like Gecko) Chrome/67.0.3396.87 Safari/537.36"
20.151.131.235 - - [30/Apr/2026:21:32:39 +1000] "GET /about/function.php HTTP/1.1" 404 10852 "-" "Mozilla/5.0 (Windows NT 10.0; Win64; x64) AppleWebKit/537.36 (KHTML, like Gecko) Chrome/120.0.0.0 Safari/537.36"
20.151.131.235 - - [30/Apr/2026:21:32:41 +1000] "GET /albin.php HTTP/1.1" 404 10843 "-" "Mozilla/5.0 (Windows NT 10.0; Win64; x64) AppleWebKit/537.36 (KHTML, like Gecko) Chrome/120.0.0.0 Safari/537.36"
20.151.131.235 - - [30/Apr/2026:21:32:44 +1000] "GET /alfa.php HTTP/1.1" 404 10841 "-" "Mozilla/5.0 (Windows NT 10.0; Win64; x64) AppleWebKit/537.36 (KHTML, like Gecko) Chrome/120.0.0.0 Safari/537.36"
114.119.156.154 - - [30/Apr/2026:21:32:47 +1000] "GET /shop/index.php?main_page=login HTTP/1.1" 302 - "http://galaxybeads.com.au/shop/index.php?main_page=product_info&cPath=80&products_id=356" "Mozilla/5.0 (Linux; Android 7.0;) AppleWebKit/537.36 (HTML, like Gecko) Mobile Safari/537.36 (compatible; PetalBot;+https://webmaster.petalsearch.com/site/petalbot)"
20.151.131.235 - - [30/Apr/2026:21:32:46 +1000] "GET /autoload_classmap.php HTTP/1.1" 404 10857 "-" "Mozilla/5.0 (Windows NT 10.0; Win64; x64) AppleWebKit/537.36 (KHTML, like Gecko) Chrome/120.0.0.0 Safari/537.36"
114.119.156.154 - - [30/Apr/2026:21:32:47 +1000] "GET /shop/index.php?main_page=cookie_usage HTTP/1.1" 200 8972 "http://galaxybeads.com.au/shop/index.php?main_page=product_info&cPath=80&products_id=356" "Mozilla/5.0 (Linux; Android 7.0;) AppleWebKit/537.36 (HTML, like Gecko) Mobile Safari/537.36 (compatible; PetalBot;+https://webmaster.petalsearch.com/site/petalbot)"
20.151.131.235 - - [30/Apr/2026:21:32:50 +1000] "GET /av.php HTTP/1.1" 404 10836 "-" "Mozilla/5.0 (Windows NT 10.0; Win64; x64) AppleWebKit/537.36 (KHTML, like Gecko) Chrome/120.0.0.0 Safari/537.36"
20.151.131.235 - - [30/Apr/2026:21:32:53 +1000] "GET /dragonshell.php HTTP/1.1" 404 10850 "-" "Mozilla/5.0 (Windows NT 10.0; Win64; x64) AppleWebKit/537.36 (KHTML, like Gecko) Chrome/120.0.0.0 Safari/537.36"
20.151.131.235 - - [30/Apr/2026:21:32:55 +1000] "GET /f35.php HTTP/1.1" 404 10840 "-" "Mozilla/5.0 (Windows NT 10.0; Win64; x64) AppleWebKit/537.36 (KHTML, like Gecko) Chrome/120.0.0.0 Safari/537.36"
20.151.131.235 - - [30/Apr/2026:21:32:57 +1000] "GET /gg.php HTTP/1.1" 404 10836 "-" "Mozilla/5.0 (Windows NT 10.0; Win64; x64) AppleWebKit/537.36 (KHTML, like Gecko) Chrome/120.0.0.0 Safari/537.36"
20.151.131.235 - - [30/Apr/2026:21:33:00 +1000] "GET /gifclass.php HTTP/1.1" 404 10846 "-" "Mozilla/5.0 (Windows NT 10.0; Win64; x64) AppleWebKit/537.36 (KHTML, like Gecko) Chrome/120.0.0.0 Safari/537.36"
20.151.131.235 - - [30/Apr/2026:21:33:02 +1000] "GET /sql.php HTTP/1.1" 404 10841 "-" "Mozilla/5.0 (Windows NT 10.0; Win64; x64) AppleWebKit/537.36 (KHTML, like Gecko) Chrome/120.0.0.0 Safari/537.36"
20.151.131.235 - - [30/Apr/2026:21:33:04 +1000] "GET /up.php HTTP/1.1" 404 10837 "-" "Mozilla/5.0 (Windows NT 10.0; Win64; x64) AppleWebKit/537.36 (KHTML, like Gecko) Chrome/120.0.0.0 Safari/537.36"
20.151.131.235 - - [30/Apr/2026:21:33:06 +1000] "GET /wp-admin/css/colors/blue/index.php HTTP/1.1" 301 - "-" "Mozilla/5.0 (Windows NT 10.0; Win64; x64) AppleWebKit/537.36 (KHTML, like Gecko) Chrome/120.0.0.0 Safari/537.36"
20.151.131.235 - - [30/Apr/2026:21:33:09 +1000] "GET /wp-admin/js/index.php HTTP/1.1" 301 - "-" "Mozilla/5.0 (Windows NT 10.0; Win64; x64) AppleWebKit/537.36 (KHTML, like Gecko) Chrome/120.0.0.0 Safari/537.36"
20.151.131.235 - - [30/Apr/2026:21:33:10 +1000] "GET /wp-p2r3q9c8k4.php HTTP/1.1" 404 10857 "-" "Mozilla/5.0 (Windows NT 10.0; Win64; x64) AppleWebKit/537.36 (KHTML, like Gecko) Chrome/120.0.0.0 Safari/537.36"
50.6.229.148 - - [30/Apr/2026:21:33:46 +1000] "GET /wp-login.php HTTP/1.1" 200 4710 "-" "Mozilla/5.0 (Windows NT 6.3; WOW64) AppleWebKit/537.36 (KHTML, like Gecko) Chrome/67.0.3396.87 Safari/537.36"
50.6.229.148 - - [30/Apr/2026:21:33:47 +1000] "POST /wp-login.php HTTP/1.1" 200 4710 "https://galaxybeads.com.au/wp-login.php" "Mozilla/5.0 (Windows NT 6.3; WOW64) AppleWebKit/537.36 (KHTML, like Gecko) Chrome/67.0.3396.87 Safari/537.36"
114.119.156.154 - - [30/Apr/2026:21:34:25 +1000] "GET /shop/index.php?main_page=login HTTP/1.1" 302 - "http://galaxybeads.com.au/shop/index.php?main_page=product_info&cPath=68_72&products_id=152" "Mozilla/5.0 (Linux; Android 7.0;) AppleWebKit/537.36 (HTML, like Gecko) Mobile Safari/537.36 (compatible; PetalBot;+https://webmaster.petalsearch.com/site/petalbot)"
114.119.156.154 - - [30/Apr/2026:21:34:26 +1000] "GET /shop/index.php?main_page=cookie_usage HTTP/1.1" 200 9159 "http://galaxybeads.com.au/shop/index.php?main_page=product_info&cPath=68_72&products_id=152" "Mozilla/5.0 (Linux; Android 7.0;) AppleWebKit/537.36 (HTML, like Gecko) Mobile Safari/537.36 (compatible; PetalBot;+https://webmaster.petalsearch.com/site/petalbot)"
114.119.130.136 - - [30/Apr/2026:21:35:50 +1000] "GET /shop/index.php?main_page=login HTTP/1.1" 302 - "http://galaxybeads.com.au/shop/index.php?main_page=product_info&cPath=52_54&products_id=821" "Mozilla/5.0 (Linux; Android 7.0;) AppleWebKit/537.36 (HTML, like Gecko) Mobile Safari/537.36 (compatible; PetalBot;+https://webmaster.petalsearch.com/site/petalbot)"
114.119.130.136 - - [30/Apr/2026:21:35:50 +1000] "GET /shop/index.php?main_page=cookie_usage HTTP/1.1" 200 9158 "http://galaxybeads.com.au/shop/index.php?main_page=product_info&cPath=52_54&products_id=821" "Mozilla/5.0 (Linux; Android 7.0;) AppleWebKit/537.36 (HTML, like Gecko) Mobile Safari/537.36 (compatible; PetalBot;+https://webmaster.petalsearch.com/site/petalbot)"
74.7.241.42 - - [30/Apr/2026:21:36:42 +1000] "GET /sitemap.html HTTP/1.1" 200 1015 "-" "Mozilla/5.0 AppleWebKit/537.36 (KHTML, like Gecko; compatible; GPTBot/1.3; +https://openai.com/gptbot)"
74.7.230.14 - - [30/Apr/2026:21:36:42 +1000] "GET /robots.txt HTTP/1.1" 200 135 "-" "Mozilla/5.0 (Macintosh; Intel Mac OS X 10_15_7) AppleWebKit/537.36 (KHTML, like Gecko) Chrome/131.0.0.0 Safari/537.36; compatible; OAI-SearchBot/1.3; robots.txt; +https://openai.com/searchbot"
185.198.240.95 - - [30/Apr/2026:21:36:47 +1000] "POST /wp-login.php HTTP/1.1" 200 11780 "-" "Mozilla/5.0"
45.131.195.206 - - [30/Apr/2026:21:36:47 +1000] "POST /wp-login.php HTTP/1.1" 401 3404 "-" "Mozilla/5.0"
114.119.146.117 - - [30/Apr/2026:21:37:19 +1000] "GET /shop/index.php?main_page=login HTTP/1.1" 302 - "http://galaxybeads.com.au/shop/index.php?main_page=product_info&cPath=52_53&products_id=788" "Mozilla/5.0 (Linux; Android 7.0;) AppleWebKit/537.36 (HTML, like Gecko) Mobile Safari/537.36 (compatible; PetalBot;+https://webmaster.petalsearch.com/site/petalbot)"
114.119.146.117 - - [30/Apr/2026:21:37:20 +1000] "GET /shop/index.php?main_page=cookie_usage HTTP/1.1" 200 8976 "http://galaxybeads.com.au/shop/index.php?main_page=product_info&cPath=52_53&products_id=788" "Mozilla/5.0 (Linux; Android 7.0;) AppleWebKit/537.36 (HTML, like Gecko) Mobile Safari/537.36 (compatible; PetalBot;+https://webmaster.petalsearch.com/site/petalbot)"
114.119.128.129 - - [30/Apr/2026:21:38:54 +1000] "GET /shop/index.php?main_page=login HTTP/1.1" 302 - "http://galaxybeads.com.au/shop/index.php?main_page=product_info&cPath=33_57&products_id=156" "Mozilla/5.0 (Linux; Android 7.0;) AppleWebKit/537.36 (HTML, like Gecko) Mobile Safari/537.36 (compatible; PetalBot;+https://webmaster.petalsearch.com/site/petalbot)"
114.119.128.129 - - [30/Apr/2026:21:38:54 +1000] "GET /shop/index.php?main_page=cookie_usage HTTP/1.1" 200 8973 "http://galaxybeads.com.au/shop/index.php?main_page=product_info&cPath=33_57&products_id=156" "Mozilla/5.0 (Linux; Android 7.0;) AppleWebKit/537.36 (HTML, like Gecko) Mobile Safari/537.36 (compatible; PetalBot;+https://webmaster.petalsearch.com/site/petalbot)"
114.119.159.75 - - [30/Apr/2026:21:40:25 +1000] "GET /shop/index.php?main_page=login HTTP/1.1" 302 - "http://galaxybeads.com.au/shop/index.php?main_page=product_info&cPath=33_46&products_id=2256" "Mozilla/5.0 (Linux; Android 7.0;) AppleWebKit/537.36 (HTML, like Gecko) Mobile Safari/537.36 (compatible; PetalBot;+https://webmaster.petalsearch.com/site/petalbot)"
181.85.211.33 - - [30/Apr/2026:21:40:28 +1000] "GET /shop/index.php?main_page=login HTTP/1.1" 200 17883 "-" "Mozilla/5.0 (Windows NT 10.0; Win64; x64) AppleWebKit/537.36 (KHTML, like Gecko) Chrome/80.0.3987.122 Safari/537.36"
114.119.159.75 - - [30/Apr/2026:21:40:40 +1000] "GET /shop/index.php?main_page=cookie_usage HTTP/1.1" 200 8977 "http://galaxybeads.com.au/shop/index.php?main_page=product_info&cPath=33_46&products_id=2256" "Mozilla/5.0 (Linux; Android 7.0;) AppleWebKit/537.36 (HTML, like Gecko) Mobile Safari/537.36 (compatible; PetalBot;+https://webmaster.petalsearch.com/site/petalbot)"
114.119.134.148 - - [30/Apr/2026:21:41:37 +1000] "GET /shop/index.php?main_page=login HTTP/1.1" 302 - "http://galaxybeads.com.au/shop/index.php?main_page=product_info&cPath=33_39&products_id=222" "Mozilla/5.0 (Linux; Android 7.0;) AppleWebKit/537.36 (HTML, like Gecko) Mobile Safari/537.36 (compatible; PetalBot;+https://webmaster.petalsearch.com/site/petalbot)"
114.119.134.148 - - [30/Apr/2026:21:41:38 +1000] "GET /shop/index.php?main_page=cookie_usage HTTP/1.1" 200 8975 "http://galaxybeads.com.au/shop/index.php?main_page=product_info&cPath=33_39&products_id=222" "Mozilla/5.0 (Linux; Android 7.0;) AppleWebKit/537.36 (HTML, like Gecko) Mobile Safari/537.36 (compatible; PetalBot;+https://webmaster.petalsearch.com/site/petalbot)"
202.76.137.84 - - [30/Apr/2026:21:41:58 +1000] "GET /pearls-an-old-classic/ HTTP/1.1" 200 14636 "-" "Mozilla/5.0 (Macintosh; Intel Mac OS X 14_6_1) AppleWebKit/537.36 (KHTML, like Gecko) Chrome/131.0.6778.204 Safari/537.36"
113.210.105.47 - - [30/Apr/2026:21:42:23 +1000] "GET / HTTP/1.1" 301 - "-" "Mozilla/5.0 (Linux; Android 10; K) AppleWebKit/537.36 (KHTML, like Gecko) Chrome/147.0.0.0 Mobile Safari/537.36"
47.128.38.212 - - [30/Apr/2026:21:42:26 +1000] "GET /shop/includes/templates/theme228/css/stylesheet_boxes.css HTTP/1.1" 200 5436 "http://galaxybeads.com.au/" "Mozilla/5.0 (Linux; Android 5.0) AppleWebKit/537.36 (KHTML, like Gecko) Mobile Safari/537.36 (compatible; Bytespider; spider-feedback@bytedance.com)"
47.128.38.212 - - [30/Apr/2026:21:42:26 +1000] "GET /shop/bmz_cache/2/283f32e844b9769842fc17724b12cb12.image.107x149.JPG HTTP/1.1" 206 500 "http://galaxybeads.com.au/" "Mozilla/5.0 (Linux; Android 5.0) AppleWebKit/537.36 (KHTML, like Gecko) Mobile Safari/537.36 (compatible; Bytespider; spider-feedback@bytedance.com)"
47.128.38.212 - - [30/Apr/2026:21:42:26 +1000] "GET /shop/bmz_cache/0/020dc881a84fb9735e021005f081582d.image.122x149.jpg HTTP/1.1" 206 500 "http://galaxybeads.com.au/" "Mozilla/5.0 (Linux; Android 5.0) AppleWebKit/537.36 (KHTML, like Gecko) Mobile Safari/537.36 (compatible; Bytespider; spider-feedback@bytedance.com)"
47.128.38.212 - - [30/Apr/2026:21:42:26 +1000] "GET /shop/bmz_cache/6/69b0de217549bd47c4fe745061813e1f.image.138x149.jpg HTTP/1.1" 206 500 "http://galaxybeads.com.au/" "Mozilla/5.0 (Linux; Android 5.0) AppleWebKit/537.36 (KHTML, like Gecko) Mobile Safari/537.36 (compatible; Bytespider; spider-feedback@bytedance.com)"
47.128.38.212 - - [30/Apr/2026:21:42:26 +1000] "GET /shop/bmz_cache/a/a8fe3be9691e3e0c4e1bda6353939cfb.image.84x149.jpg HTTP/1.1" 206 500 "http://galaxybeads.com.au/" "Mozilla/5.0 (Linux; Android 5.0) AppleWebKit/537.36 (KHTML, like Gecko) Mobile Safari/537.36 (compatible; Bytespider; spider-feedback@bytedance.com)"
47.128.38.212 - - [30/Apr/2026:21:42:26 +1000] "GET /shop/includes/templates/template_default/images/pixel_trans.gif HTTP/1.1" 206 43 "http://galaxybeads.com.au/" "Mozilla/5.0 (Linux; Android 5.0) AppleWebKit/537.36 (KHTML, like Gecko) Mobile Safari/537.36 (compatible; Bytespider; spider-feedback@bytedance.com)"
47.128.38.212 - - [30/Apr/2026:21:42:26 +1000] "GET /shop/bmz_cache/a/a09cf521969c5b3236f18bbd18942173.image.92x149.jpg HTTP/1.1" 206 500 "http://galaxybeads.com.au/" "Mozilla/5.0 (Linux; Android 5.0) AppleWebKit/537.36 (KHTML, like Gecko) Mobile Safari/537.36 (compatible; Bytespider; spider-feedback@bytedance.com)"
47.128.38.212 - - [30/Apr/2026:21:42:27 +1000] "GET /shop/bmz_cache/7/7bcebb2885fc8dffca261aca343fe9c2.image.114x149.JPG HTTP/1.1" 206 500 "http://galaxybeads.com.au/" "Mozilla/5.0 (Linux; Android 5.0) AppleWebKit/537.36 (KHTML, like Gecko) Mobile Safari/537.36 (compatible; Bytespider; spider-feedback@bytedance.com)"
47.128.38.212 - - [30/Apr/2026:21:42:27 +1000] "GET /shop/bmz_cache/3/3ee5d09ee3689ca590bb2456526e54b6.image.133x149.JPG HTTP/1.1" 206 500 "http://galaxybeads.com.au/" "Mozilla/5.0 (Linux; Android 5.0) AppleWebKit/537.36 (KHTML, like Gecko) Mobile Safari/537.36 (compatible; Bytespider; spider-feedback@bytedance.com)"
47.128.38.212 - - [30/Apr/2026:21:42:27 +1000] "GET /shop/bmz_cache/d/dfe8fe8467ca77b6d6eeda4698128d9c.image.144x149.JPG HTTP/1.1" 206 500 "http://galaxybeads.com.au/" "Mozilla/5.0 (Linux; Android 5.0) AppleWebKit/537.36 (KHTML, like Gecko) Mobile Safari/537.36 (compatible; Bytespider; spider-feedback@bytedance.com)"
47.128.38.212 - - [30/Apr/2026:21:42:27 +1000] "GET /shop/bmz_cache/4/47fa824b19564f90184a311a30e6d959.image.106x149.JPG HTTP/1.1" 206 500 "http://galaxybeads.com.au/" "Mozilla/5.0 (Linux; Android 5.0) AppleWebKit/537.36 (KHTML, like Gecko) Mobile Safari/537.36 (compatible; Bytespider; spider-feedback@bytedance.com)"
47.128.38.212 - - [30/Apr/2026:21:42:27 +1000] "GET /shop/bmz_cache/4/4ffb5a9537613799e7dc376398c7acb5.image.99x149.jpg HTTP/1.1" 206 500 "http://galaxybeads.com.au/" "Mozilla/5.0 (Linux; Android 5.0) AppleWebKit/537.36 (KHTML, like Gecko) Mobile Safari/537.36 (compatible; Bytespider; spider-feedback@bytedance.com)"
47.128.38.212 - - [30/Apr/2026:21:42:27 +1000] "GET /shop/bmz_cache/a/a5e6cbdc74bc073c45d2bea26d5e07a1.image.147x143.jpg HTTP/1.1" 206 500 "http://galaxybeads.com.au/" "Mozilla/5.0 (Linux; Android 5.0) AppleWebKit/537.36 (KHTML, like Gecko) Mobile Safari/537.36 (compatible; Bytespider; spider-feedback@bytedance.com)"
47.128.38.212 - - [30/Apr/2026:21:42:27 +1000] "GET /shop/bmz_cache/9/9f2cecad00e7d4a6616c14193e113d65.image.147x141.jpg HTTP/1.1" 206 500 "http://galaxybeads.com.au/" "Mozilla/5.0 (Linux; Android 5.0) AppleWebKit/537.36 (KHTML, like Gecko) Mobile Safari/537.36 (compatible; Bytespider; spider-feedback@bytedance.com)"
47.128.38.212 - - [30/Apr/2026:21:42:27 +1000] "GET /shop/bmz_cache/e/e919032b206a46749f2afba74d3d7f98.image.147x143.JPG HTTP/1.1" 206 500 "http://galaxybeads.com.au/" "Mozilla/5.0 (Linux; Android 5.0) AppleWebKit/537.36 (KHTML, like Gecko) Mobile Safari/537.36 (compatible; Bytespider; spider-feedback@bytedance.com)"
113.210.105.47 - - [30/Apr/2026:21:42:32 +1000] "GET / HTTP/1.1" 301 - "-" "Mozilla/5.0 (Linux; Android 10; K) AppleWebKit/537.36 (KHTML, like Gecko) Chrome/147.0.0.0 Mobile Safari/537.36"
113.210.105.47 - - [30/Apr/2026:21:42:47 +1000] "GET / HTTP/1.1" 200 13378 "-" "Mozilla/5.0 (Linux; Android 10; K) AppleWebKit/537.36 (KHTML, like Gecko) Chrome/147.0.0.0 Mobile Safari/537.36"
113.210.105.47 - - [30/Apr/2026:21:42:50 +1000] "GET /wp-content/plugins/contact-form-7/includes/css/styles.css?ver=6.1.5 HTTP/1.1" 200 1080 "https://galaxybeads.com.au/" "Mozilla/5.0 (Linux; Android 10; K) AppleWebKit/537.36 (KHTML, like Gecko) Chrome/147.0.0.0 Mobile Safari/537.36"
113.210.105.47 - - [30/Apr/2026:21:42:50 +1000] "GET /wp-content/themes/galaxy-beads-not-ecommorce/css/font-awesome.css?ver=6.9.4 HTTP/1.1" 200 5801 "https://galaxybeads.com.au/" "Mozilla/5.0 (Linux; Android 10; K) AppleWebKit/537.36 (KHTML, like Gecko) Chrome/147.0.0.0 Mobile Safari/537.36"
113.210.105.47 - - [30/Apr/2026:21:42:50 +1000] "GET /wp-content/themes/galaxy-beads-not-ecommorce/css/typography.css?ver=6.9.4 HTTP/1.1" 200 349 "https://galaxybeads.com.au/" "Mozilla/5.0 (Linux; Android 10; K) AppleWebKit/537.36 (KHTML, like Gecko) Chrome/147.0.0.0 Mobile Safari/537.36"
113.210.105.47 - - [30/Apr/2026:21:42:50 +1000] "GET /wp-content/themes/galaxy-beads-not-ecommorce/css/editor-style.css?ver=6.9.4 HTTP/1.1" 200 3265 "https://galaxybeads.com.au/" "Mozilla/5.0 (Linux; Android 10; K) AppleWebKit/537.36 (KHTML, like Gecko) Chrome/147.0.0.0 Mobile Safari/537.36"
113.210.105.47 - - [30/Apr/2026:21:42:50 +1000] "GET /wp-content/themes/galaxy-beads-not-ecommorce/style.css?ver=6.9.4 HTTP/1.1" 200 5700 "https://galaxybeads.com.au/" "Mozilla/5.0 (Linux; Android 10; K) AppleWebKit/537.36 (KHTML, like Gecko) Chrome/147.0.0.0 Mobile Safari/537.36"
113.210.105.47 - - [30/Apr/2026:21:42:50 +1000] "GET /wp-content/themes/galaxy-beads-not-ecommorce/css/mobile.css?01&ver=6.9.4 HTTP/1.1" 200 1964 "https://galaxybeads.com.au/" "Mozilla/5.0 (Linux; Android 10; K) AppleWebKit/537.36 (KHTML, like Gecko) Chrome/147.0.0.0 Mobile Safari/537.36"
113.210.105.47 - - [30/Apr/2026:21:42:51 +1000] "GET /wp-content/themes/galaxy-beads-not-ecommorce/js/owl.carousel.min.js?ver=1 HTTP/1.1" 200 8079 "https://galaxybeads.com.au/" "Mozilla/5.0 (Linux; Android 10; K) AppleWebKit/537.36 (KHTML, like Gecko) Chrome/147.0.0.0 Mobile Safari/537.36"
113.210.105.47 - - [30/Apr/2026:21:42:51 +1000] "GET /wp-content/themes/galaxy-beads-not-ecommorce/js/functions.js?ver=1 HTTP/1.1" 200 707 "https://galaxybeads.com.au/" "Mozilla/5.0 (Linux; Android 10; K) AppleWebKit/537.36 (KHTML, like Gecko) Chrome/147.0.0.0 Mobile Safari/537.36"
113.210.105.47 - - [30/Apr/2026:21:42:51 +1000] "GET /wp-content/themes/galaxy-beads-not-ecommorce/js/scroll-master/_dependent/jquery.min.js?ver=6.9.4 HTTP/1.1" 200 42291 "https://galaxybeads.com.au/" "Mozilla/5.0 (Linux; Android 10; K) AppleWebKit/537.36 (KHTML, like Gecko) Chrome/147.0.0.0 Mobile Safari/537.36"
113.210.105.47 - - [30/Apr/2026:21:42:51 +1000] "GET /wp-content/themes/galaxy-beads-not-ecommorce/images/green-beads.png HTTP/1.1" 200 58245 "https://galaxybeads.com.au/" "Mozilla/5.0 (Linux; Android 10; K) AppleWebKit/537.36 (KHTML, like Gecko) Chrome/147.0.0.0 Mobile Safari/537.36"
113.210.105.47 - - [30/Apr/2026:21:42:51 +1000] "GET /wp-content/themes/galaxy-beads-not-ecommorce/images/logo-top-float.png HTTP/1.1" 200 971 "https://galaxybeads.com.au/" "Mozilla/5.0 (Linux; Android 10; K) AppleWebKit/537.36 (KHTML, like Gecko) Chrome/147.0.0.0 Mobile Safari/537.36"
113.210.105.47 - - [30/Apr/2026:21:42:51 +1000] "GET /wp-content/themes/galaxy-beads-not-ecommorce/images/homepage/glasses-and-beads.png HTTP/1.1" 200 17690 "https://galaxybeads.com.au/" "Mozilla/5.0 (Linux; Android 10; K) AppleWebKit/537.36 (KHTML, like Gecko) Chrome/147.0.0.0 Mobile Safari/537.36"
113.210.105.47 - - [30/Apr/2026:21:42:51 +1000] "GET /wp-content/themes/galaxy-beads-not-ecommorce/images/rosary.png HTTP/1.1" 200 107055 "https://galaxybeads.com.au/" "Mozilla/5.0 (Linux; Android 10; K) AppleWebKit/537.36 (KHTML, like Gecko) Chrome/147.0.0.0 Mobile Safari/537.36"
113.210.105.47 - - [30/Apr/2026:21:42:51 +1000] "GET /wp-content/plugins/contact-form-7/includes/js/index.js?ver=6.1.5 HTTP/1.1" 200 5501 "https://galaxybeads.com.au/" "Mozilla/5.0 (Linux; Android 10; K) AppleWebKit/537.36 (KHTML, like Gecko) Chrome/147.0.0.0 Mobile Safari/537.36"
113.210.105.47 - - [30/Apr/2026:21:42:51 +1000] "GET /wp-content/themes/galaxy-beads-not-ecommorce/images/homepage/birth-stone.png HTTP/1.1" 200 22414 "https://galaxybeads.com.au/" "Mozilla/5.0 (Linux; Android 10; K) AppleWebKit/537.36 (KHTML, like Gecko) Chrome/147.0.0.0 Mobile Safari/537.36"
113.210.105.47 - - [30/Apr/2026:21:42:51 +1000] "GET /wp-includes/js/dist/i18n.min.js?ver=c26c3dc7bed366793375 HTTP/1.1" 200 2319 "https://galaxybeads.com.au/" "Mozilla/5.0 (Linux; Android 10; K) AppleWebKit/537.36 (KHTML, like Gecko) Chrome/147.0.0.0 Mobile Safari/537.36"
113.210.105.47 - - [30/Apr/2026:21:42:51 +1000] "GET /wp-content/plugins/contact-form-7/includes/swv/js/index.js?ver=6.1.5 HTTP/1.1" 200 3813 "https://galaxybeads.com.au/" "Mozilla/5.0 (Linux; Android 10; K) AppleWebKit/537.36 (KHTML, like Gecko) Chrome/147.0.0.0 Mobile Safari/537.36"
113.210.105.47 - - [30/Apr/2026:21:42:51 +1000] "GET /wp-includes/js/dist/hooks.min.js?ver=dd5603f07f9220ed27f1 HTTP/1.1" 200 2014 "https://galaxybeads.com.au/" "Mozilla/5.0 (Linux; Android 10; K) AppleWebKit/537.36 (KHTML, like Gecko) Chrome/147.0.0.0 Mobile Safari/537.36"
113.210.105.47 - - [30/Apr/2026:21:42:51 +1000] "GET /wp-content/themes/galaxy-beads-not-ecommorce/css/fonts/OpenSansRegular.woff HTTP/1.1" 200 67532 "https://galaxybeads.com.au/wp-content/themes/galaxy-beads-not-ecommorce/css/typography.css?ver=6.9.4" "Mozilla/5.0 (Linux; Android 10; K) AppleWebKit/537.36 (KHTML, like Gecko) Chrome/147.0.0.0 Mobile Safari/537.36"
113.210.105.47 - - [30/Apr/2026:21:42:51 +1000] "GET /wp-content/themes/galaxy-beads-not-ecommorce/css/fonts/karine_aime_les_chocolats-webfont.woff2 HTTP/1.1" 200 35864 "https://galaxybeads.com.au/wp-content/themes/galaxy-beads-not-ecommorce/css/typography.css?ver=6.9.4" "Mozilla/5.0 (Linux; Android 10; K) AppleWebKit/537.36 (KHTML, like Gecko) Chrome/147.0.0.0 Mobile Safari/537.36"
113.210.105.47 - - [30/Apr/2026:21:42:51 +1000] "GET /wp-content/themes/galaxy-beads-not-ecommorce/css/fonts/dragon_is_coming-webfont.woff2 HTTP/1.1" 200 25760 "https://galaxybeads.com.au/wp-content/themes/galaxy-beads-not-ecommorce/css/typography.css?ver=6.9.4" "Mozilla/5.0 (Linux; Android 10; K) AppleWebKit/537.36 (KHTML, like Gecko) Chrome/147.0.0.0 Mobile Safari/537.36"
113.210.105.47 - - [30/Apr/2026:21:42:51 +1000] "GET /wp-content/themes/galaxy-beads-not-ecommorce/images/homepage/smile.jpg HTTP/1.1" 200 73123 "https://galaxybeads.com.au/wp-content/themes/galaxy-beads-not-ecommorce/css/mobile.css?01&ver=6.9.4" "Mozilla/5.0 (Linux; Android 10; K) AppleWebKit/537.36 (KHTML, like Gecko) Chrome/147.0.0.0 Mobile Safari/537.36"
113.210.105.47 - - [30/Apr/2026:21:42:52 +1000] "GET /wp-content/themes/galaxy-beads-not-ecommorce/images/homepage/cords.png HTTP/1.1" 200 35249 "https://galaxybeads.com.au/" "Mozilla/5.0 (Linux; Android 10; K) AppleWebKit/537.36 (KHTML, like Gecko) Chrome/147.0.0.0 Mobile Safari/537.36"
113.210.105.47 - - [30/Apr/2026:21:42:52 +1000] "GET /wp-content/themes/galaxy-beads-not-ecommorce/images/homepage/pliers-and-string.png HTTP/1.1" 200 22103 "https://galaxybeads.com.au/" "Mozilla/5.0 (Linux; Android 10; K) AppleWebKit/537.36 (KHTML, like Gecko) Chrome/147.0.0.0 Mobile Safari/537.36"
113.210.105.47 - - [30/Apr/2026:21:42:51 +1000] "GET /wp-content/themes/galaxy-beads-not-ecommorce/images/galaxy-beads-header.png HTTP/1.1" 200 499340 "https://galaxybeads.com.au/wp-content/themes/galaxy-beads-not-ecommorce/style.css?ver=6.9.4" "Mozilla/5.0 (Linux; Android 10; K) AppleWebKit/537.36 (KHTML, like Gecko) Chrome/147.0.0.0 Mobile Safari/537.36"
113.210.105.47 - - [30/Apr/2026:21:42:52 +1000] "GET /wp-content/themes/galaxy-beads-not-ecommorce/images/homepage/gems.png HTTP/1.1" 200 27306 "https://galaxybeads.com.au/" "Mozilla/5.0 (Linux; Android 10; K) AppleWebKit/537.36 (KHTML, like Gecko) Chrome/147.0.0.0 Mobile Safari/537.36"
113.210.105.47 - - [30/Apr/2026:21:42:52 +1000] "GET /wp-content/uploads/wpcf7_captcha/1173856892.png HTTP/1.1" 200 1208 "https://galaxybeads.com.au/" "Mozilla/5.0 (Linux; Android 10; K) AppleWebKit/537.36 (KHTML, like Gecko) Chrome/147.0.0.0 Mobile Safari/537.36"
113.210.105.47 - - [30/Apr/2026:21:42:52 +1000] "GET /shop/includes/templates/theme228/images/2.png HTTP/1.1" 200 889 "https://galaxybeads.com.au/" "Mozilla/5.0 (Linux; Android 10; K) AppleWebKit/537.36 (KHTML, like Gecko) Chrome/147.0.0.0 Mobile Safari/537.36"
113.210.105.47 - - [30/Apr/2026:21:42:52 +1000] "GET /shop/includes/templates/theme228/images/3.png HTTP/1.1" 200 2698 "https://galaxybeads.com.au/" "Mozilla/5.0 (Linux; Android 10; K) AppleWebKit/537.36 (KHTML, like Gecko) Chrome/147.0.0.0 Mobile Safari/537.36"
113.210.105.47 - - [30/Apr/2026:21:42:52 +1000] "GET /shop/includes/templates/theme228/images/1.png HTTP/1.1" 200 1490 "https://galaxybeads.com.au/" "Mozilla/5.0 (Linux; Android 10; K) AppleWebKit/537.36 (KHTML, like Gecko) Chrome/147.0.0.0 Mobile Safari/537.36"
