157.211.5.253 - - [01/May/2026:02:21:36 +1000] "GET /shop/includes/templates/theme228/images/box_head_bg5.gif HTTP/1.1" 404 10896 "https://galaxybeads.com.au/shop/index.php?main_page=advanced_search&cPath=38&search_in_description=1&keyword=Jump%20rings&inc_subcat=0&sort=20a" "Mozilla/5.0 (iPhone; CPU iPhone OS 18_7 like Mac OS X) AppleWebKit/605.1.15 (KHTML, like Gecko) Version/26.3 Mobile/15E148 Safari/604.1"
157.211.5.253 - - [01/May/2026:02:21:36 +1000] "GET /shop/includes/templates/theme228/images/box_head_bg6.gif HTTP/1.1" 404 10897 "https://galaxybeads.com.au/shop/index.php?main_page=advanced_search&cPath=38&search_in_description=1&keyword=Jump%20rings&inc_subcat=0&sort=20a" "Mozilla/5.0 (iPhone; CPU iPhone OS 18_7 like Mac OS X) AppleWebKit/605.1.15 (KHTML, like Gecko) Version/26.3 Mobile/15E148 Safari/604.1"
157.211.5.253 - - [01/May/2026:02:21:36 +1000] "GET /shop/includes/templates/theme228/images/box2_top_bg.gif HTTP/1.1" 404 10895 "https://galaxybeads.com.au/shop/index.php?main_page=advanced_search&cPath=38&search_in_description=1&keyword=Jump%20rings&inc_subcat=0&sort=20a" "Mozilla/5.0 (iPhone; CPU iPhone OS 18_7 like Mac OS X) AppleWebKit/605.1.15 (KHTML, like Gecko) Version/26.3 Mobile/15E148 Safari/604.1"
157.211.5.253 - - [01/May/2026:02:21:36 +1000] "GET /shop/includes/templates/theme228/images/box_head_bg4.gif HTTP/1.1" 404 10898 "https://galaxybeads.com.au/shop/index.php?main_page=advanced_search&cPath=38&search_in_description=1&keyword=Jump%20rings&inc_subcat=0&sort=20a" "Mozilla/5.0 (iPhone; CPU iPhone OS 18_7 like Mac OS X) AppleWebKit/605.1.15 (KHTML, like Gecko) Version/26.3 Mobile/15E148 Safari/604.1"
157.211.5.253 - - [01/May/2026:02:21:36 +1000] "GET /shop/includes/templates/theme228/images/box1_bg2.gif HTTP/1.1" 404 10891 "https://galaxybeads.com.au/shop/index.php?main_page=advanced_search&cPath=38&search_in_description=1&keyword=Jump%20rings&inc_subcat=0&sort=20a" "Mozilla/5.0 (iPhone; CPU iPhone OS 18_7 like Mac OS X) AppleWebKit/605.1.15 (KHTML, like Gecko) Version/26.3 Mobile/15E148 Safari/604.1"
157.211.5.253 - - [01/May/2026:02:21:38 +1000] "GET /shop/includes/templates/theme228/images/box1_bg1.gif HTTP/1.1" 404 10893 "https://galaxybeads.com.au/shop/index.php?main_page=advanced_search&cPath=38&search_in_description=1&keyword=Jump%20rings&inc_subcat=0&sort=20a" "Mozilla/5.0 (iPhone; CPU iPhone OS 18_7 like Mac OS X) AppleWebKit/605.1.15 (KHTML, like Gecko) Version/26.3 Mobile/15E148 Safari/604.1"
157.211.5.253 - - [01/May/2026:02:21:38 +1000] "GET /shop/includes/templates/theme228/images/list_background1.gif HTTP/1.1" 404 10900 "https://galaxybeads.com.au/shop/index.php?main_page=advanced_search&cPath=38&search_in_description=1&keyword=Jump%20rings&inc_subcat=0&sort=20a" "Mozilla/5.0 (iPhone; CPU iPhone OS 18_7 like Mac OS X) AppleWebKit/605.1.15 (KHTML, like Gecko) Version/26.3 Mobile/15E148 Safari/604.1"
157.211.5.253 - - [01/May/2026:02:21:38 +1000] "GET /shop/includes/templates/theme228/images/rbc.gif HTTP/1.1" 404 10883 "https://galaxybeads.com.au/shop/index.php?main_page=advanced_search&cPath=38&search_in_description=1&keyword=Jump%20rings&inc_subcat=0&sort=20a" "Mozilla/5.0 (iPhone; CPU iPhone OS 18_7 like Mac OS X) AppleWebKit/605.1.15 (KHTML, like Gecko) Version/26.3 Mobile/15E148 Safari/604.1"
157.211.5.253 - - [01/May/2026:02:21:38 +1000] "GET /shop/includes/templates/theme228/images/center_tep_bottom.gif HTTP/1.1" 404 10901 "https://galaxybeads.com.au/shop/index.php?main_page=advanced_search&cPath=38&search_in_description=1&keyword=Jump%20rings&inc_subcat=0&sort=20a" "Mozilla/5.0 (iPhone; CPU iPhone OS 18_7 like Mac OS X) AppleWebKit/605.1.15 (KHTML, like Gecko) Version/26.3 Mobile/15E148 Safari/604.1"
157.211.5.253 - - [01/May/2026:02:21:38 +1000] "GET /shop/includes/templates/theme228/images/list_background.gif HTTP/1.1" 404 10898 "https://galaxybeads.com.au/shop/index.php?main_page=advanced_search&cPath=38&search_in_description=1&keyword=Jump%20rings&inc_subcat=0&sort=20a" "Mozilla/5.0 (iPhone; CPU iPhone OS 18_7 like Mac OS X) AppleWebKit/605.1.15 (KHTML, like Gecko) Version/26.3 Mobile/15E148 Safari/604.1"
157.211.5.253 - - [01/May/2026:02:21:39 +1000] "GET /shop/includes/templates/theme228/images/lbc.gif HTTP/1.1" 404 10882 "https://galaxybeads.com.au/shop/index.php?main_page=advanced_search&cPath=38&search_in_description=1&keyword=Jump%20rings&inc_subcat=0&sort=20a" "Mozilla/5.0 (iPhone; CPU iPhone OS 18_7 like Mac OS X) AppleWebKit/605.1.15 (KHTML, like Gecko) Version/26.3 Mobile/15E148 Safari/604.1"
157.211.5.253 - - [01/May/2026:02:21:41 +1000] "GET /shop/index.php?main_page=index&cPath=38 HTTP/1.1" 200 9747 "https://galaxybeads.com.au/shop/index.php?main_page=index&cPath=52_54" "Mozilla/5.0 (iPhone; CPU iPhone OS 18_7 like Mac OS X) AppleWebKit/605.1.15 (KHTML, like Gecko) Version/26.3 Mobile/15E148 Safari/604.1"
157.211.5.253 - - [01/May/2026:02:21:41 +1000] "GET /shop/index.php?main_page=index&cPath=52_54 HTTP/1.1" 200 26067 "https://galaxybeads.com.au/shop/index.php?main_page=index&cPath=52" "Mozilla/5.0 (iPhone; CPU iPhone OS 18_7 like Mac OS X) AppleWebKit/605.1.15 (KHTML, like Gecko) Version/26.3 Mobile/15E148 Safari/604.1"
77.46.136.200 - - [01/May/2026:02:21:40 +1000] "POST /xmlrpc.php HTTP/1.1" 200 447 "-" "Jetpack by WordPress.com"
157.211.5.253 - - [01/May/2026:02:21:42 +1000] "GET /shop/includes/templates/theme228/images/spacer.gif HTTP/1.1" 404 10885 "https://galaxybeads.com.au/shop/index.php?main_page=index&cPath=52_54" "Mozilla/5.0 (iPhone; CPU iPhone OS 18_7 like Mac OS X) AppleWebKit/605.1.15 (KHTML, like Gecko) Version/26.3 Mobile/15E148 Safari/604.1"
157.211.5.253 - - [01/May/2026:02:21:42 +1000] "GET /shop/includes/templates/theme228/images/img_box2_left_top.gif HTTP/1.1" 404 10903 "https://galaxybeads.com.au/shop/index.php?main_page=index&cPath=52_54" "Mozilla/5.0 (iPhone; CPU iPhone OS 18_7 like Mac OS X) AppleWebKit/605.1.15 (KHTML, like Gecko) Version/26.3 Mobile/15E148 Safari/604.1"
157.211.5.253 - - [01/May/2026:02:21:42 +1000] "GET /shop/includes/templates/theme228/images/img_box2_right_top.gif HTTP/1.1" 404 10907 "https://galaxybeads.com.au/shop/index.php?main_page=index&cPath=52_54" "Mozilla/5.0 (iPhone; CPU iPhone OS 18_7 like Mac OS X) AppleWebKit/605.1.15 (KHTML, like Gecko) Version/26.3 Mobile/15E148 Safari/604.1"
157.211.5.253 - - [01/May/2026:02:21:42 +1000] "GET /shop/includes/templates/theme228/images/product_box_left_top_bg.gif HTTP/1.1" 404 10914 "https://galaxybeads.com.au/shop/index.php?main_page=index&cPath=52_54" "Mozilla/5.0 (iPhone; CPU iPhone OS 18_7 like Mac OS X) AppleWebKit/605.1.15 (KHTML, like Gecko) Version/26.3 Mobile/15E148 Safari/604.1"
157.211.5.253 - - [01/May/2026:02:21:42 +1000] "GET /shop/includes/templates/theme228/images/img_box2_side.gif HTTP/1.1" 404 10899 "https://galaxybeads.com.au/shop/index.php?main_page=index&cPath=52_54" "Mozilla/5.0 (iPhone; CPU iPhone OS 18_7 like Mac OS X) AppleWebKit/605.1.15 (KHTML, like Gecko) Version/26.3 Mobile/15E148 Safari/604.1"
157.211.5.253 - - [01/May/2026:02:21:42 +1000] "GET /shop/includes/templates/theme228/images/box2_left_top_bg.gif HTTP/1.1" 404 10904 "https://galaxybeads.com.au/shop/index.php?main_page=index&cPath=52_54" "Mozilla/5.0 (iPhone; CPU iPhone OS 18_7 like Mac OS X) AppleWebKit/605.1.15 (KHTML, like Gecko) Version/26.3 Mobile/15E148 Safari/604.1"
157.211.5.253 - - [01/May/2026:02:21:44 +1000] "GET /shop/includes/templates/theme228/images/img_box2_right_bottom.gif HTTP/1.1" 404 10908 "https://galaxybeads.com.au/shop/index.php?main_page=index&cPath=52_54" "Mozilla/5.0 (iPhone; CPU iPhone OS 18_7 like Mac OS X) AppleWebKit/605.1.15 (KHTML, like Gecko) Version/26.3 Mobile/15E148 Safari/604.1"
157.211.5.253 - - [01/May/2026:02:21:44 +1000] "GET /shop/includes/templates/theme228/images/product_box_right_bottom_bg.gif HTTP/1.1" 404 10916 "https://galaxybeads.com.au/shop/index.php?main_page=index&cPath=52_54" "Mozilla/5.0 (iPhone; CPU iPhone OS 18_7 like Mac OS X) AppleWebKit/605.1.15 (KHTML, like Gecko) Version/26.3 Mobile/15E148 Safari/604.1"
157.211.5.253 - - [01/May/2026:02:21:44 +1000] "GET /shop/includes/templates/theme228/images/product_box_right_top_bg.gif HTTP/1.1" 404 10916 "https://galaxybeads.com.au/shop/index.php?main_page=index&cPath=52_54" "Mozilla/5.0 (iPhone; CPU iPhone OS 18_7 like Mac OS X) AppleWebKit/605.1.15 (KHTML, like Gecko) Version/26.3 Mobile/15E148 Safari/604.1"
157.211.5.253 - - [01/May/2026:02:21:44 +1000] "GET /shop/includes/templates/theme228/images/img_box2_left_bottom.gif HTTP/1.1" 404 10906 "https://galaxybeads.com.au/shop/index.php?main_page=index&cPath=52_54" "Mozilla/5.0 (iPhone; CPU iPhone OS 18_7 like Mac OS X) AppleWebKit/605.1.15 (KHTML, like Gecko) Version/26.3 Mobile/15E148 Safari/604.1"
157.211.5.253 - - [01/May/2026:02:21:44 +1000] "GET /shop/includes/templates/theme228/images/product_box_left_bottom_bg.gif HTTP/1.1" 404 10913 "https://galaxybeads.com.au/shop/index.php?main_page=index&cPath=52_54" "Mozilla/5.0 (iPhone; CPU iPhone OS 18_7 like Mac OS X) AppleWebKit/605.1.15 (KHTML, like Gecko) Version/26.3 Mobile/15E148 Safari/604.1"
157.211.5.253 - - [01/May/2026:02:21:44 +1000] "GET /shop/includes/templates/theme228/images/product_box_side_bgx.gif HTTP/1.1" 404 10910 "https://galaxybeads.com.au/shop/index.php?main_page=index&cPath=52_54" "Mozilla/5.0 (iPhone; CPU iPhone OS 18_7 like Mac OS X) AppleWebKit/605.1.15 (KHTML, like Gecko) Version/26.3 Mobile/15E148 Safari/604.1"
157.211.5.253 - - [01/May/2026:02:21:46 +1000] "GET /shop/includes/templates/theme228/images/bg-bottom-right-2x.gif HTTP/1.1" 404 10905 "https://galaxybeads.com.au/shop/index.php?main_page=index&cPath=52_54" "Mozilla/5.0 (iPhone; CPU iPhone OS 18_7 like Mac OS X) AppleWebKit/605.1.15 (KHTML, like Gecko) Version/26.3 Mobile/15E148 Safari/604.1"
157.211.5.253 - - [01/May/2026:02:21:46 +1000] "GET /shop/includes/templates/theme228/images/bg-topic-bottom-2.gif HTTP/1.1" 404 10904 "https://galaxybeads.com.au/shop/index.php?main_page=index&cPath=52_54" "Mozilla/5.0 (iPhone; CPU iPhone OS 18_7 like Mac OS X) AppleWebKit/605.1.15 (KHTML, like Gecko) Version/26.3 Mobile/15E148 Safari/604.1"
157.211.5.253 - - [01/May/2026:02:21:46 +1000] "GET /shop/includes/templates/theme228/images/list_background.gif HTTP/1.1" 404 10898 "https://galaxybeads.com.au/shop/index.php?main_page=index&cPath=52_54" "Mozilla/5.0 (iPhone; CPU iPhone OS 18_7 like Mac OS X) AppleWebKit/605.1.15 (KHTML, like Gecko) Version/26.3 Mobile/15E148 Safari/604.1"
157.211.5.253 - - [01/May/2026:02:21:46 +1000] "GET /shop/includes/templates/theme228/images/bg-topic-sidex.gif HTTP/1.1" 404 10898 "https://galaxybeads.com.au/shop/index.php?main_page=index&cPath=52_54" "Mozilla/5.0 (iPhone; CPU iPhone OS 18_7 like Mac OS X) AppleWebKit/605.1.15 (KHTML, like Gecko) Version/26.3 Mobile/15E148 Safari/604.1"
157.211.5.253 - - [01/May/2026:02:21:46 +1000] "GET /shop/includes/templates/theme228/images/box1_bg2.gif HTTP/1.1" 404 10894 "https://galaxybeads.com.au/shop/index.php?main_page=index&cPath=52_54" "Mozilla/5.0 (iPhone; CPU iPhone OS 18_7 like Mac OS X) AppleWebKit/605.1.15 (KHTML, like Gecko) Version/26.3 Mobile/15E148 Safari/604.1"
157.211.5.253 - - [01/May/2026:02:21:46 +1000] "GET /shop/includes/templates/theme228/images/bg-bottom-left-2x.gif HTTP/1.1" 404 10902 "https://galaxybeads.com.au/shop/index.php?main_page=index&cPath=52_54" "Mozilla/5.0 (iPhone; CPU iPhone OS 18_7 like Mac OS X) AppleWebKit/605.1.15 (KHTML, like Gecko) Version/26.3 Mobile/15E148 Safari/604.1"
157.211.5.253 - - [01/May/2026:02:21:48 +1000] "GET /shop/includes/templates/theme228/images/bg-topic-top-right-2x.gif HTTP/1.1" 404 10907 "https://galaxybeads.com.au/shop/index.php?main_page=index&cPath=52_54" "Mozilla/5.0 (iPhone; CPU iPhone OS 18_7 like Mac OS X) AppleWebKit/605.1.15 (KHTML, like Gecko) Version/26.3 Mobile/15E148 Safari/604.1"
157.211.5.253 - - [01/May/2026:02:21:48 +1000] "GET /shop/includes/templates/theme228/images/bg-topic-top-left-2x.gif HTTP/1.1" 404 10906 "https://galaxybeads.com.au/shop/index.php?main_page=index&cPath=52_54" "Mozilla/5.0 (iPhone; CPU iPhone OS 18_7 like Mac OS X) AppleWebKit/605.1.15 (KHTML, like Gecko) Version/26.3 Mobile/15E148 Safari/604.1"
157.211.5.253 - - [01/May/2026:02:21:48 +1000] "GET /shop/includes/templates/theme228/images/productListing-data-bg.gif HTTP/1.1" 404 10907 "https://galaxybeads.com.au/shop/index.php?main_page=index&cPath=52_54" "Mozilla/5.0 (iPhone; CPU iPhone OS 18_7 like Mac OS X) AppleWebKit/605.1.15 (KHTML, like Gecko) Version/26.3 Mobile/15E148 Safari/604.1"
157.211.5.253 - - [01/May/2026:02:21:49 +1000] "GET /shop/includes/templates/theme228/images/box1_bg1.gif HTTP/1.1" 404 10894 "https://galaxybeads.com.au/shop/index.php?main_page=index&cPath=52_54" "Mozilla/5.0 (iPhone; CPU iPhone OS 18_7 like Mac OS X) AppleWebKit/605.1.15 (KHTML, like Gecko) Version/26.3 Mobile/15E148 Safari/604.1"
157.211.5.253 - - [01/May/2026:02:21:49 +1000] "GET /shop/includes/templates/theme228/images/list_background1.gif HTTP/1.1" 404 10899 "https://galaxybeads.com.au/shop/index.php?main_page=index&cPath=52_54" "Mozilla/5.0 (iPhone; CPU iPhone OS 18_7 like Mac OS X) AppleWebKit/605.1.15 (KHTML, like Gecko) Version/26.3 Mobile/15E148 Safari/604.1"
157.211.5.253 - - [01/May/2026:02:21:49 +1000] "GET /shop/includes/templates/theme228/images/box2_right_top_bg.gif HTTP/1.1" 404 10906 "https://galaxybeads.com.au/shop/index.php?main_page=index&cPath=52_54" "Mozilla/5.0 (iPhone; CPU iPhone OS 18_7 like Mac OS X) AppleWebKit/605.1.15 (KHTML, like Gecko) Version/26.3 Mobile/15E148 Safari/604.1"
157.211.5.253 - - [01/May/2026:02:21:50 +1000] "GET /shop/includes/templates/theme228/images/box2_top_bg.gif HTTP/1.1" 404 10897 "https://galaxybeads.com.au/shop/index.php?main_page=index&cPath=52_54" "Mozilla/5.0 (iPhone; CPU iPhone OS 18_7 like Mac OS X) AppleWebKit/605.1.15 (KHTML, like Gecko) Version/26.3 Mobile/15E148 Safari/604.1"
157.211.5.253 - - [01/May/2026:02:21:50 +1000] "GET /shop/includes/templates/theme228/images/box_head_bg9.gif HTTP/1.1" 404 10898 "https://galaxybeads.com.au/shop/index.php?main_page=index&cPath=52_54" "Mozilla/5.0 (iPhone; CPU iPhone OS 18_7 like Mac OS X) AppleWebKit/605.1.15 (KHTML, like Gecko) Version/26.3 Mobile/15E148 Safari/604.1"
157.211.5.253 - - [01/May/2026:02:21:51 +1000] "GET /shop/includes/templates/theme228/images/box_head_bg8.gif HTTP/1.1" 404 10898 "https://galaxybeads.com.au/shop/index.php?main_page=index&cPath=52_54" "Mozilla/5.0 (iPhone; CPU iPhone OS 18_7 like Mac OS X) AppleWebKit/605.1.15 (KHTML, like Gecko) Version/26.3 Mobile/15E148 Safari/604.1"
157.211.5.253 - - [01/May/2026:02:21:51 +1000] "GET /shop/includes/templates/theme228/images/box_head_bg7.gif HTTP/1.1" 404 10897 "https://galaxybeads.com.au/shop/index.php?main_page=index&cPath=52_54" "Mozilla/5.0 (iPhone; CPU iPhone OS 18_7 like Mac OS X) AppleWebKit/605.1.15 (KHTML, like Gecko) Version/26.3 Mobile/15E148 Safari/604.1"
157.211.5.253 - - [01/May/2026:02:21:51 +1000] "GET /shop/includes/templates/theme228/images/box_head_bg10.gif HTTP/1.1" 404 10900 "https://galaxybeads.com.au/shop/index.php?main_page=index&cPath=52_54" "Mozilla/5.0 (iPhone; CPU iPhone OS 18_7 like Mac OS X) AppleWebKit/605.1.15 (KHTML, like Gecko) Version/26.3 Mobile/15E148 Safari/604.1"
77.46.136.200 - - [01/May/2026:02:21:51 +1000] "POST /xmlrpc.php HTTP/1.1" 200 447 "-" "Jetpack/12.5; WordPress/6.2; http://site93587244.com"
157.211.5.253 - - [01/May/2026:02:21:51 +1000] "GET /shop/includes/templates/theme228/images/box_head_bg11.gif HTTP/1.1" 404 10900 "https://galaxybeads.com.au/shop/index.php?main_page=index&cPath=52_54" "Mozilla/5.0 (iPhone; CPU iPhone OS 18_7 like Mac OS X) AppleWebKit/605.1.15 (KHTML, like Gecko) Version/26.3 Mobile/15E148 Safari/604.1"
157.211.5.253 - - [01/May/2026:02:21:52 +1000] "GET /shop/includes/templates/theme228/images/box_head_bg5.gif HTTP/1.1" 404 10898 "https://galaxybeads.com.au/shop/index.php?main_page=index&cPath=52_54" "Mozilla/5.0 (iPhone; CPU iPhone OS 18_7 like Mac OS X) AppleWebKit/605.1.15 (KHTML, like Gecko) Version/26.3 Mobile/15E148 Safari/604.1"
157.211.5.253 - - [01/May/2026:02:21:53 +1000] "GET /shop/includes/templates/theme228/images/box_head_bg4.gif HTTP/1.1" 404 10897 "https://galaxybeads.com.au/shop/index.php?main_page=index&cPath=52_54" "Mozilla/5.0 (iPhone; CPU iPhone OS 18_7 like Mac OS X) AppleWebKit/605.1.15 (KHTML, like Gecko) Version/26.3 Mobile/15E148 Safari/604.1"
157.211.5.253 - - [01/May/2026:02:21:53 +1000] "GET /shop/includes/templates/theme228/images/box_head_bg6.gif HTTP/1.1" 404 10896 "https://galaxybeads.com.au/shop/index.php?main_page=index&cPath=52_54" "Mozilla/5.0 (iPhone; CPU iPhone OS 18_7 like Mac OS X) AppleWebKit/605.1.15 (KHTML, like Gecko) Version/26.3 Mobile/15E148 Safari/604.1"
157.211.5.253 - - [01/May/2026:02:21:54 +1000] "GET /shop/includes/templates/theme228/images/bg-topic-topx.gif HTTP/1.1" 404 10895 "https://galaxybeads.com.au/shop/index.php?main_page=index&cPath=52_54" "Mozilla/5.0 (iPhone; CPU iPhone OS 18_7 like Mac OS X) AppleWebKit/605.1.15 (KHTML, like Gecko) Version/26.3 Mobile/15E148 Safari/604.1"
157.211.5.253 - - [01/May/2026:02:21:53 +1000] "GET /shop/includes/templates/theme228/images/nav_top_bg1.gif HTTP/1.1" 404 10896 "https://galaxybeads.com.au/shop/index.php?main_page=index&cPath=52_54" "Mozilla/5.0 (iPhone; CPU iPhone OS 18_7 like Mac OS X) AppleWebKit/605.1.15 (KHTML, like Gecko) Version/26.3 Mobile/15E148 Safari/604.1"
157.211.5.253 - - [01/May/2026:02:21:54 +1000] "GET /shop/includes/templates/theme228/images/bg-topic-top-right.gif HTTP/1.1" 404 10902 "https://galaxybeads.com.au/shop/index.php?main_page=index&cPath=52_54" "Mozilla/5.0 (iPhone; CPU iPhone OS 18_7 like Mac OS X) AppleWebKit/605.1.15 (KHTML, like Gecko) Version/26.3 Mobile/15E148 Safari/604.1"
157.211.5.253 - - [01/May/2026:02:21:55 +1000] "GET /shop/includes/templates/theme228/images/bg-topic-top-left.gif HTTP/1.1" 404 10900 "https://galaxybeads.com.au/shop/index.php?main_page=index&cPath=52_54" "Mozilla/5.0 (iPhone; CPU iPhone OS 18_7 like Mac OS X) AppleWebKit/605.1.15 (KHTML, like Gecko) Version/26.3 Mobile/15E148 Safari/604.1"
157.211.5.253 - - [01/May/2026:02:21:55 +1000] "GET /shop/includes/templates/theme228/images/background-side-heading-bgx.gif HTTP/1.1" 404 10913 "https://galaxybeads.com.au/shop/index.php?main_page=index&cPath=52_54" "Mozilla/5.0 (iPhone; CPU iPhone OS 18_7 like Mac OS X) AppleWebKit/605.1.15 (KHTML, like Gecko) Version/26.3 Mobile/15E148 Safari/604.1"
157.211.5.253 - - [01/May/2026:02:21:56 +1000] "GET /shop/includes/templates/theme228/images/bg-bottom-right-1.gif HTTP/1.1" 404 10903 "https://galaxybeads.com.au/shop/index.php?main_page=index&cPath=52_54" "Mozilla/5.0 (iPhone; CPU iPhone OS 18_7 like Mac OS X) AppleWebKit/605.1.15 (KHTML, like Gecko) Version/26.3 Mobile/15E148 Safari/604.1"
157.211.5.253 - - [01/May/2026:02:21:56 +1000] "GET /shop/includes/templates/theme228/images/bg-topic-bottomx.gif HTTP/1.1" 404 10900 "https://galaxybeads.com.au/shop/index.php?main_page=index&cPath=52_54" "Mozilla/5.0 (iPhone; CPU iPhone OS 18_7 like Mac OS X) AppleWebKit/605.1.15 (KHTML, like Gecko) Version/26.3 Mobile/15E148 Safari/604.1"
157.211.5.253 - - [01/May/2026:02:21:56 +1000] "GET /shop/includes/templates/theme228/images/bg-bottom-left-1.gif HTTP/1.1" 404 10902 "https://galaxybeads.com.au/shop/index.php?main_page=index&cPath=52_54" "Mozilla/5.0 (iPhone; CPU iPhone OS 18_7 like Mac OS X) AppleWebKit/605.1.15 (KHTML, like Gecko) Version/26.3 Mobile/15E148 Safari/604.1"
157.211.5.253 - - [01/May/2026:02:21:56 +1000] "GET /shop/includes/templates/theme228/images/rbc.gif HTTP/1.1" 404 10883 "https://galaxybeads.com.au/shop/index.php?main_page=index&cPath=52_54" "Mozilla/5.0 (iPhone; CPU iPhone OS 18_7 like Mac OS X) AppleWebKit/605.1.15 (KHTML, like Gecko) Version/26.3 Mobile/15E148 Safari/604.1"
157.211.5.253 - - [01/May/2026:02:21:57 +1000] "GET /shop/includes/templates/theme228/images/lbc.gif HTTP/1.1" 404 10883 "https://galaxybeads.com.au/shop/index.php?main_page=index&cPath=52_54" "Mozilla/5.0 (iPhone; CPU iPhone OS 18_7 like Mac OS X) AppleWebKit/605.1.15 (KHTML, like Gecko) Version/26.3 Mobile/15E148 Safari/604.1"
157.211.5.253 - - [01/May/2026:02:21:58 +1000] "GET /shop/includes/templates/theme228/images/center_tep_bottom.gif HTTP/1.1" 404 10899 "https://galaxybeads.com.au/shop/index.php?main_page=index&cPath=52_54" "Mozilla/5.0 (iPhone; CPU iPhone OS 18_7 like Mac OS X) AppleWebKit/605.1.15 (KHTML, like Gecko) Version/26.3 Mobile/15E148 Safari/604.1"
157.211.5.253 - - [01/May/2026:02:21:58 +1000] "GET /shop/includes/templates/theme228/images/box3_bg1.gif HTTP/1.1" 404 10893 "https://galaxybeads.com.au/shop/index.php?main_page=index&cPath=52_54" "Mozilla/5.0 (iPhone; CPU iPhone OS 18_7 like Mac OS X) AppleWebKit/605.1.15 (KHTML, like Gecko) Version/26.3 Mobile/15E148 Safari/604.1"
18.214.27.45 - - [01/May/2026:02:21:57 +1000] "POST /xmlrpc.php HTTP/1.1" 200 247 "-" "Mozilla/5.0 (Windows NT 10.0; WOW64; Trident/7.0; TBTE; rv:11.0) like Gecko"
77.46.136.200 - - [01/May/2026:02:22:01 +1000] "POST /xmlrpc.php HTTP/1.1" 200 447 "-" "Jetpack by WordPress.com (Jetpack 12.0; WordPress 6.4)"
77.46.136.200 - - [01/May/2026:02:22:12 +1000] "POST /xmlrpc.php HTTP/1.1" 200 447 "-" "Jetpack by WordPress.com (Jetpack 12.1; WordPress 6.4)"
77.46.136.200 - - [01/May/2026:02:22:23 +1000] "POST /xmlrpc.php HTTP/1.1" 200 447 "-" "Jetpack by WordPress.com"
46.246.47.58 - - [01/May/2026:02:22:31 +1000] "GET /wp-login.php HTTP/1.1" 200 4710 "-" "Mozilla/5.0 (Macintosh; Intel Mac OS X 10_9_5) AppleWebKit/537.36 (KHTML, like Gecko) Chrome/67.0.3396.87 Safari/537.36"
77.46.136.200 - - [01/May/2026:02:22:34 +1000] "POST /xmlrpc.php HTTP/1.1" 200 447 "-" "WordPress.com; https://wordpress.com"
46.246.47.58 - - [01/May/2026:02:22:35 +1000] "POST /wp-login.php HTTP/1.1" 200 4710 "https://galaxybeads.com.au/wp-login.php" "Mozilla/5.0 (Macintosh; Intel Mac OS X 10_9_5) AppleWebKit/537.36 (KHTML, like Gecko) Chrome/67.0.3396.87 Safari/537.36"
77.46.136.200 - - [01/May/2026:02:22:44 +1000] "POST /xmlrpc.php HTTP/1.1" 200 447 "-" "Jetpack by WordPress.com (Jetpack 12.1; WordPress 6.3)"
77.46.136.200 - - [01/May/2026:02:22:55 +1000] "POST /xmlrpc.php HTTP/1.1" 200 447 "-" "Jetpack by WordPress.com (Jetpack 12.0; WordPress 6.3)"
159.100.13.237 - - [01/May/2026:02:23:03 +1000] "GET /wp-login.php HTTP/1.1" 200 4712 "-" "Mozilla/5.0 (Macintosh; Intel Mac OS X 10_12_3) AppleWebKit/602.4.8 (KHTML, like Gecko) Version/10.0.3 Safari/602.4.8"
159.100.13.237 - - [01/May/2026:02:23:06 +1000] "POST /wp-login.php HTTP/1.1" 200 4712 "https://mail.galaxybeads.com.au/wp-login.php" "Mozilla/5.0 (Macintosh; Intel Mac OS X 10_12_3) AppleWebKit/602.4.8 (KHTML, like Gecko) Version/10.0.3 Safari/602.4.8"
2405:3f00:a222:bbbb:bba1:60:ffff:ffff - - [01/May/2026:02:23:07 +1000] "POST /wp-cron.php?doing_wp_cron=1777566187.2062869071960449218750 HTTP/1.1" 200 - "-" "WordPress/6.9.4; https://galaxybeads.com.au"
77.46.136.200 - - [01/May/2026:02:23:06 +1000] "POST /xmlrpc.php HTTP/1.1" 200 447 "-" "Jetpack by WordPress.com (Jetpack 13.0; WordPress 6.1)"
123.30.233.12 - - [01/May/2026:02:23:13 +1000] "GET /wp-login.php HTTP/1.1" 200 4710 "-" "Mozilla/5.0 (Windows NT 6.1; WOW64; Trident/7.0; LCJB; rv:11.0) like Gecko"
77.46.136.200 - - [01/May/2026:02:23:16 +1000] "POST /xmlrpc.php HTTP/1.1" 200 447 "-" "Jetpack by WordPress.com (Jetpack 12.1; WordPress 6.3)"
123.30.233.12 - - [01/May/2026:02:23:20 +1000] "POST /wp-login.php HTTP/1.1" 200 4710 "https://mail.youronesite.com/wp-login.php" "Mozilla/5.0 (Windows NT 6.1; WOW64; Trident/7.0; LCJB; rv:11.0) like Gecko"
129.121.76.191 - - [01/May/2026:02:23:24 +1000] "POST /xmlrpc.php HTTP/1.1" 200 248 "-" "Mozilla/5.0 (Windows NT 6.1; Win64; x64; rv:61.0) Gecko/20100101 Firefox/61.0"
77.46.136.200 - - [01/May/2026:02:23:27 +1000] "POST /xmlrpc.php HTTP/1.1" 200 447 "-" "Jetpack by WordPress.com (Jetpack 12.1; WordPress 6.3)"
77.46.136.200 - - [01/May/2026:02:23:37 +1000] "POST /xmlrpc.php HTTP/1.1" 200 447 "-" "WordPress.com; https://wordpress.com"
77.46.136.200 - - [01/May/2026:02:23:48 +1000] "POST /xmlrpc.php HTTP/1.1" 200 447 "-" "WordPress.com; https://wordpress.com"
77.46.136.200 - - [01/May/2026:02:23:59 +1000] "POST /xmlrpc.php HTTP/1.1" 200 447 "-" "Jetpack by WordPress.com"
77.46.136.200 - - [01/May/2026:02:24:10 +1000] "POST /xmlrpc.php HTTP/1.1" 200 447 "-" "Jetpack by WordPress.com (Jetpack 12.0; WordPress 6.3)"
114.119.128.129 - - [01/May/2026:02:24:11 +1000] "GET /shop/index.php?main_page=login HTTP/1.1" 302 - "http://galaxybeads.com.au/shop/index.php?main_page=product_info&cPath=68_72&products_id=331" "Mozilla/5.0 (Linux; Android 7.0;) AppleWebKit/537.36 (HTML, like Gecko) Mobile Safari/537.36 (compatible; PetalBot;+https://webmaster.petalsearch.com/site/petalbot)"
114.119.128.129 - - [01/May/2026:02:24:12 +1000] "GET /shop/index.php?main_page=cookie_usage HTTP/1.1" 200 8976 "http://galaxybeads.com.au/shop/index.php?main_page=product_info&cPath=68_72&products_id=331" "Mozilla/5.0 (Linux; Android 7.0;) AppleWebKit/537.36 (HTML, like Gecko) Mobile Safari/537.36 (compatible; PetalBot;+https://webmaster.petalsearch.com/site/petalbot)"
77.46.136.200 - - [01/May/2026:02:24:20 +1000] "POST /xmlrpc.php HTTP/1.1" 200 447 "-" "Jetpack by WordPress.com (Jetpack 13.0; WordPress 6.1)"
2405:3f00:a222:bbbb:bba1:60:ffff:ffff - - [01/May/2026:02:24:32 +1000] "POST /wp-cron.php?doing_wp_cron=1777566272.6333000659942626953125 HTTP/1.1" 200 - "-" "WordPress/6.9.4; https://galaxybeads.com.au"
77.46.136.200 - - [01/May/2026:02:24:31 +1000] "POST /xmlrpc.php HTTP/1.1" 200 447 "-" "WordPress.com; https://wordpress.com"
77.46.136.200 - - [01/May/2026:02:24:42 +1000] "POST /xmlrpc.php HTTP/1.1" 200 447 "-" "Jetpack/12.0; WordPress/6.3; http://site15706886.com"
170.80.225.214 - - [01/May/2026:02:24:43 +1000] "GET /shop/index.php?main_page=login HTTP/1.1" 200 17846 "-" "Mozilla/5.0 (compatible; MSIE 5.0; Windows NT 6.1; Trident/4.0)"
77.46.136.200 - - [01/May/2026:02:24:53 +1000] "POST /xmlrpc.php HTTP/1.1" 200 447 "-" "Jetpack by WordPress.com"
77.46.136.200 - - [01/May/2026:02:25:04 +1000] "POST /xmlrpc.php HTTP/1.1" 200 447 "-" "Jetpack/12.1; WordPress/6.4; http://site39740587.com"
77.46.136.200 - - [01/May/2026:02:25:15 +1000] "POST /xmlrpc.php HTTP/1.1" 200 447 "-" "WordPress.com; https://wordpress.com"
77.46.136.200 - - [01/May/2026:02:25:25 +1000] "POST /xmlrpc.php HTTP/1.1" 200 447 "-" "WordPress.com; https://wordpress.com"
213.239.217.113 - - [01/May/2026:02:25:33 +1000] "GET /wp-login.php HTTP/1.1" 200 4712 "-" "Mozilla/5.0 (Macintosh; Intel Mac OS X 10_11_6) AppleWebKit/537.36 (KHTML, like Gecko) Chrome/66.0.3359.117 Safari/537.36"
213.239.217.113 - - [01/May/2026:02:25:35 +1000] "POST /wp-login.php HTTP/1.1" 200 4712 "https://mail.youronesite.com/wp-login.php" "Mozilla/5.0 (Macintosh; Intel Mac OS X 10_11_6) AppleWebKit/537.36 (KHTML, like Gecko) Chrome/66.0.3359.117 Safari/537.36"
77.46.136.200 - - [01/May/2026:02:25:36 +1000] "POST /xmlrpc.php HTTP/1.1" 200 447 "-" "Jetpack by WordPress.com"
114.119.134.148 - - [01/May/2026:02:25:42 +1000] "GET /shop/index.php?main_page=login HTTP/1.1" 302 - "http://galaxybeads.com.au/shop/index.php?main_page=product_info&cPath=33_39&products_id=182" "Mozilla/5.0 (Linux; Android 7.0;) AppleWebKit/537.36 (HTML, like Gecko) Mobile Safari/537.36 (compatible; PetalBot;+https://webmaster.petalsearch.com/site/petalbot)"
114.119.134.148 - - [01/May/2026:02:25:42 +1000] "GET /shop/index.php?main_page=cookie_usage HTTP/1.1" 200 8977 "http://galaxybeads.com.au/shop/index.php?main_page=product_info&cPath=33_39&products_id=182" "Mozilla/5.0 (Linux; Android 7.0;) AppleWebKit/537.36 (HTML, like Gecko) Mobile Safari/537.36 (compatible; PetalBot;+https://webmaster.petalsearch.com/site/petalbot)"
77.46.136.200 - - [01/May/2026:02:25:49 +1000] "POST /xmlrpc.php HTTP/1.1" 200 447 "-" "Jetpack by WordPress.com"
77.46.136.200 - - [01/May/2026:02:25:58 +1000] "POST /xmlrpc.php HTTP/1.1" 200 447 "-" "Jetpack by WordPress.com (Jetpack 13.0; WordPress 6.1)"
77.46.136.200 - - [01/May/2026:02:26:09 +1000] "POST /xmlrpc.php HTTP/1.1" 200 447 "-" "Jetpack by WordPress.com (Jetpack 12.5; WordPress 6.4)"
77.46.136.200 - - [01/May/2026:02:26:20 +1000] "POST /xmlrpc.php HTTP/1.1" 200 447 "-" "Jetpack by WordPress.com (Jetpack 12.5; WordPress 6.2)"
77.46.136.200 - - [01/May/2026:02:26:30 +1000] "POST /xmlrpc.php HTTP/1.1" 200 447 "-" "Jetpack by WordPress.com"
77.46.136.200 - - [01/May/2026:02:26:41 +1000] "POST /xmlrpc.php HTTP/1.1" 200 447 "-" "Jetpack by WordPress.com (Jetpack 12.5; WordPress 6.3)"
77.46.136.200 - - [01/May/2026:02:26:53 +1000] "POST /xmlrpc.php HTTP/1.1" 200 447 "-" "WordPress.com; https://wordpress.com"
77.46.136.200 - - [01/May/2026:02:27:02 +1000] "POST /xmlrpc.php HTTP/1.1" 200 447 "-" "Jetpack by WordPress.com (Jetpack 12.1; WordPress 6.4)"
77.46.136.200 - - [01/May/2026:02:27:13 +1000] "POST /xmlrpc.php HTTP/1.1" 200 447 "-" "Jetpack by WordPress.com (Jetpack 12.5; WordPress 6.4)"
47.163.39.246 - - [01/May/2026:02:27:22 +1000] "GET /wp-login.php HTTP/1.1" 200 4711 "-" "Mozilla/5.0 (Macintosh; Intel Mac OS X 10_10_5) AppleWebKit/537.36 (KHTML, like Gecko) Chrome/65.0.3325.181 Safari/537.36"
77.46.136.200 - - [01/May/2026:02:27:24 +1000] "POST /xmlrpc.php HTTP/1.1" 200 447 "-" "WordPress.com; https://wordpress.com"
47.163.39.246 - - [01/May/2026:02:27:25 +1000] "POST /wp-login.php HTTP/1.1" 200 4711 "https://mail.galaxybeads.com.au/wp-login.php" "Mozilla/5.0 (Macintosh; Intel Mac OS X 10_10_5) AppleWebKit/537.36 (KHTML, like Gecko) Chrome/65.0.3325.181 Safari/537.36"
77.46.136.200 - - [01/May/2026:02:27:35 +1000] "POST /xmlrpc.php HTTP/1.1" 200 447 "-" "Jetpack/12.5; WordPress/6.1; http://site35164662.com"
77.46.136.200 - - [01/May/2026:02:27:46 +1000] "POST /xmlrpc.php HTTP/1.1" 200 447 "-" "Jetpack by WordPress.com"
14.179.92.9 - - [01/May/2026:02:27:46 +1000] "GET /the-gift-that-glistens/ HTTP/1.1" 200 14962 "-" "Mozilla/5.0 (Macintosh; Intel Mac OS X 10_15_7) AppleWebKit/537.36 (KHTML, like Gecko) Chrome/95.0.4638.54 Safari/537.36"
77.46.136.200 - - [01/May/2026:02:27:56 +1000] "POST /xmlrpc.php HTTP/1.1" 200 447 "-" "WordPress.com; https://wordpress.com"
2405:3f00:a222:bbbb:bba1:60:ffff:ffff - - [01/May/2026:02:28:11 +1000] "POST /wp-cron.php?doing_wp_cron=1777566491.3202390670776367187500 HTTP/1.1" 200 - "-" "WordPress/6.9.4; https://galaxybeads.com.au"
77.46.136.200 - - [01/May/2026:02:28:10 +1000] "POST /xmlrpc.php HTTP/1.1" 200 447 "-" "Jetpack by WordPress.com (Jetpack 12.5; WordPress 6.3)"
77.46.136.200 - - [01/May/2026:02:28:18 +1000] "POST /xmlrpc.php HTTP/1.1" 200 447 "-" "WordPress.com; https://wordpress.com"
77.46.136.200 - - [01/May/2026:02:28:30 +1000] "POST /xmlrpc.php HTTP/1.1" 200 447 "-" "WordPress.com; https://wordpress.com"
77.46.136.200 - - [01/May/2026:02:28:40 +1000] "POST /xmlrpc.php HTTP/1.1" 200 447 "-" "Jetpack by WordPress.com (Jetpack 12.1; WordPress 6.1)"
167.71.226.156 - - [01/May/2026:02:28:41 +1000] "GET /wp-login.php HTTP/1.1" 200 4712 "-" "Mozilla/5.0 (Macintosh; Intel Mac OS X 10_9_5) AppleWebKit/537.36 (KHTML, like Gecko) Chrome/67.0.3396.87 Safari/537.36"
167.71.226.156 - - [01/May/2026:02:28:44 +1000] "POST /wp-login.php HTTP/1.1" 200 4712 "https://mail.galaxybeads.com.au/wp-login.php" "Mozilla/5.0 (Macintosh; Intel Mac OS X 10_9_5) AppleWebKit/537.36 (KHTML, like Gecko) Chrome/67.0.3396.87 Safari/537.36"
77.46.136.200 - - [01/May/2026:02:28:50 +1000] "POST /xmlrpc.php HTTP/1.1" 200 447 "-" "Jetpack/13.0; WordPress/6.4; http://site93927345.com"
77.46.136.200 - - [01/May/2026:02:29:01 +1000] "POST /xmlrpc.php HTTP/1.1" 200 447 "-" "Jetpack/13.0; WordPress/6.1; http://site17004861.com"
77.46.136.200 - - [01/May/2026:02:29:12 +1000] "POST /xmlrpc.php HTTP/1.1" 200 447 "-" "WordPress.com; https://wordpress.com"
2405:3f00:a222:bbbb:bba1:60:ffff:ffff - - [01/May/2026:02:29:26 +1000] "POST /wp-cron.php?doing_wp_cron=1777566566.1218650341033935546875 HTTP/1.1" 200 - "-" "WordPress/6.9.4; https://galaxybeads.com.au"
77.46.136.200 - - [01/May/2026:02:29:23 +1000] "POST /xmlrpc.php HTTP/1.1" 200 447 "-" "Jetpack/12.0; WordPress/6.1; http://site43994449.com"
77.46.136.200 - - [01/May/2026:02:29:35 +1000] "POST /xmlrpc.php HTTP/1.1" 200 447 "-" "WordPress.com; https://wordpress.com"
77.46.136.200 - - [01/May/2026:02:29:45 +1000] "POST /xmlrpc.php HTTP/1.1" 200 447 "-" "Jetpack by WordPress.com"
111.109.37.114 - - [01/May/2026:02:29:46 +1000] "POST /xmlrpc.php HTTP/1.1" 200 248 "-" "Mozilla/5.0 (Windows NT 6.1; WOW64; Trident/7.0; FunWebProducts; rv:11.0) like Gecko"
77.46.136.200 - - [01/May/2026:02:29:56 +1000] "POST /xmlrpc.php HTTP/1.1" 200 447 "-" "Jetpack by WordPress.com"
77.46.136.200 - - [01/May/2026:02:30:07 +1000] "POST /xmlrpc.php HTTP/1.1" 200 447 "-" "Jetpack by WordPress.com (Jetpack 13.0; WordPress 6.3)"
77.46.136.200 - - [01/May/2026:02:30:17 +1000] "POST /xmlrpc.php HTTP/1.1" 200 447 "-" "Jetpack by WordPress.com (Jetpack 12.5; WordPress 6.2)"
77.46.136.200 - - [01/May/2026:02:30:29 +1000] "POST /xmlrpc.php HTTP/1.1" 200 447 "-" "Jetpack/12.0; WordPress/6.2; http://site98143986.com"
77.46.136.200 - - [01/May/2026:02:30:39 +1000] "POST /xmlrpc.php HTTP/1.1" 200 447 "-" "Jetpack by WordPress.com"
77.46.136.200 - - [01/May/2026:02:30:50 +1000] "POST /xmlrpc.php HTTP/1.1" 200 447 "-" "Jetpack by WordPress.com"
77.46.136.200 - - [01/May/2026:02:31:01 +1000] "POST /xmlrpc.php HTTP/1.1" 200 447 "-" "Jetpack by WordPress.com"
77.46.136.200 - - [01/May/2026:02:31:11 +1000] "POST /xmlrpc.php HTTP/1.1" 200 447 "-" "WordPress.com; https://wordpress.com"
77.46.136.200 - - [01/May/2026:02:31:22 +1000] "POST /xmlrpc.php HTTP/1.1" 200 447 "-" "Jetpack by WordPress.com"
65.254.225.224 - - [01/May/2026:02:31:24 +1000] "POST /xmlrpc.php HTTP/1.1" 200 248 "-" "Mozilla/5.0 (Windows NT 10.0; Win64; x64) AppleWebKit/537.36 (KHTML, like Gecko) Chrome/65.0.3325.181 Safari/537.36 OPR/52.0.2871.40"
77.46.136.200 - - [01/May/2026:02:31:33 +1000] "POST /xmlrpc.php HTTP/1.1" 200 447 "-" "Jetpack by WordPress.com"
77.46.136.200 - - [01/May/2026:02:31:44 +1000] "POST /xmlrpc.php HTTP/1.1" 200 447 "-" "WordPress.com; https://wordpress.com"
77.46.136.200 - - [01/May/2026:02:31:57 +1000] "POST /xmlrpc.php HTTP/1.1" 200 447 "-" "Jetpack/12.0; WordPress/6.4; http://site21292516.com"
77.46.136.200 - - [01/May/2026:02:32:06 +1000] "POST /xmlrpc.php HTTP/1.1" 200 447 "-" "Jetpack/12.1; WordPress/6.4; http://site97185921.com"
185.151.196.205 - - [01/May/2026:02:32:11 +1000] "POST /xmlrpc.php HTTP/1.1" 200 249 "-" "Mozilla/5.0 (Windows NT 10.0; WOW64) AppleWebKit/537.36 (KHTML, like Gecko) Chrome/63.0.3239.132 Safari/537.36 OPR/50.0.2762.67"
77.46.136.200 - - [01/May/2026:02:32:16 +1000] "POST /xmlrpc.php HTTP/1.1" 200 447 "-" "Jetpack by WordPress.com"
77.46.136.200 - - [01/May/2026:02:32:27 +1000] "POST /xmlrpc.php HTTP/1.1" 200 447 "-" "WordPress.com; https://wordpress.com"
77.46.136.200 - - [01/May/2026:02:32:38 +1000] "POST /xmlrpc.php HTTP/1.1" 200 447 "-" "Jetpack by WordPress.com (Jetpack 12.0; WordPress 6.1)"
77.46.136.200 - - [01/May/2026:02:32:49 +1000] "POST /xmlrpc.php HTTP/1.1" 200 447 "-" "Jetpack by WordPress.com"
77.46.136.200 - - [01/May/2026:02:32:59 +1000] "POST /xmlrpc.php HTTP/1.1" 200 447 "-" "Jetpack/12.5; WordPress/6.3; http://site93277544.com"
2405:3f00:a222:bbbb:bba1:60:ffff:ffff - - [01/May/2026:02:33:14 +1000] "POST /wp-cron.php?doing_wp_cron=1777566794.0122089385986328125000 HTTP/1.1" 200 - "-" "WordPress/6.9.4; https://galaxybeads.com.au"
77.46.136.200 - - [01/May/2026:02:33:10 +1000] "POST /xmlrpc.php HTTP/1.1" 200 447 "-" "WordPress.com; https://wordpress.com"
213.238.191.143 - - [01/May/2026:02:33:19 +1000] "GET /wp-login.php HTTP/1.1" 200 4712 "-" "Mozilla/5.0 (Windows NT 6.0; Win64; x64) AppleWebKit/537.36 (KHTML, like Gecko) Chrome/66.0.3359.117 Safari/537.36"
77.46.136.200 - - [01/May/2026:02:33:21 +1000] "POST /xmlrpc.php HTTP/1.1" 200 447 "-" "Jetpack/12.0; WordPress/6.1; http://site33646147.com"
213.238.191.143 - - [01/May/2026:02:33:23 +1000] "POST /wp-login.php HTTP/1.1" 200 4712 "https://galaxybeads.com.au/wp-login.php" "Mozilla/5.0 (Windows NT 6.0; Win64; x64) AppleWebKit/537.36 (KHTML, like Gecko) Chrome/66.0.3359.117 Safari/537.36"
77.46.136.200 - - [01/May/2026:02:33:32 +1000] "POST /xmlrpc.php HTTP/1.1" 200 447 "-" "Jetpack/12.1; WordPress/6.1; http://site47811790.com"
77.46.136.200 - - [01/May/2026:02:33:46 +1000] "POST /xmlrpc.php HTTP/1.1" 200 447 "-" "Jetpack by WordPress.com"
47.163.39.246 - - [01/May/2026:02:33:53 +1000] "GET /wp-login.php HTTP/1.1" 200 4711 "-" "Mozilla/5.0 (Windows NT 6.3; Trident/7.0; rv 11.0) like Gecko"
77.46.136.200 - - [01/May/2026:02:33:53 +1000] "POST /xmlrpc.php HTTP/1.1" 200 447 "-" "WordPress.com; https://wordpress.com"
47.163.39.246 - - [01/May/2026:02:33:55 +1000] "POST /wp-login.php HTTP/1.1" 200 4711 "https://mail.youronesite.com/wp-login.php" "Mozilla/5.0 (Windows NT 6.3; Trident/7.0; rv 11.0) like Gecko"
77.46.136.200 - - [01/May/2026:02:34:04 +1000] "POST /xmlrpc.php HTTP/1.1" 200 447 "-" "WordPress.com; https://wordpress.com"
77.46.136.200 - - [01/May/2026:02:34:15 +1000] "POST /xmlrpc.php HTTP/1.1" 200 447 "-" "WordPress.com; https://wordpress.com"
2405:3f00:a222:bbbb:bba1:60:ffff:ffff - - [01/May/2026:02:34:28 +1000] "POST /wp-cron.php?doing_wp_cron=1777566868.4780309200286865234375 HTTP/1.1" 200 - "-" "WordPress/6.9.4; https://galaxybeads.com.au"
77.46.136.200 - - [01/May/2026:02:34:26 +1000] "POST /xmlrpc.php HTTP/1.1" 200 447 "-" "Jetpack/12.0; WordPress/6.3; http://site25937771.com"
77.46.136.200 - - [01/May/2026:02:34:36 +1000] "POST /xmlrpc.php HTTP/1.1" 200 447 "-" "Jetpack by WordPress.com"
77.46.136.200 - - [01/May/2026:02:34:47 +1000] "POST /xmlrpc.php HTTP/1.1" 200 447 "-" "Jetpack by WordPress.com (Jetpack 12.1; WordPress 6.2)"
77.46.136.200 - - [01/May/2026:02:34:58 +1000] "POST /xmlrpc.php HTTP/1.1" 200 447 "-" "Jetpack by WordPress.com (Jetpack 12.5; WordPress 6.4)"
77.46.136.200 - - [01/May/2026:02:35:08 +1000] "POST /xmlrpc.php HTTP/1.1" 200 447 "-" "Jetpack/13.0; WordPress/6.4; http://site77216414.com"
178.104.48.247 - - [01/May/2026:02:35:11 +1000] "GET /wp-login.php HTTP/1.1" 200 4711 "-" "Mozilla/5.0 (Windows NT 6.1) AppleWebKit/537.36 (KHTML, like Gecko) Chrome/67.0.3396.79 Safari/537.36"
178.104.48.247 - - [01/May/2026:02:35:14 +1000] "POST /wp-login.php HTTP/1.1" 200 4711 "https://galaxybeads.com.au/wp-login.php" "Mozilla/5.0 (Windows NT 6.1) AppleWebKit/537.36 (KHTML, like Gecko) Chrome/67.0.3396.79 Safari/537.36"
40.77.167.93 - - [01/May/2026:02:35:17 +1000] "GET /shoprobots.txt HTTP/1.1" 404 10849 "-" "Mozilla/5.0 AppleWebKit/537.36 (KHTML, like Gecko; compatible; bingbot/2.0; +http://www.bing.com/bingbot.htm) Chrome/116.0.1938.76 Safari/537.36"
77.46.136.200 - - [01/May/2026:02:35:19 +1000] "POST /xmlrpc.php HTTP/1.1" 200 447 "-" "WordPress.com; https://wordpress.com"
77.46.136.200 - - [01/May/2026:02:35:30 +1000] "POST /xmlrpc.php HTTP/1.1" 200 447 "-" "Jetpack/12.1; WordPress/6.4; http://site66496066.com"
52.167.144.137 - - [01/May/2026:02:35:42 +1000] "GET /shopindex.php?main_page=index&cPath=135 HTTP/1.1" 404 10893 "-" "Mozilla/5.0 AppleWebKit/537.36 (KHTML, like Gecko; compatible; bingbot/2.0; +http://www.bing.com/bingbot.htm) Chrome/116.0.1938.76 Safari/537.36"
77.46.136.200 - - [01/May/2026:02:35:41 +1000] "POST /xmlrpc.php HTTP/1.1" 200 447 "-" "Jetpack/13.0; WordPress/6.4; http://site14913456.com"
77.46.136.200 - - [01/May/2026:02:35:51 +1000] "POST /xmlrpc.php HTTP/1.1" 200 447 "-" "Jetpack by WordPress.com"
167.71.226.156 - - [01/May/2026:02:36:00 +1000] "GET /wp-login.php HTTP/1.1" 200 4712 "-" "Mozilla/5.0 (X11; CrOS x86_64 10452.85.0) AppleWebKit/537.36 (KHTML, like Gecko) Chrome/66.0.3359.158 Safari/537.36"
167.71.226.156 - - [01/May/2026:02:36:01 +1000] "POST /wp-login.php HTTP/1.1" 200 4712 "https://mail.youronesite.com/wp-login.php" "Mozilla/5.0 (X11; CrOS x86_64 10452.85.0) AppleWebKit/537.36 (KHTML, like Gecko) Chrome/66.0.3359.158 Safari/537.36"
77.46.136.200 - - [01/May/2026:02:36:02 +1000] "POST /xmlrpc.php HTTP/1.1" 200 447 "-" "Jetpack by WordPress.com"
77.46.136.200 - - [01/May/2026:02:36:13 +1000] "POST /xmlrpc.php HTTP/1.1" 200 447 "-" "Jetpack by WordPress.com (Jetpack 13.0; WordPress 6.3)"
77.46.136.200 - - [01/May/2026:02:36:23 +1000] "POST /xmlrpc.php HTTP/1.1" 200 447 "-" "Jetpack by WordPress.com"
77.46.136.200 - - [01/May/2026:02:36:34 +1000] "POST /xmlrpc.php HTTP/1.1" 200 447 "-" "Jetpack by WordPress.com"
141.95.145.51 - - [01/May/2026:02:36:36 +1000] "POST /xmlrpc.php HTTP/1.1" 200 247 "-" "Mozilla/5.0 (Windows NT 10.0; Win64; x64) AppleWebKit/537.36 (KHTML, like Gecko) Chrome/65.0.3325.181 Safari/537.36 OPR/52.0.2871.64"
77.46.136.200 - - [01/May/2026:02:36:45 +1000] "POST /xmlrpc.php HTTP/1.1" 200 447 "-" "Jetpack by WordPress.com"
77.46.136.200 - - [01/May/2026:02:36:56 +1000] "POST /xmlrpc.php HTTP/1.1" 200 447 "-" "Jetpack by WordPress.com (Jetpack 12.5; WordPress 6.3)"
77.46.136.200 - - [01/May/2026:02:37:07 +1000] "POST /xmlrpc.php HTTP/1.1" 200 447 "-" "WordPress.com; https://wordpress.com"
77.46.136.200 - - [01/May/2026:02:37:17 +1000] "POST /xmlrpc.php HTTP/1.1" 200 447 "-" "Jetpack/13.0; WordPress/6.2; http://site50215482.com"
77.46.136.200 - - [01/May/2026:02:37:28 +1000] "POST /xmlrpc.php HTTP/1.1" 200 447 "-" "Jetpack/12.5; WordPress/6.4; http://site29597481.com"
77.46.136.200 - - [01/May/2026:02:37:41 +1000] "POST /xmlrpc.php HTTP/1.1" 200 447 "-" "WordPress.com; https://wordpress.com"
104.248.54.112 - - [01/May/2026:02:37:51 +1000] "POST /xmlrpc.php HTTP/1.1" 200 248 "-" "Mozilla/5.0 (X11; Linux x86_64) AppleWebKit/537.36 (KHTML, like Gecko) Chrome/65.0.3325.162 Safari/537.36"
2405:3f00:a222:bbbb:bba1:60:ffff:ffff - - [01/May/2026:02:38:05 +1000] "POST /wp-cron.php?doing_wp_cron=1777567085.7020220756530761718750 HTTP/1.1" 200 - "-" "WordPress/6.9.4; https://galaxybeads.com.au"
18.169.227.47 - - [01/May/2026:02:38:03 +1000] "POST /xmlrpc.php HTTP/1.1" 200 248 "-" "Mozilla/5.0 (Macintosh; Intel Mac OS X 10_13_4) AppleWebKit/537.36 (KHTML, like Gecko) Chrome/66.0.3359.181 Safari/537.36"
92.205.109.21 - - [01/May/2026:02:38:07 +1000] "GET /wp-login.php HTTP/1.1" 200 4711 "-" "Mozilla/5.0 (Windows NT 10.0) AppleWebKit/537.36 (KHTML, like Gecko) Chrome/64.0.3282.140 Safari/537.36 Edge/17.17134"
92.205.109.21 - - [01/May/2026:02:38:10 +1000] "POST /wp-login.php HTTP/1.1" 200 4711 "https://mail.galaxybeads.com.au/wp-login.php" "Mozilla/5.0 (Windows NT 10.0) AppleWebKit/537.36 (KHTML, like Gecko) Chrome/64.0.3282.140 Safari/537.36 Edge/17.17134"
123.30.233.12 - - [01/May/2026:02:38:44 +1000] "GET /wp-login.php HTTP/1.1" 200 4710 "-" "Mozilla/5.0 (Macintosh; Intel Mac OS X 10_13_2) AppleWebKit/537.36 (KHTML, like Gecko) Chrome/65.0.3325.181 Safari/537.36"
123.30.233.12 - - [01/May/2026:02:38:47 +1000] "POST /wp-login.php HTTP/1.1" 200 4710 "https://galaxybeads.com.au/wp-login.php" "Mozilla/5.0 (Macintosh; Intel Mac OS X 10_13_2) AppleWebKit/537.36 (KHTML, like Gecko) Chrome/65.0.3325.181 Safari/537.36"
74.91.224.220 - - [01/May/2026:02:40:18 +1000] "GET /wp-login.php HTTP/1.1" 200 4710 "-" "Mozilla/5.0 (Windows NT 6.0; Win64; x64) AppleWebKit/537.36 (KHTML, like Gecko) Chrome/66.0.3359.117 Safari/537.36"
74.91.224.220 - - [01/May/2026:02:40:22 +1000] "POST /wp-login.php HTTP/1.1" 200 4710 "https://mail.galaxybeads.com.au/wp-login.php" "Mozilla/5.0 (Windows NT 6.0; Win64; x64) AppleWebKit/537.36 (KHTML, like Gecko) Chrome/66.0.3359.117 Safari/537.36"
2405:3f00:a222:bbbb:bba1:60:ffff:ffff - - [01/May/2026:02:40:36 +1000] "POST /wp-cron.php?doing_wp_cron=1777567236.0346419811248779296875 HTTP/1.1" 200 - "-" "WordPress/6.9.4; https://galaxybeads.com.au"
156.244.46.207 - - [01/May/2026:02:40:33 +1000] "POST /xmlrpc.php HTTP/1.1" 200 248 "-" "Mozilla/5.0 (Windows NT 10.0; WOW64) AppleWebKit/537.36 (KHTML, like Gecko) Chrome/67.0.3396.87 Safari/537.36"
91.227.37.60 - - [01/May/2026:02:40:54 +1000] "POST /xmlrpc.php HTTP/1.1" 200 247 "-" "Mozilla/5.0 (Macintosh; Intel Mac OS X 10_11_6) AppleWebKit/602.2.14 (KHTML, like Gecko) Version/10.0.1 Safari/602.2.14"
162.241.53.41 - - [01/May/2026:02:41:01 +1000] "GET /wp-login.php HTTP/1.1" 200 4710 "-" "Mozilla/5.0 (Macintosh; Intel Mac OS X 10_9_5) AppleWebKit/537.36 (KHTML, like Gecko) Chrome/65.0.3325.181 Safari/537.36"
162.241.53.41 - - [01/May/2026:02:41:02 +1000] "POST /wp-login.php HTTP/1.1" 200 4710 "https://mail.youronesite.com/wp-login.php" "Mozilla/5.0 (Macintosh; Intel Mac OS X 10_9_5) AppleWebKit/537.36 (KHTML, like Gecko) Chrome/65.0.3325.181 Safari/537.36"
66.249.79.232 - - [01/May/2026:02:42:39 +1000] "GET /robots.txt HTTP/1.1" 301 - "-" "Mozilla/5.0 (compatible; Googlebot/2.1; +http://www.google.com/bot.html)"
2405:3f00:a222:bbbb:bba1:60:ffff:ffff - - [01/May/2026:02:43:31 +1000] "POST /wp-cron.php?doing_wp_cron=1777567411.6015460491180419921875 HTTP/1.1" 200 - "-" "WordPress/6.9.4; https://galaxybeads.com.au"
216.245.208.230 - - [01/May/2026:02:43:27 +1000] "POST /xmlrpc.php HTTP/1.1" 200 249 "-" "Mozilla/4.0 (compatible; MSIE 8.0; Windows NT 6.2; WOW64; Trident/7.0; .NET4.0C; .NET4.0E; .NET CLR 2.0.50727; .NET CLR 3.0.30729; .NET CLR 3.5.30729)"
114.119.134.148 - - [01/May/2026:02:44:09 +1000] "GET /shop/index.php?main_page=login HTTP/1.1" 302 - "http://galaxybeads.com.au/shop/index.php?main_page=product_info&=119&products_id=776" "Mozilla/5.0 (Linux; Android 7.0;) AppleWebKit/537.36 (HTML, like Gecko) Mobile Safari/537.36 (compatible; PetalBot;+https://webmaster.petalsearch.com/site/petalbot)"
114.119.134.148 - - [01/May/2026:02:44:10 +1000] "GET /shop/index.php?main_page=cookie_usage HTTP/1.1" 200 8970 "http://galaxybeads.com.au/shop/index.php?main_page=product_info&=119&products_id=776" "Mozilla/5.0 (Linux; Android 7.0;) AppleWebKit/537.36 (HTML, like Gecko) Mobile Safari/537.36 (compatible; PetalBot;+https://webmaster.petalsearch.com/site/petalbot)"
34.101.189.231 - - [01/May/2026:02:44:12 +1000] "POST /xmlrpc.php HTTP/1.1" 200 248 "-" "Mozilla/5.0 (Windows NT 6.1; Win64; x64) AppleWebKit/537.36 (KHTML, like Gecko) Chrome/65.0.3325.181 Safari/537.36 OPR/52.0.2871.40"
2405:3f00:a222:bbbb:bba1:60:ffff:ffff - - [01/May/2026:02:44:35 +1000] "POST /wp-cron.php?doing_wp_cron=1777567475.5540680885314941406250 HTTP/1.1" 200 - "-" "WordPress/6.9.4; https://galaxybeads.com.au"
103.121.26.217 - - [01/May/2026:02:44:33 +1000] "POST /xmlrpc.php HTTP/1.1" 200 248 "-" "Mozilla/5.0 (Macintosh; Intel Mac OS X 10_11_6) AppleWebKit/603.1.30 (KHTML, like Gecko) Version/10.1 Safari/603.1.30"
114.119.134.148 - - [01/May/2026:02:45:29 +1000] "GET /shop/index.php?main_page=login HTTP/1.1" 302 - "http://galaxybeads.com.au/shop/index.php?main_page=product_info&=22_92&products_id=389" "Mozilla/5.0 (Linux; Android 7.0;) AppleWebKit/537.36 (HTML, like Gecko) Mobile Safari/537.36 (compatible; PetalBot;+https://webmaster.petalsearch.com/site/petalbot)"
114.119.134.148 - - [01/May/2026:02:45:29 +1000] "GET /shop/index.php?main_page=cookie_usage HTTP/1.1" 200 9156 "http://galaxybeads.com.au/shop/index.php?main_page=product_info&=22_92&products_id=389" "Mozilla/5.0 (Linux; Android 7.0;) AppleWebKit/537.36 (HTML, like Gecko) Mobile Safari/537.36 (compatible; PetalBot;+https://webmaster.petalsearch.com/site/petalbot)"
50.6.7.129 - - [01/May/2026:02:45:28 +1000] "GET /wp-login.php HTTP/1.1" 200 4709 "-" "Mozilla/5.0 (Windows NT 6.1; WOW64; Trident/7.0; EIE10;ENCAWOL; rv:11.0) like Gecko"
50.6.7.129 - - [01/May/2026:02:45:32 +1000] "POST /wp-login.php HTTP/1.1" 200 4709 "https://galaxybeads.com.au/wp-login.php" "Mozilla/5.0 (Windows NT 6.1; WOW64; Trident/7.0; EIE10;ENCAWOL; rv:11.0) like Gecko"
162.214.173.88 - - [01/May/2026:02:46:09 +1000] "GET /wp-login.php HTTP/1.1" 200 4712 "-" "Mozilla/5.0 (Windows NT 6.1; Win64; x64) AppleWebKit/537.36 (KHTML, like Gecko) Chrome/65.0.3325.181 Safari/537.36 OPR/52.0.2871.99"
162.214.173.88 - - [01/May/2026:02:46:13 +1000] "POST /wp-login.php HTTP/1.1" 200 4712 "https://mail.galaxybeads.com.au/wp-login.php" "Mozilla/5.0 (Windows NT 6.1; Win64; x64) AppleWebKit/537.36 (KHTML, like Gecko) Chrome/65.0.3325.181 Safari/537.36 OPR/52.0.2871.99"
51.222.71.146 - - [01/May/2026:02:46:44 +1000] "GET /wp-login.php HTTP/1.1" 200 4710 "-" "Mozilla/5.0 (Macintosh; Intel Mac OS X 10_12_6) AppleWebKit/537.36 (KHTML, like Gecko) Chrome/65.0.3325.146 Safari/537.36"
51.222.71.146 - - [01/May/2026:02:46:50 +1000] "POST /wp-login.php HTTP/1.1" 200 4710 "https://mail.youronesite.com/wp-login.php" "Mozilla/5.0 (Macintosh; Intel Mac OS X 10_12_6) AppleWebKit/537.36 (KHTML, like Gecko) Chrome/65.0.3325.146 Safari/537.36"
114.119.159.75 - - [01/May/2026:02:46:53 +1000] "GET /shop/index.php?main_page=login HTTP/1.1" 302 - "http://galaxybeads.com.au/shop/index.php?main_page=product_info&=68_69&products_id=2054" "Mozilla/5.0 (Linux; Android 7.0;) AppleWebKit/537.36 (HTML, like Gecko) Mobile Safari/537.36 (compatible; PetalBot;+https://webmaster.petalsearch.com/site/petalbot)"
114.119.159.75 - - [01/May/2026:02:46:53 +1000] "GET /shop/index.php?main_page=cookie_usage HTTP/1.1" 200 9156 "http://galaxybeads.com.au/shop/index.php?main_page=product_info&=68_69&products_id=2054" "Mozilla/5.0 (Linux; Android 7.0;) AppleWebKit/537.36 (HTML, like Gecko) Mobile Safari/537.36 (compatible; PetalBot;+https://webmaster.petalsearch.com/site/petalbot)"
47.128.38.161 - - [01/May/2026:02:47:07 +1000] "GET /shop/includes/templates/theme228/css/stylesheet_boxes.css HTTP/1.1" 200 5436 "http://galaxybeads.com.au/" "Mozilla/5.0 (Linux; Android 5.0) AppleWebKit/537.36 (KHTML, like Gecko) Mobile Safari/537.36 (compatible; Bytespider; spider-feedback@bytedance.com)"
