49.196.75.253 - - [30/Apr/2026:21:08:37 +1000] "GET /wp-content/themes/galaxy-beads-not-ecommorce/css/fonts/dragon_is_coming-webfont.woff2 HTTP/1.1" 200 25760 "https://galaxybeads.com.au/" "Mozilla/5.0 (iPhone; CPU iPhone OS 18_7 like Mac OS X) AppleWebKit/605.1.15 (KHTML, like Gecko) Version/26.3 Mobile/15E148 Safari/604.1"
49.196.75.253 - - [30/Apr/2026:21:08:37 +1000] "GET /wp-includes/js/wp-emoji-release.min.js?ver=6.9.4 HTTP/1.1" 200 5657 "https://galaxybeads.com.au/" "Mozilla/5.0 (iPhone; CPU iPhone OS 18_7 like Mac OS X) AppleWebKit/605.1.15 (KHTML, like Gecko) Version/26.3 Mobile/15E148 Safari/604.1"
49.196.75.253 - - [30/Apr/2026:21:08:37 +1000] "GET /wp-content/themes/galaxy-beads-not-ecommorce/images/logo-top-float.png HTTP/1.1" 200 971 "https://galaxybeads.com.au/" "Mozilla/5.0 (iPhone; CPU iPhone OS 18_7 like Mac OS X) AppleWebKit/605.1.15 (KHTML, like Gecko) Version/26.3 Mobile/15E148 Safari/604.1"
49.196.75.253 - - [30/Apr/2026:21:08:37 +1000] "GET /wp-content/themes/galaxy-beads-not-ecommorce/images/green-beads.png HTTP/1.1" 200 58245 "https://galaxybeads.com.au/" "Mozilla/5.0 (iPhone; CPU iPhone OS 18_7 like Mac OS X) AppleWebKit/605.1.15 (KHTML, like Gecko) Version/26.3 Mobile/15E148 Safari/604.1"
49.196.75.253 - - [30/Apr/2026:21:08:38 +1000] "GET /wp-content/themes/galaxy-beads-not-ecommorce/images/rosary.png HTTP/1.1" 200 107055 "https://galaxybeads.com.au/" "Mozilla/5.0 (iPhone; CPU iPhone OS 18_7 like Mac OS X) AppleWebKit/605.1.15 (KHTML, like Gecko) Version/26.3 Mobile/15E148 Safari/604.1"
49.196.75.253 - - [30/Apr/2026:21:08:38 +1000] "GET /shop/includes/templates/theme228/images/1.png HTTP/1.1" 200 1490 "https://galaxybeads.com.au/" "Mozilla/5.0 (iPhone; CPU iPhone OS 18_7 like Mac OS X) AppleWebKit/605.1.15 (KHTML, like Gecko) Version/26.3 Mobile/15E148 Safari/604.1"
49.196.75.253 - - [30/Apr/2026:21:08:38 +1000] "GET /wp-content/themes/galaxy-beads-not-ecommorce/images/homepage/gems.png HTTP/1.1" 200 27306 "https://galaxybeads.com.au/" "Mozilla/5.0 (iPhone; CPU iPhone OS 18_7 like Mac OS X) AppleWebKit/605.1.15 (KHTML, like Gecko) Version/26.3 Mobile/15E148 Safari/604.1"
49.196.75.253 - - [30/Apr/2026:21:08:38 +1000] "GET /wp-content/themes/galaxy-beads-not-ecommorce/images/homepage/cords.png HTTP/1.1" 200 35249 "https://galaxybeads.com.au/" "Mozilla/5.0 (iPhone; CPU iPhone OS 18_7 like Mac OS X) AppleWebKit/605.1.15 (KHTML, like Gecko) Version/26.3 Mobile/15E148 Safari/604.1"
49.196.75.253 - - [30/Apr/2026:21:08:38 +1000] "GET /wp-content/themes/galaxy-beads-not-ecommorce/images/homepage/glasses-and-beads.png HTTP/1.1" 200 17690 "https://galaxybeads.com.au/" "Mozilla/5.0 (iPhone; CPU iPhone OS 18_7 like Mac OS X) AppleWebKit/605.1.15 (KHTML, like Gecko) Version/26.3 Mobile/15E148 Safari/604.1"
49.196.75.253 - - [30/Apr/2026:21:08:38 +1000] "GET /wp-content/themes/galaxy-beads-not-ecommorce/images/homepage/pliers-and-string.png HTTP/1.1" 200 22103 "https://galaxybeads.com.au/" "Mozilla/5.0 (iPhone; CPU iPhone OS 18_7 like Mac OS X) AppleWebKit/605.1.15 (KHTML, like Gecko) Version/26.3 Mobile/15E148 Safari/604.1"
49.196.75.253 - - [30/Apr/2026:21:08:38 +1000] "GET /wp-content/themes/galaxy-beads-not-ecommorce/images/homepage/birth-stone.png HTTP/1.1" 200 22414 "https://galaxybeads.com.au/" "Mozilla/5.0 (iPhone; CPU iPhone OS 18_7 like Mac OS X) AppleWebKit/605.1.15 (KHTML, like Gecko) Version/26.3 Mobile/15E148 Safari/604.1"
49.196.75.253 - - [30/Apr/2026:21:08:38 +1000] "GET /wp-content/themes/galaxy-beads-not-ecommorce/images/homepage/smile.jpg HTTP/1.1" 200 73123 "https://galaxybeads.com.au/" "Mozilla/5.0 (iPhone; CPU iPhone OS 18_7 like Mac OS X) AppleWebKit/605.1.15 (KHTML, like Gecko) Version/26.3 Mobile/15E148 Safari/604.1"
49.196.75.253 - - [30/Apr/2026:21:08:38 +1000] "GET /wp-content/themes/galaxy-beads-not-ecommorce/images/galaxy-beads-header.png HTTP/1.1" 200 499340 "https://galaxybeads.com.au/" "Mozilla/5.0 (iPhone; CPU iPhone OS 18_7 like Mac OS X) AppleWebKit/605.1.15 (KHTML, like Gecko) Version/26.3 Mobile/15E148 Safari/604.1"
49.196.75.253 - - [30/Apr/2026:21:08:38 +1000] "GET /shop/includes/templates/theme228/images/3.png HTTP/1.1" 200 2698 "https://galaxybeads.com.au/" "Mozilla/5.0 (iPhone; CPU iPhone OS 18_7 like Mac OS X) AppleWebKit/605.1.15 (KHTML, like Gecko) Version/26.3 Mobile/15E148 Safari/604.1"
49.196.75.253 - - [30/Apr/2026:21:08:38 +1000] "GET /shop/includes/templates/theme228/images/2.png HTTP/1.1" 200 889 "https://galaxybeads.com.au/" "Mozilla/5.0 (iPhone; CPU iPhone OS 18_7 like Mac OS X) AppleWebKit/605.1.15 (KHTML, like Gecko) Version/26.3 Mobile/15E148 Safari/604.1"
49.196.75.253 - - [30/Apr/2026:21:08:37 +1000] "GET /wp-json/contact-form-7/v1/contact-forms/22/feedback/schema HTTP/1.1" 200 240 "https://galaxybeads.com.au/" "Mozilla/5.0 (iPhone; CPU iPhone OS 18_7 like Mac OS X) AppleWebKit/605.1.15 (KHTML, like Gecko) Version/26.3 Mobile/15E148 Safari/604.1"
49.196.75.253 - - [30/Apr/2026:21:08:38 +1000] "GET /wp-content/themes/galaxy-beads-not-ecommorce/images/homepage/spice.jpg HTTP/1.1" 200 65983 "https://galaxybeads.com.au/" "Mozilla/5.0 (iPhone; CPU iPhone OS 18_7 like Mac OS X) AppleWebKit/605.1.15 (KHTML, like Gecko) Version/26.3 Mobile/15E148 Safari/604.1"
49.196.75.253 - - [30/Apr/2026:21:08:38 +1000] "GET /wp-content/uploads/wpcf7_captcha/3946885463.png HTTP/1.1" 200 1205 "https://galaxybeads.com.au/" "Mozilla/5.0 (iPhone; CPU iPhone OS 18_7 like Mac OS X) AppleWebKit/605.1.15 (KHTML, like Gecko) Version/26.3 Mobile/15E148 Safari/604.1"
49.196.75.253 - - [30/Apr/2026:21:08:38 +1000] "GET /wp-content/themes/galaxy-beads-not-ecommorce/images/homepage/style.jpg HTTP/1.1" 200 70395 "https://galaxybeads.com.au/" "Mozilla/5.0 (iPhone; CPU iPhone OS 18_7 like Mac OS X) AppleWebKit/605.1.15 (KHTML, like Gecko) Version/26.3 Mobile/15E148 Safari/604.1"
49.196.75.253 - - [30/Apr/2026:21:08:38 +1000] "GET /wp-content/themes/galaxy-beads-not-ecommorce/images/homepage-products/homepage-product1.jpg HTTP/1.1" 200 5095 "https://galaxybeads.com.au/" "Mozilla/5.0 (iPhone; CPU iPhone OS 18_7 like Mac OS X) AppleWebKit/605.1.15 (KHTML, like Gecko) Version/26.3 Mobile/15E148 Safari/604.1"
49.196.75.253 - - [30/Apr/2026:21:08:39 +1000] "GET /wp-content/themes/galaxy-beads-not-ecommorce/images/homepage-products/homepage-product2.jpg HTTP/1.1" 200 9490 "https://galaxybeads.com.au/" "Mozilla/5.0 (iPhone; CPU iPhone OS 18_7 like Mac OS X) AppleWebKit/605.1.15 (KHTML, like Gecko) Version/26.3 Mobile/15E148 Safari/604.1"
49.196.75.253 - - [30/Apr/2026:21:08:38 +1000] "GET /wp-content/themes/galaxy-beads-not-ecommorce/images/rating-score.png HTTP/1.1" 200 1449 "https://galaxybeads.com.au/" "Mozilla/5.0 (iPhone; CPU iPhone OS 18_7 like Mac OS X) AppleWebKit/605.1.15 (KHTML, like Gecko) Version/26.3 Mobile/15E148 Safari/604.1"
49.196.75.253 - - [30/Apr/2026:21:08:39 +1000] "GET /wp-content/themes/galaxy-beads-not-ecommorce/images/homepage-products/homepage-product3.jpg HTTP/1.1" 200 1590 "https://galaxybeads.com.au/" "Mozilla/5.0 (iPhone; CPU iPhone OS 18_7 like Mac OS X) AppleWebKit/605.1.15 (KHTML, like Gecko) Version/26.3 Mobile/15E148 Safari/604.1"
49.196.75.253 - - [30/Apr/2026:21:08:39 +1000] "GET /wp-content/themes/galaxy-beads-not-ecommorce/images/homepage-products/homepage-product4.jpg HTTP/1.1" 200 5305 "https://galaxybeads.com.au/" "Mozilla/5.0 (iPhone; CPU iPhone OS 18_7 like Mac OS X) AppleWebKit/605.1.15 (KHTML, like Gecko) Version/26.3 Mobile/15E148 Safari/604.1"
49.196.75.253 - - [30/Apr/2026:21:08:39 +1000] "GET /wp-content/themes/galaxy-beads-not-ecommorce/images/homepage-products/homepage-product5.jpg HTTP/1.1" 200 4407 "https://galaxybeads.com.au/" "Mozilla/5.0 (iPhone; CPU iPhone OS 18_7 like Mac OS X) AppleWebKit/605.1.15 (KHTML, like Gecko) Version/26.3 Mobile/15E148 Safari/604.1"
49.196.75.253 - - [30/Apr/2026:21:08:39 +1000] "GET /wp-content/themes/galaxy-beads-not-ecommorce/images/homepage-products/homepage-product6.jpg HTTP/1.1" 200 3870 "https://galaxybeads.com.au/" "Mozilla/5.0 (iPhone; CPU iPhone OS 18_7 like Mac OS X) AppleWebKit/605.1.15 (KHTML, like Gecko) Version/26.3 Mobile/15E148 Safari/604.1"
49.196.75.253 - - [30/Apr/2026:21:08:39 +1000] "GET /wp-content/themes/galaxy-beads-not-ecommorce/images/make-your-own-beads.jpg HTTP/1.1" 200 111622 "https://galaxybeads.com.au/" "Mozilla/5.0 (iPhone; CPU iPhone OS 18_7 like Mac OS X) AppleWebKit/605.1.15 (KHTML, like Gecko) Version/26.3 Mobile/15E148 Safari/604.1"
49.196.75.253 - - [30/Apr/2026:21:08:39 +1000] "GET /wp-content/themes/galaxy-beads-not-ecommorce/favicon.png HTTP/1.1" 200 1166 "https://galaxybeads.com.au/" "Mozilla/5.0 (iPhone; CPU iPhone OS 18_7 like Mac OS X) AppleWebKit/605.1.15 (KHTML, like Gecko) Version/26.3 Mobile/15E148 Safari/604.1"
114.119.146.117 - - [30/Apr/2026:21:08:55 +1000] "GET /shop/index.php?main_page=login HTTP/1.1" 302 - "http://galaxybeads.com.au/shop/index.php?main_page=product_info&cPath=68_105&products_id=1229" "Mozilla/5.0 (Linux; Android 7.0;) AppleWebKit/537.36 (HTML, like Gecko) Mobile Safari/537.36 (compatible; PetalBot;+https://webmaster.petalsearch.com/site/petalbot)"
114.119.146.117 - - [30/Apr/2026:21:08:55 +1000] "GET /shop/index.php?main_page=cookie_usage HTTP/1.1" 200 9162 "http://galaxybeads.com.au/shop/index.php?main_page=product_info&cPath=68_105&products_id=1229" "Mozilla/5.0 (Linux; Android 7.0;) AppleWebKit/537.36 (HTML, like Gecko) Mobile Safari/537.36 (compatible; PetalBot;+https://webmaster.petalsearch.com/site/petalbot)"
216.73.216.68 - - [30/Apr/2026:21:09:40 +1000] "GET /robots.txt HTTP/1.1" 200 135 "-" "Mozilla/5.0 AppleWebKit/537.36 (KHTML, like Gecko; compatible; ClaudeBot/1.0; +claudebot@anthropic.com)"
216.73.216.68 - - [30/Apr/2026:21:09:41 +1000] "GET / HTTP/1.1" 200 13379 "-" "Mozilla/5.0 AppleWebKit/537.36 (KHTML, like Gecko; compatible; ClaudeBot/1.0; +claudebot@anthropic.com)"
114.119.156.154 - - [30/Apr/2026:21:10:17 +1000] "GET /shop/index.php?main_page=login HTTP/1.1" 302 - "http://galaxybeads.com.au/shop/index.php?main_page=product_info&cPath=52_54&products_id=630" "Mozilla/5.0 (Linux; Android 7.0;) AppleWebKit/537.36 (HTML, like Gecko) Mobile Safari/537.36 (compatible; PetalBot;+https://webmaster.petalsearch.com/site/petalbot)"
114.119.156.154 - - [30/Apr/2026:21:10:17 +1000] "GET /shop/index.php?main_page=cookie_usage HTTP/1.1" 200 8975 "http://galaxybeads.com.au/shop/index.php?main_page=product_info&cPath=52_54&products_id=630" "Mozilla/5.0 (Linux; Android 7.0;) AppleWebKit/537.36 (HTML, like Gecko) Mobile Safari/537.36 (compatible; PetalBot;+https://webmaster.petalsearch.com/site/petalbot)"
114.119.156.119 - - [30/Apr/2026:21:11:44 +1000] "GET /shop/index.php?main_page=login HTTP/1.1" 302 - "http://galaxybeads.com.au/shop/index.php?main_page=product_info&cPath=52_54&products_id=583" "Mozilla/5.0 (Linux; Android 7.0;) AppleWebKit/537.36 (HTML, like Gecko) Mobile Safari/537.36 (compatible; PetalBot;+https://webmaster.petalsearch.com/site/petalbot)"
114.119.156.119 - - [30/Apr/2026:21:11:45 +1000] "GET /shop/index.php?main_page=cookie_usage HTTP/1.1" 200 8976 "http://galaxybeads.com.au/shop/index.php?main_page=product_info&cPath=52_54&products_id=583" "Mozilla/5.0 (Linux; Android 7.0;) AppleWebKit/537.36 (HTML, like Gecko) Mobile Safari/537.36 (compatible; PetalBot;+https://webmaster.petalsearch.com/site/petalbot)"
47.128.38.153 - - [30/Apr/2026:21:12:07 +1000] "GET /shop/includes/templates/theme228/css/stylesheet_css_buttons.css HTTP/1.1" 200 831 "http://galaxybeads.com.au/" "Mozilla/5.0 (Linux; Android 5.0) AppleWebKit/537.36 (KHTML, like Gecko) Mobile Safari/537.36 (compatible; Bytespider; spider-feedback@bytedance.com)"
47.128.38.153 - - [30/Apr/2026:21:12:07 +1000] "GET /shop/includes/templates/theme228/css/stylesheet_tm.css HTTP/1.1" 200 4171 "http://galaxybeads.com.au/" "Mozilla/5.0 (Linux; Android 5.0) AppleWebKit/537.36 (KHTML, like Gecko) Mobile Safari/537.36 (compatible; Bytespider; spider-feedback@bytedance.com)"
47.128.38.153 - - [30/Apr/2026:21:12:08 +1000] "GET /shop/bmz_cache/7/75ddb1f6d67144dcea59a35fef90456a.image.147x135.JPG HTTP/1.1" 206 500 "http://galaxybeads.com.au/" "Mozilla/5.0 (Linux; Android 5.0) AppleWebKit/537.36 (KHTML, like Gecko) Mobile Safari/537.36 (compatible; Bytespider; spider-feedback@bytedance.com)"
47.128.38.153 - - [30/Apr/2026:21:12:08 +1000] "GET /shop/bmz_cache/1/179f0a91219ef6c6a80f0b8062fe57ea.image.147x147.jpg HTTP/1.1" 206 500 "http://galaxybeads.com.au/" "Mozilla/5.0 (Linux; Android 5.0) AppleWebKit/537.36 (KHTML, like Gecko) Mobile Safari/537.36 (compatible; Bytespider; spider-feedback@bytedance.com)"
47.128.38.153 - - [30/Apr/2026:21:12:08 +1000] "GET /shop/bmz_cache/f/f065e43093adc29bbfb814a882d0c931.image.147x146.gif HTTP/1.1" 206 500 "http://galaxybeads.com.au/" "Mozilla/5.0 (Linux; Android 5.0) AppleWebKit/537.36 (KHTML, like Gecko) Mobile Safari/537.36 (compatible; Bytespider; spider-feedback@bytedance.com)"
47.128.38.153 - - [30/Apr/2026:21:12:08 +1000] "GET /shop/images/categories/Ball%20Chain%20Clasp.JPG HTTP/1.1" 206 500 "http://galaxybeads.com.au/" "Mozilla/5.0 (Linux; Android 5.0) AppleWebKit/537.36 (KHTML, like Gecko) Mobile Safari/537.36 (compatible; Bytespider; spider-feedback@bytedance.com)"
47.128.38.153 - - [30/Apr/2026:21:12:08 +1000] "GET /shop/bmz_cache/f/f2b865dc6d4e3ed60de0c4c3a0cc270e.image.147x135.jpg HTTP/1.1" 206 500 "http://galaxybeads.com.au/" "Mozilla/5.0 (Linux; Android 5.0) AppleWebKit/537.36 (KHTML, like Gecko) Mobile Safari/537.36 (compatible; Bytespider; spider-feedback@bytedance.com)"
47.128.38.153 - - [30/Apr/2026:21:12:08 +1000] "GET /shop/bmz_cache/d/d4c8243276e2fd2befe47f8c0fae1362.image.147x93.gif HTTP/1.1" 206 500 "http://galaxybeads.com.au/" "Mozilla/5.0 (Linux; Android 5.0) AppleWebKit/537.36 (KHTML, like Gecko) Mobile Safari/537.36 (compatible; Bytespider; spider-feedback@bytedance.com)"
47.128.38.153 - - [30/Apr/2026:21:12:08 +1000] "GET /shop/bmz_cache/a/a14c37c8ad8ff7b3813824c7a8241772.image.147x79.jpg HTTP/1.1" 206 500 "http://galaxybeads.com.au/" "Mozilla/5.0 (Linux; Android 5.0) AppleWebKit/537.36 (KHTML, like Gecko) Mobile Safari/537.36 (compatible; Bytespider; spider-feedback@bytedance.com)"
47.128.38.153 - - [30/Apr/2026:21:12:08 +1000] "GET /shop/bmz_cache/9/9d5f3e434c8e55cb9fb41036a8f11024.image.147x129.jpg HTTP/1.1" 206 500 "http://galaxybeads.com.au/" "Mozilla/5.0 (Linux; Android 5.0) AppleWebKit/537.36 (KHTML, like Gecko) Mobile Safari/537.36 (compatible; Bytespider; spider-feedback@bytedance.com)"
47.128.38.153 - - [30/Apr/2026:21:12:08 +1000] "GET /shop/bmz_cache/8/89e5f160542abdac9b63faaee27b5ec0.image.147x147.JPG HTTP/1.1" 206 500 "http://galaxybeads.com.au/" "Mozilla/5.0 (Linux; Android 5.0) AppleWebKit/537.36 (KHTML, like Gecko) Mobile Safari/537.36 (compatible; Bytespider; spider-feedback@bytedance.com)"
47.128.38.153 - - [30/Apr/2026:21:12:08 +1000] "GET /shop/bmz_cache/a/adf536f4f0dc7956d7cab6201accd127.image.147x147.JPG HTTP/1.1" 206 500 "http://galaxybeads.com.au/" "Mozilla/5.0 (Linux; Android 5.0) AppleWebKit/537.36 (KHTML, like Gecko) Mobile Safari/537.36 (compatible; Bytespider; spider-feedback@bytedance.com)"
47.128.38.153 - - [30/Apr/2026:21:12:08 +1000] "GET /shop/bmz_cache/2/2190b7b29c479dee620073da463713b5.image.147x147.JPG HTTP/1.1" 206 500 "http://galaxybeads.com.au/" "Mozilla/5.0 (Linux; Android 5.0) AppleWebKit/537.36 (KHTML, like Gecko) Mobile Safari/537.36 (compatible; Bytespider; spider-feedback@bytedance.com)"
47.128.38.153 - - [30/Apr/2026:21:12:08 +1000] "GET /shop/bmz_cache/6/60b0c070d99539445fc0681987dcb35c.image.131x149.gif HTTP/1.1" 206 500 "http://galaxybeads.com.au/" "Mozilla/5.0 (Linux; Android 5.0) AppleWebKit/537.36 (KHTML, like Gecko) Mobile Safari/537.36 (compatible; Bytespider; spider-feedback@bytedance.com)"
52.167.144.16 - - [30/Apr/2026:21:12:45 +1000] "GET /sitemap.html HTTP/1.1" 200 1015 "-" "Mozilla/5.0 AppleWebKit/537.36 (KHTML, like Gecko; compatible; bingbot/2.0; +http://www.bing.com/bingbot.htm) Chrome/116.0.1938.76 Safari/537.36"
114.119.155.154 - - [30/Apr/2026:21:13:09 +1000] "GET /shop/index.php?main_page=login HTTP/1.1" 302 - "http://galaxybeads.com.au/shop/index.php?main_page=product_info&cPath=38_50&products_id=827" "Mozilla/5.0 (Linux; Android 7.0;) AppleWebKit/537.36 (HTML, like Gecko) Mobile Safari/537.36 (compatible; PetalBot;+https://webmaster.petalsearch.com/site/petalbot)"
114.119.155.154 - - [30/Apr/2026:21:13:09 +1000] "GET /shop/index.php?main_page=cookie_usage HTTP/1.1" 200 8975 "http://galaxybeads.com.au/shop/index.php?main_page=product_info&cPath=38_50&products_id=827" "Mozilla/5.0 (Linux; Android 7.0;) AppleWebKit/537.36 (HTML, like Gecko) Mobile Safari/537.36 (compatible; PetalBot;+https://webmaster.petalsearch.com/site/petalbot)"
207.97.138.95 - - [30/Apr/2026:21:13:15 +1000] "GET /shopbmz_cache/b/b5dc1474705b3e328681a69944038dcc.image.147x124.jpg HTTP/1.1" 404 10936 "-" "Mozilla/5.0 (compatible; crawler)"
114.119.156.119 - - [30/Apr/2026:21:14:33 +1000] "GET /shop/index.php?main_page=login HTTP/1.1" 302 - "http://galaxybeads.com.au/shop/index.php?main_page=product_info&cPath=38_50&products_id=643" "Mozilla/5.0 (Linux; Android 7.0;) AppleWebKit/537.36 (HTML, like Gecko) Mobile Safari/537.36 (compatible; PetalBot;+https://webmaster.petalsearch.com/site/petalbot)"
114.119.156.119 - - [30/Apr/2026:21:14:34 +1000] "GET /shop/index.php?main_page=cookie_usage HTTP/1.1" 200 9160 "http://galaxybeads.com.au/shop/index.php?main_page=product_info&cPath=38_50&products_id=643" "Mozilla/5.0 (Linux; Android 7.0;) AppleWebKit/537.36 (HTML, like Gecko) Mobile Safari/537.36 (compatible; PetalBot;+https://webmaster.petalsearch.com/site/petalbot)"
62.146.233.9 - - [30/Apr/2026:21:15:48 +1000] "POST /xmlrpc.php HTTP/1.1" 200 247 "-" "Mozilla/5.0 (Macintosh; Intel Mac OS X 10_13_1) AppleWebKit/537.36 (KHTML, like Gecko) Chrome/66.0.3359.181 Safari/537.36"
114.119.156.154 - - [30/Apr/2026:21:15:56 +1000] "GET /shop/index.php?main_page=login HTTP/1.1" 302 - "http://galaxybeads.com.au/shop/index.php?main_page=product_info&cPath=34_36&products_id=105" "Mozilla/5.0 (Linux; Android 7.0;) AppleWebKit/537.36 (HTML, like Gecko) Mobile Safari/537.36 (compatible; PetalBot;+https://webmaster.petalsearch.com/site/petalbot)"
114.119.156.154 - - [30/Apr/2026:21:15:57 +1000] "GET /shop/index.php?main_page=cookie_usage HTTP/1.1" 200 8974 "http://galaxybeads.com.au/shop/index.php?main_page=product_info&cPath=34_36&products_id=105" "Mozilla/5.0 (Linux; Android 7.0;) AppleWebKit/537.36 (HTML, like Gecko) Mobile Safari/537.36 (compatible; PetalBot;+https://webmaster.petalsearch.com/site/petalbot)"
47.128.38.233 - - [30/Apr/2026:21:16:08 +1000] "GET /shop/images/categories/Ball%20Chain%20Clasp.JPG HTTP/1.1" 206 500 "http://galaxybeads.com.au/" "Mozilla/5.0 (Linux; Android 5.0) AppleWebKit/537.36 (KHTML, like Gecko) Mobile Safari/537.36 (compatible; Bytespider; spider-feedback@bytedance.com)"
47.128.38.233 - - [30/Apr/2026:21:16:08 +1000] "GET /shop/bmz_cache/a/a14c37c8ad8ff7b3813824c7a8241772.image.147x79.jpg HTTP/1.1" 206 500 "http://galaxybeads.com.au/" "Mozilla/5.0 (Linux; Android 5.0) AppleWebKit/537.36 (KHTML, like Gecko) Mobile Safari/537.36 (compatible; Bytespider; spider-feedback@bytedance.com)"
47.128.38.233 - - [30/Apr/2026:21:16:08 +1000] "GET /shop/bmz_cache/f/f2b865dc6d4e3ed60de0c4c3a0cc270e.image.147x135.jpg HTTP/1.1" 206 500 "http://galaxybeads.com.au/" "Mozilla/5.0 (Linux; Android 5.0) AppleWebKit/537.36 (KHTML, like Gecko) Mobile Safari/537.36 (compatible; Bytespider; spider-feedback@bytedance.com)"
47.128.38.233 - - [30/Apr/2026:21:16:08 +1000] "GET /shop/bmz_cache/6/64944e33779beff7fc01d1d76a403055.image.147x70.jpg HTTP/1.1" 206 500 "http://galaxybeads.com.au/" "Mozilla/5.0 (Linux; Android 5.0) AppleWebKit/537.36 (KHTML, like Gecko) Mobile Safari/537.36 (compatible; Bytespider; spider-feedback@bytedance.com)"
47.128.38.233 - - [30/Apr/2026:21:16:08 +1000] "GET /shop/bmz_cache/2/2190b7b29c479dee620073da463713b5.image.147x147.JPG HTTP/1.1" 206 500 "http://galaxybeads.com.au/" "Mozilla/5.0 (Linux; Android 5.0) AppleWebKit/537.36 (KHTML, like Gecko) Mobile Safari/537.36 (compatible; Bytespider; spider-feedback@bytedance.com)"
47.128.38.233 - - [30/Apr/2026:21:16:08 +1000] "GET /shop/includes/templates/theme228/images/1.png HTTP/1.1" 206 500 "http://galaxybeads.com.au/" "Mozilla/5.0 (Linux; Android 5.0) AppleWebKit/537.36 (KHTML, like Gecko) Mobile Safari/537.36 (compatible; Bytespider; spider-feedback@bytedance.com)"
47.128.38.233 - - [30/Apr/2026:21:16:09 +1000] "GET /shop/includes/templates/theme228/images/3.png HTTP/1.1" 206 500 "http://galaxybeads.com.au/" "Mozilla/5.0 (Linux; Android 5.0) AppleWebKit/537.36 (KHTML, like Gecko) Mobile Safari/537.36 (compatible; Bytespider; spider-feedback@bytedance.com)"
54.39.17.116 - - [30/Apr/2026:21:16:36 +1000] "GET /wp-login.php HTTP/1.1" 200 4711 "-" "Mozilla/5.0 (Windows NT 10.0; WOW64) AppleWebKit/537.36 (KHTML, like Gecko) Chrome/64.0.3282.186 Safari/537.36 OPR/51.0.2830.55"
54.39.17.116 - - [30/Apr/2026:21:16:38 +1000] "POST /wp-login.php HTTP/1.1" 200 4711 "https://galaxybeads.com.au/wp-login.php" "Mozilla/5.0 (Windows NT 10.0; WOW64) AppleWebKit/537.36 (KHTML, like Gecko) Chrome/64.0.3282.186 Safari/537.36 OPR/51.0.2830.55"
114.119.159.75 - - [30/Apr/2026:21:17:15 +1000] "GET /shop/index.php?main_page=login HTTP/1.1" 302 - "http://galaxybeads.com.au/shop/index.php?main_page=product_info&cPath=32&products_id=94" "Mozilla/5.0 (Linux; Android 7.0;) AppleWebKit/537.36 (HTML, like Gecko) Mobile Safari/537.36 (compatible; PetalBot;+https://webmaster.petalsearch.com/site/petalbot)"
114.119.159.75 - - [30/Apr/2026:21:17:16 +1000] "GET /shop/index.php?main_page=cookie_usage HTTP/1.1" 200 9153 "http://galaxybeads.com.au/shop/index.php?main_page=product_info&cPath=32&products_id=94" "Mozilla/5.0 (Linux; Android 7.0;) AppleWebKit/537.36 (HTML, like Gecko) Mobile Safari/537.36 (compatible; PetalBot;+https://webmaster.petalsearch.com/site/petalbot)"
199.203.54.15 - - [30/Apr/2026:21:17:52 +1000] "POST /xmlrpc.php HTTP/1.1" 200 248 "-" "Mozilla/5.0 (Macintosh; Intel Mac OS X 10_12_6) AppleWebKit/537.36 (KHTML, like Gecko) Chrome/66.0.3359.139 Safari/537.36"
155.212.135.191 - - [30/Apr/2026:21:18:31 +1000] "POST /xmlrpc.php HTTP/1.1" 200 249 "-" "Mozilla/5.0 (Windows NT 10.0; WOW64) AppleWebKit/537.36 (KHTML, like Gecko) Chrome/64.0.3282.186 Safari/537.36 OPR/51.0.2830.55"
114.119.155.154 - - [30/Apr/2026:21:18:43 +1000] "GET /shop/index.php?main_page=login HTTP/1.1" 302 - "http://galaxybeads.com.au/shop/index.php?main_page=product_info&cPath=22_35&products_id=1169" "Mozilla/5.0 (Linux; Android 7.0;) AppleWebKit/537.36 (HTML, like Gecko) Mobile Safari/537.36 (compatible; PetalBot;+https://webmaster.petalsearch.com/site/petalbot)"
114.119.155.154 - - [30/Apr/2026:21:18:44 +1000] "GET /shop/index.php?main_page=cookie_usage HTTP/1.1" 200 9161 "http://galaxybeads.com.au/shop/index.php?main_page=product_info&cPath=22_35&products_id=1169" "Mozilla/5.0 (Linux; Android 7.0;) AppleWebKit/537.36 (HTML, like Gecko) Mobile Safari/537.36 (compatible; PetalBot;+https://webmaster.petalsearch.com/site/petalbot)"
114.119.130.136 - - [30/Apr/2026:21:20:08 +1000] "GET /shop/index.php?main_page=login HTTP/1.1" 302 - "http://galaxybeads.com.au/shop/index.php?main_page=product_info&cPath=22_27&products_id=393" "Mozilla/5.0 (Linux; Android 7.0;) AppleWebKit/537.36 (HTML, like Gecko) Mobile Safari/537.36 (compatible; PetalBot;+https://webmaster.petalsearch.com/site/petalbot)"
103.216.117.118 - - [30/Apr/2026:21:20:06 +1000] "GET /wp-login.php HTTP/1.1" 200 4712 "-" "Mozilla/5.0 (Macintosh; Intel Mac OS X 10_13_4) AppleWebKit/537.36 (KHTML, like Gecko) Chrome/66.0.3359.170 Safari/537.36"
114.119.130.136 - - [30/Apr/2026:21:20:10 +1000] "GET /shop/index.php?main_page=cookie_usage HTTP/1.1" 200 8977 "http://galaxybeads.com.au/shop/index.php?main_page=product_info&cPath=22_27&products_id=393" "Mozilla/5.0 (Linux; Android 7.0;) AppleWebKit/537.36 (HTML, like Gecko) Mobile Safari/537.36 (compatible; PetalBot;+https://webmaster.petalsearch.com/site/petalbot)"
103.216.117.118 - - [30/Apr/2026:21:20:14 +1000] "POST /wp-login.php HTTP/1.1" 200 4712 "https://mail.youronesite.com/wp-login.php" "Mozilla/5.0 (Macintosh; Intel Mac OS X 10_13_4) AppleWebKit/537.36 (KHTML, like Gecko) Chrome/66.0.3359.170 Safari/537.36"
95.217.64.115 - - [30/Apr/2026:21:22:14 +1000] "GET /wp-login.php HTTP/1.1" 200 4712 "-" "Mozilla/5.0 (Windows NT 6.1; Win64; x64) AppleWebKit/537.36 (KHTML, like Gecko) Chrome/63.0.3239.132 Safari/537.36 OPR/50.0.2762.67"
95.217.64.115 - - [30/Apr/2026:21:22:17 +1000] "POST /wp-login.php HTTP/1.1" 200 4712 "https://mail.youronesite.com/wp-login.php" "Mozilla/5.0 (Windows NT 6.1; Win64; x64) AppleWebKit/537.36 (KHTML, like Gecko) Chrome/63.0.3239.132 Safari/537.36 OPR/50.0.2762.67"
67.207.86.6 - - [30/Apr/2026:21:22:50 +1000] "GET /wp-login.php HTTP/1.1" 200 4711 "-" "Mozilla/5.0 (Windows NT 5.1; Win64; x64) AppleWebKit/537.36 (KHTML, like Gecko) Chrome/66.0.3359.117 Safari/537.36"
67.207.86.6 - - [30/Apr/2026:21:22:54 +1000] "POST /wp-login.php HTTP/1.1" 200 4711 "https://mail.galaxybeads.com.au/wp-login.php" "Mozilla/5.0 (Windows NT 5.1; Win64; x64) AppleWebKit/537.36 (KHTML, like Gecko) Chrome/66.0.3359.117 Safari/537.36"
75.119.134.183 - - [30/Apr/2026:21:22:53 +1000] "POST /xmlrpc.php HTTP/1.1" 200 248 "-" "Mozilla/5.0 (Windows NT 10.0) AppleWebKit/537.36 (KHTML, like Gecko) Chrome/52.0.2743.116 Safari/537.36 Edge/15.15063"
199.203.54.15 - - [30/Apr/2026:21:23:21 +1000] "POST /xmlrpc.php HTTP/1.1" 200 248 "-" "Mozilla/5.0 (Macintosh; Intel Mac OS X 10_13_4) AppleWebKit/537.36 (KHTML, like Gecko) Chrome/66.0.3359.117 Safari/537.36"
45.3.38.120 - - [30/Apr/2026:21:23:34 +1000] "POST /shop/index.php?main_page=login&action=process HTTP/1.1" 200 17895 "http://galaxybeads.com.au/shop/index.php?main_page=login" "Mozilla/5.0 (Windows NT 6.3; Win64; x64) AppleWebKit/537.36 (KHTML, like Gecko) Chrome/103.0.0.0 Safari/537.36"
45.3.38.120 - - [30/Apr/2026:21:23:49 +1000] "GET /wp-admin/post-new.php HTTP/1.1" 302 - "http://galaxybeads.com.au/wp-admin/post-new.php" "Mozilla/5.0 (Windows NT 6.3; Win64; x64) AppleWebKit/537.36 (KHTML, like Gecko) Chrome/103.0.0.0 Safari/537.36"
45.3.38.120 - - [30/Apr/2026:21:23:51 +1000] "GET /wp-login.php?redirect_to=https%3A%2F%2Fgalaxybeads.com.au%2Fwp-admin%2Fpost-new.php&reauth=1 HTTP/1.1" 200 2867 "https://galaxybeads.com.au/wp-admin/post-new.php" "Mozilla/5.0 (Windows NT 6.3; Win64; x64) AppleWebKit/537.36 (KHTML, like Gecko) Chrome/103.0.0.0 Safari/537.36"
113.190.127.251 - - [30/Apr/2026:21:23:53 +1000] "GET /shop/index.php?disp_order=6&main_page=products_new&page=1 HTTP/1.1" 200 25652 "-" "Mozilla/5.0 (Macintosh; Intel Mac OS X 10_11_6) AppleWebKit/537.36 (KHTML, like Gecko) Chrome/93.0.4577.82 Safari/537.36"
103.82.21.169 - - [30/Apr/2026:21:23:52 +1000] "POST /xmlrpc.php HTTP/1.1" 200 248 "-" "Mozilla/5.0 (Macintosh; Intel Mac OS X 10_12_5) AppleWebKit/537.36 (KHTML, like Gecko) Chrome/65.0.3325.181 Safari/537.36"
50.6.7.129 - - [30/Apr/2026:21:24:30 +1000] "GET /wp-login.php HTTP/1.1" 200 4709 "-" "Mozilla/5.0 (Windows NT 6.0; Win64; x64) AppleWebKit/537.36 (KHTML, like Gecko) Chrome/52.0.2743.116 Safari/537.36 Edge/15.15063"
50.6.7.129 - - [30/Apr/2026:21:24:32 +1000] "POST /wp-login.php HTTP/1.1" 200 4709 "https://mail.galaxybeads.com.au/wp-login.php" "Mozilla/5.0 (Windows NT 6.0; Win64; x64) AppleWebKit/537.36 (KHTML, like Gecko) Chrome/52.0.2743.116 Safari/537.36 Edge/15.15063"
37.60.141.252 - - [30/Apr/2026:21:25:16 +1000] "GET /wp-login.php HTTP/1.1" 200 4711 "-" "Mozilla/5.0 (Macintosh; Intel Mac OS X 10.15) Gecko/20100101 Firefox/122.0"
82.214.102.252 - - [30/Apr/2026:21:25:17 +1000] "GET /wp-login.php HTTP/1.1" 200 4711 "-" "Mozilla/5.0 (Windows NT 6.3; WOW64) AppleWebKit/537.36 (KHTML, like Gecko) Chrome/66.0.3359.139 Safari/537.36"
37.60.141.252 - - [30/Apr/2026:21:25:20 +1000] "GET /wp-login.php HTTP/1.1" 200 4711 "-" "Mozilla/5.0 (X11; Linux x86_64) Gecko/20100101 Firefox/119.0.1"
82.214.102.252 - - [30/Apr/2026:21:25:20 +1000] "POST /wp-login.php HTTP/1.1" 200 4711 "https://mail.youronesite.com/wp-login.php" "Mozilla/5.0 (Windows NT 6.3; WOW64) AppleWebKit/537.36 (KHTML, like Gecko) Chrome/66.0.3359.139 Safari/537.36"
216.73.216.68 - - [30/Apr/2026:21:25:29 +1000] "GET /robots.txt HTTP/1.1" 301 - "-" "Mozilla/5.0 AppleWebKit/537.36 (KHTML, like Gecko; compatible; ClaudeBot/1.0; +claudebot@anthropic.com)"
216.73.216.68 - - [30/Apr/2026:21:25:36 +1000] "GET /robots.txt HTTP/1.1" 200 135 "https://www.galaxybeads.com.au/robots.txt" "Mozilla/5.0 AppleWebKit/537.36 (KHTML, like Gecko; compatible; ClaudeBot/1.0; +claudebot@anthropic.com)"
216.73.216.68 - - [30/Apr/2026:21:25:43 +1000] "GET / HTTP/1.1" 301 - "-" "Mozilla/5.0 AppleWebKit/537.36 (KHTML, like Gecko; compatible; ClaudeBot/1.0; +claudebot@anthropic.com)"
50.6.7.129 - - [30/Apr/2026:21:25:46 +1000] "POST /xmlrpc.php HTTP/1.1" 200 245 "-" "Mozilla/5.0 (Windows NT 6.1) AppleWebKit/537.36 (KHTML, like Gecko) Chrome/66.0.3359.117 Safari/537.36"
37.60.141.252 - - [30/Apr/2026:21:25:51 +1000] "POST /wp-login.php HTTP/1.1" 200 4711 "https://www.galaxybeads.com.au/wp-login.php" "Mozilla/5.0 (Macintosh; Intel Mac OS X 10.15) Gecko/20100101 Firefox/122.0"
37.60.141.252 - - [30/Apr/2026:21:25:52 +1000] "POST /wp-login.php HTTP/1.1" 200 4711 "https://www.galaxybeads.com.au/wp-login.php" "Mozilla/5.0 (Macintosh; Intel Mac OS X 10.15) Gecko/20100101 Firefox/120.0.1"
37.60.141.252 - - [30/Apr/2026:21:25:55 +1000] "POST /wp-login.php HTTP/1.1" 200 4711 "https://www.galaxybeads.com.au/wp-login.php" "Mozilla/5.0 (Windows NT 11.0; Win64; x64) AppleWebKit/537.36 (KHTML, like Gecko) Chrome/118.0.5993.88 Safari/537.36"
37.60.141.252 - - [30/Apr/2026:21:25:57 +1000] "POST /wp-login.php HTTP/1.1" 200 4711 "https://www.galaxybeads.com.au/wp-login.php" "Mozilla/5.0 (Windows NT 10.0; Win64; x64) Gecko/20100101 Firefox/122.0"
37.60.141.252 - - [30/Apr/2026:21:25:59 +1000] "POST /wp-login.php HTTP/1.1" 200 4711 "https://www.galaxybeads.com.au/wp-login.php" "Mozilla/5.0 (Macintosh; Intel Mac OS X 10_15_7) AppleWebKit/537.36 (KHTML, like Gecko) Chrome/121.0.6167.85 Safari/537.36"
185.198.240.114 - - [30/Apr/2026:21:25:58 +1000] "POST /wp-login.php HTTP/1.1" 401 3404 "-" "Mozilla/5.0"
185.198.240.97 - - [30/Apr/2026:21:25:58 +1000] "POST /wp-login.php HTTP/1.1" 401 3404 "-" "Mozilla/5.0"
37.60.141.252 - - [30/Apr/2026:21:26:01 +1000] "POST /wp-login.php HTTP/1.1" 200 4711 "https://www.galaxybeads.com.au/wp-login.php" "Mozilla/5.0 (Windows NT 10.0; Win64; x64) Gecko/20100101 Firefox/119.0.1"
37.60.141.252 - - [30/Apr/2026:21:26:03 +1000] "POST /wp-login.php HTTP/1.1" 200 4711 "https://www.galaxybeads.com.au/wp-login.php" "Mozilla/5.0 (Macintosh; Intel Mac OS X 10.15) Gecko/20100101 Firefox/122.0"
37.60.141.252 - - [30/Apr/2026:21:26:05 +1000] "POST /wp-login.php HTTP/1.1" 200 4711 "https://www.galaxybeads.com.au/wp-login.php" "Mozilla/5.0 (Windows NT 10.0; Win64; x64) AppleWebKit/537.36 (KHTML, like Gecko) Chrome/118.0.5993.88 Safari/537.36"
37.60.141.252 - - [30/Apr/2026:21:26:06 +1000] "POST /wp-login.php HTTP/1.1" 200 4711 "https://www.galaxybeads.com.au/wp-login.php" "Mozilla/5.0 (Windows NT 11.0; Win64; x64) AppleWebKit/537.36 (KHTML, like Gecko) Chrome/122.0.6261.57 Safari/537.36"
37.60.141.252 - - [30/Apr/2026:21:26:09 +1000] "POST /wp-login.php HTTP/1.1" 200 4711 "https://www.galaxybeads.com.au/wp-login.php" "Mozilla/5.0 (Macintosh; Intel Mac OS X 10.15) Gecko/20100101 Firefox/118.0.2"
37.60.141.252 - - [30/Apr/2026:21:26:11 +1000] "POST /wp-login.php HTTP/1.1" 200 4711 "https://www.galaxybeads.com.au/wp-login.php" "Mozilla/5.0 (Windows NT 10.0; Win64; x64) Gecko/20100101 Firefox/118.0.2"
37.60.141.252 - - [30/Apr/2026:21:26:13 +1000] "POST /wp-login.php HTTP/1.1" 200 4711 "https://www.galaxybeads.com.au/wp-login.php" "Mozilla/5.0 (Windows NT 10.0; Win64; x64) Gecko/20100101 Firefox/119.0.1"
50.6.229.148 - - [30/Apr/2026:21:26:12 +1000] "POST /xmlrpc.php HTTP/1.1" 200 247 "-" "Mozilla/5.0 (Windows NT 6.3; Win64; x64) AppleWebKit/537.36 (KHTML, like Gecko) Chrome/65.0.3325.162 Safari/537.36"
37.60.141.252 - - [30/Apr/2026:21:26:15 +1000] "POST /wp-login.php HTTP/1.1" 200 4711 "https://www.galaxybeads.com.au/wp-login.php" "Mozilla/5.0 (Macintosh; Intel Mac OS X 13_6_2) AppleWebKit/537.36 (KHTML, like Gecko) Chrome/119.0.6045.159 Safari/537.36"
37.60.141.252 - - [30/Apr/2026:21:26:17 +1000] "POST /wp-login.php HTTP/1.1" 200 4711 "https://www.galaxybeads.com.au/wp-login.php" "Mozilla/5.0 (Macintosh; Intel Mac OS X 10.15) Gecko/20100101 Firefox/122.0"
37.60.141.252 - - [30/Apr/2026:21:26:19 +1000] "POST /wp-login.php HTTP/1.1" 200 4711 "https://www.galaxybeads.com.au/wp-login.php" "Mozilla/5.0 (Macintosh; Intel Mac OS X 10_15_7) AppleWebKit/537.36 (KHTML, like Gecko) Chrome/119.0.6045.159 Safari/537.36"
37.60.141.252 - - [30/Apr/2026:21:26:32 +1000] "POST /wp-login.php HTTP/1.1" 200 4711 "https://www.galaxybeads.com.au/wp-login.php" "Mozilla/5.0 (Windows NT 10.0; Win64; x64) AppleWebKit/537.36 (KHTML, like Gecko) Chrome/119.0.6045.159 Safari/537.36"
37.60.141.252 - - [30/Apr/2026:21:26:35 +1000] "POST /wp-login.php HTTP/1.1" 200 4711 "https://www.galaxybeads.com.au/wp-login.php" "Mozilla/5.0 (Macintosh; Intel Mac OS X 10.15) Gecko/20100101 Firefox/119.0.1"
37.60.141.252 - - [30/Apr/2026:21:26:37 +1000] "POST /wp-login.php HTTP/1.1" 200 4711 "https://www.galaxybeads.com.au/wp-login.php" "Mozilla/5.0 (X11; Linux x86_64) Gecko/20100101 Firefox/120.0.1"
37.60.141.252 - - [30/Apr/2026:21:26:38 +1000] "POST /wp-login.php HTTP/1.1" 200 4711 "https://www.galaxybeads.com.au/wp-login.php" "Mozilla/5.0 (X11; Linux x86_64) Gecko/20100101 Firefox/122.0"
216.73.216.68 - - [30/Apr/2026:21:26:39 +1000] "GET /wp-content/uploads/wpcf7_captcha/4283356336.png HTTP/1.1" 404 10887 "-" "Mozilla/5.0 AppleWebKit/537.36 (KHTML, like Gecko; compatible; ClaudeBot/1.0; +claudebot@anthropic.com)"
37.60.141.252 - - [30/Apr/2026:21:26:40 +1000] "POST /wp-login.php HTTP/1.1" 200 4711 "https://www.galaxybeads.com.au/wp-login.php" "Mozilla/5.0 (X11; Linux x86_64) Gecko/20100101 Firefox/119.0.1"
37.60.141.252 - - [30/Apr/2026:21:26:42 +1000] "POST /wp-login.php HTTP/1.1" 200 4711 "https://www.galaxybeads.com.au/wp-login.php" "Mozilla/5.0 (Windows NT 11.0; Win64; x64) AppleWebKit/537.36 (KHTML, like Gecko) Chrome/122.0.6261.57 Safari/537.36"
37.60.141.252 - - [30/Apr/2026:21:26:44 +1000] "POST /wp-login.php HTTP/1.1" 200 4711 "https://www.galaxybeads.com.au/wp-login.php" "Mozilla/5.0 (Macintosh; Intel Mac OS X 10.15) Gecko/20100101 Firefox/122.0"
37.60.141.252 - - [30/Apr/2026:21:26:46 +1000] "POST /wp-login.php HTTP/1.1" 200 4711 "https://www.galaxybeads.com.au/wp-login.php" "Mozilla/5.0 (Macintosh; Intel Mac OS X 13_6_2) AppleWebKit/537.36 (KHTML, like Gecko) Chrome/122.0.6261.57 Safari/537.36"
37.60.141.252 - - [30/Apr/2026:21:26:47 +1000] "POST /wp-login.php HTTP/1.1" 200 4711 "https://www.galaxybeads.com.au/wp-login.php" "Mozilla/5.0 (X11; Linux x86_64) AppleWebKit/537.36 (KHTML, like Gecko) Chrome/121.0.6167.85 Safari/537.36"
37.60.141.252 - - [30/Apr/2026:21:26:49 +1000] "POST /wp-login.php HTTP/1.1" 200 4711 "https://www.galaxybeads.com.au/wp-login.php" "Mozilla/5.0 (Macintosh; Intel Mac OS X 10_15_7) AppleWebKit/537.36 (KHTML, like Gecko) Chrome/119.0.6045.159 Safari/537.36"
37.60.141.252 - - [30/Apr/2026:21:26:51 +1000] "POST /wp-login.php HTTP/1.1" 200 4711 "https://www.galaxybeads.com.au/wp-login.php" "Mozilla/5.0 (X11; Linux x86_64) Gecko/20100101 Firefox/121.0"
37.60.141.252 - - [30/Apr/2026:21:26:53 +1000] "POST /wp-login.php HTTP/1.1" 200 4711 "https://www.galaxybeads.com.au/wp-login.php" "Mozilla/5.0 (X11; Linux x86_64) Gecko/20100101 Firefox/122.0"
37.60.141.252 - - [30/Apr/2026:21:26:55 +1000] "POST /wp-login.php HTTP/1.1" 200 4711 "https://www.galaxybeads.com.au/wp-login.php" "Mozilla/5.0 (Windows NT 10.0; Win64; x64) Gecko/20100101 Firefox/119.0.1"
37.60.141.252 - - [30/Apr/2026:21:26:59 +1000] "POST /wp-login.php HTTP/1.1" 200 4711 "https://www.galaxybeads.com.au/wp-login.php" "Mozilla/5.0 (X11; Linux x86_64) Gecko/20100101 Firefox/119.0.1"
114.119.156.154 - - [30/Apr/2026:21:27:00 +1000] "GET /shop/index.php?main_page=login HTTP/1.1" 302 - "http://galaxybeads.com.au/shop/index.php?main_page=product_info&=120&products_id=1182" "Mozilla/5.0 (Linux; Android 7.0;) AppleWebKit/537.36 (HTML, like Gecko) Mobile Safari/537.36 (compatible; PetalBot;+https://webmaster.petalsearch.com/site/petalbot)"
37.60.141.252 - - [30/Apr/2026:21:27:01 +1000] "POST /wp-login.php HTTP/1.1" 200 4711 "https://www.galaxybeads.com.au/wp-login.php" "Mozilla/5.0 (Macintosh; Intel Mac OS X 10.15) Gecko/20100101 Firefox/122.0"
114.119.156.154 - - [30/Apr/2026:21:27:01 +1000] "GET /shop/index.php?main_page=cookie_usage HTTP/1.1" 200 9153 "http://galaxybeads.com.au/shop/index.php?main_page=product_info&=120&products_id=1182" "Mozilla/5.0 (Linux; Android 7.0;) AppleWebKit/537.36 (HTML, like Gecko) Mobile Safari/537.36 (compatible; PetalBot;+https://webmaster.petalsearch.com/site/petalbot)"
74.91.224.220 - - [30/Apr/2026:21:27:01 +1000] "GET /wp-login.php HTTP/1.1" 200 4710 "-" "Mozilla/5.0 (Windows NT 6.0; Win64; x64) AppleWebKit/537.36 (KHTML, like Gecko) Chrome/66.0.3359.117 Safari/537.36"
74.91.224.220 - - [30/Apr/2026:21:27:04 +1000] "POST /wp-login.php HTTP/1.1" 200 4710 "https://galaxybeads.com.au/wp-login.php" "Mozilla/5.0 (Windows NT 6.0; Win64; x64) AppleWebKit/537.36 (KHTML, like Gecko) Chrome/66.0.3359.117 Safari/537.36"
37.60.141.252 - - [30/Apr/2026:21:27:12 +1000] "POST /wp-login.php HTTP/1.1" 200 4711 "https://www.galaxybeads.com.au/wp-login.php" "Mozilla/5.0 (Macintosh; Intel Mac OS X 13_6_2) AppleWebKit/537.36 (KHTML, like Gecko) Chrome/122.0.6261.57 Safari/537.36"
37.60.141.252 - - [30/Apr/2026:21:27:14 +1000] "POST /wp-login.php HTTP/1.1" 200 4711 "https://www.galaxybeads.com.au/wp-login.php" "Mozilla/5.0 (Macintosh; Intel Mac OS X 10_15_7) AppleWebKit/537.36 (KHTML, like Gecko) Chrome/120.0.6099.130 Safari/537.36"
37.60.141.252 - - [30/Apr/2026:21:27:16 +1000] "POST /wp-login.php HTTP/1.1" 200 4711 "https://www.galaxybeads.com.au/wp-login.php" "Mozilla/5.0 (Macintosh; Intel Mac OS X 10.15) Gecko/20100101 Firefox/120.0.1"
37.60.141.252 - - [30/Apr/2026:21:27:18 +1000] "POST /wp-login.php HTTP/1.1" 200 4711 "https://www.galaxybeads.com.au/wp-login.php" "Mozilla/5.0 (Macintosh; Intel Mac OS X 10.15) Gecko/20100101 Firefox/120.0.1"
37.60.141.252 - - [30/Apr/2026:21:27:20 +1000] "POST /wp-login.php HTTP/1.1" 200 4711 "https://www.galaxybeads.com.au/wp-login.php" "Mozilla/5.0 (Macintosh; Intel Mac OS X 10_15_7) AppleWebKit/537.36 (KHTML, like Gecko) Chrome/120.0.6099.130 Safari/537.36"
37.60.141.252 - - [30/Apr/2026:21:27:22 +1000] "POST /wp-login.php HTTP/1.1" 200 4711 "https://www.galaxybeads.com.au/wp-login.php" "Mozilla/5.0 (Windows NT 10.0; Win64; x64) Gecko/20100101 Firefox/121.0"
37.60.141.252 - - [30/Apr/2026:21:27:23 +1000] "POST /wp-login.php HTTP/1.1" 200 4711 "https://www.galaxybeads.com.au/wp-login.php" "Mozilla/5.0 (Windows NT 10.0; Win64; x64) AppleWebKit/537.36 (KHTML, like Gecko) Chrome/120.0.6099.130 Safari/537.36"
37.60.141.252 - - [30/Apr/2026:21:27:25 +1000] "POST /wp-login.php HTTP/1.1" 200 4711 "https://www.galaxybeads.com.au/wp-login.php" "Mozilla/5.0 (X11; Ubuntu; Linux x86_64) AppleWebKit/537.36 (KHTML, like Gecko) Chrome/120.0.6099.130 Safari/537.36"
37.60.141.252 - - [30/Apr/2026:21:27:27 +1000] "POST /wp-login.php HTTP/1.1" 200 4711 "https://www.galaxybeads.com.au/wp-login.php" "Mozilla/5.0 (X11; Linux x86_64) AppleWebKit/537.36 (KHTML, like Gecko) Chrome/121.0.6167.85 Safari/537.36"
37.60.141.252 - - [30/Apr/2026:21:27:29 +1000] "POST /wp-login.php HTTP/1.1" 200 4711 "https://www.galaxybeads.com.au/wp-login.php" "Mozilla/5.0 (X11; Linux x86_64) Gecko/20100101 Firefox/120.0.1"
37.60.141.252 - - [30/Apr/2026:21:27:31 +1000] "POST /wp-login.php HTTP/1.1" 200 4711 "https://www.galaxybeads.com.au/wp-login.php" "Mozilla/5.0 (Windows NT 10.0; Win64; x64) Gecko/20100101 Firefox/119.0.1"
37.60.141.252 - - [30/Apr/2026:21:27:34 +1000] "POST /wp-login.php HTTP/1.1" 200 4711 "https://www.galaxybeads.com.au/wp-login.php" "Mozilla/5.0 (X11; Linux x86_64) AppleWebKit/537.36 (KHTML, like Gecko) Chrome/119.0.6045.159 Safari/537.36"
37.60.141.252 - - [30/Apr/2026:21:27:36 +1000] "POST /wp-login.php HTTP/1.1" 200 4711 "https://www.galaxybeads.com.au/wp-login.php" "Mozilla/5.0 (Macintosh; Intel Mac OS X 10.15) Gecko/20100101 Firefox/122.0"
37.60.141.252 - - [30/Apr/2026:21:27:38 +1000] "POST /wp-login.php HTTP/1.1" 200 4711 "https://www.galaxybeads.com.au/wp-login.php" "Mozilla/5.0 (X11; Ubuntu; Linux x86_64) AppleWebKit/537.36 (KHTML, like Gecko) Chrome/121.0.6167.85 Safari/537.36"
37.60.141.252 - - [30/Apr/2026:21:27:40 +1000] "POST /wp-login.php HTTP/1.1" 200 4711 "https://www.galaxybeads.com.au/wp-login.php" "Mozilla/5.0 (X11; Ubuntu; Linux x86_64) AppleWebKit/537.36 (KHTML, like Gecko) Chrome/119.0.6045.159 Safari/537.36"
37.60.141.252 - - [30/Apr/2026:21:27:46 +1000] "POST /wp-login.php HTTP/1.1" 200 4711 "https://www.galaxybeads.com.au/wp-login.php" "Mozilla/5.0 (X11; Linux x86_64) AppleWebKit/537.36 (KHTML, like Gecko) Chrome/119.0.6045.159 Safari/537.36"
37.60.141.252 - - [30/Apr/2026:21:27:48 +1000] "POST /wp-login.php HTTP/1.1" 200 4711 "https://www.galaxybeads.com.au/wp-login.php" "Mozilla/5.0 (Windows NT 10.0; Win64; x64) Gecko/20100101 Firefox/122.0"
37.60.141.252 - - [30/Apr/2026:21:27:50 +1000] "POST /wp-login.php HTTP/1.1" 200 4711 "https://www.galaxybeads.com.au/wp-login.php" "Mozilla/5.0 (X11; Linux x86_64) Gecko/20100101 Firefox/122.0"
37.60.141.252 - - [30/Apr/2026:21:27:52 +1000] "POST /wp-login.php HTTP/1.1" 200 4711 "https://www.galaxybeads.com.au/wp-login.php" "Mozilla/5.0 (Windows NT 10.0; Win64; x64) Gecko/20100101 Firefox/122.0"
37.60.141.252 - - [30/Apr/2026:21:27:54 +1000] "POST /wp-login.php HTTP/1.1" 200 4711 "https://www.galaxybeads.com.au/wp-login.php" "Mozilla/5.0 (X11; Ubuntu; Linux x86_64) AppleWebKit/537.36 (KHTML, like Gecko) Chrome/118.0.5993.88 Safari/537.36"
37.60.141.252 - - [30/Apr/2026:21:27:57 +1000] "POST /wp-login.php HTTP/1.1" 200 4711 "https://www.galaxybeads.com.au/wp-login.php" "Mozilla/5.0 (Macintosh; Intel Mac OS X 10_15_7) AppleWebKit/537.36 (KHTML, like Gecko) Chrome/119.0.6045.159 Safari/537.36"
37.60.141.252 - - [30/Apr/2026:21:27:59 +1000] "POST /wp-login.php HTTP/1.1" 200 4711 "https://www.galaxybeads.com.au/wp-login.php" "Mozilla/5.0 (Macintosh; Intel Mac OS X 10.15) Gecko/20100101 Firefox/118.0.2"
37.60.141.252 - - [30/Apr/2026:21:28:01 +1000] "POST /wp-login.php HTTP/1.1" 200 4711 "https://www.galaxybeads.com.au/wp-login.php" "Mozilla/5.0 (X11; Ubuntu; Linux x86_64) AppleWebKit/537.36 (KHTML, like Gecko) Chrome/121.0.6167.85 Safari/537.36"
37.60.141.252 - - [30/Apr/2026:21:28:03 +1000] "POST /wp-login.php HTTP/1.1" 200 4711 "https://www.galaxybeads.com.au/wp-login.php" "Mozilla/5.0 (Macintosh; Intel Mac OS X 10_15_7) AppleWebKit/537.36 (KHTML, like Gecko) Chrome/119.0.6045.159 Safari/537.36"
43.164.0.21 - - [30/Apr/2026:21:28:06 +1000] "GET /shop HTTP/1.1" 301 240 "http://shop.galaxybeads.com.au" "Mozilla/5.0 (iPhone; CPU iPhone OS 13_2_3 like Mac OS X) AppleWebKit/605.1.15 (KHTML, like Gecko) Version/13.0.3 Mobile/15E148 Safari/604.1"
37.60.141.252 - - [30/Apr/2026:21:28:05 +1000] "POST /wp-login.php HTTP/1.1" 200 4711 "https://www.galaxybeads.com.au/wp-login.php" "Mozilla/5.0 (X11; Linux x86_64) Gecko/20100101 Firefox/121.0"
37.60.141.252 - - [30/Apr/2026:21:28:07 +1000] "POST /wp-login.php HTTP/1.1" 200 4711 "https://www.galaxybeads.com.au/wp-login.php" "Mozilla/5.0 (Macintosh; Intel Mac OS X 10_15_7) AppleWebKit/537.36 (KHTML, like Gecko) Chrome/122.0.6261.57 Safari/537.36"
43.164.0.21 - - [30/Apr/2026:21:28:07 +1000] "GET /shop/ HTTP/1.1" 200 14616 "https://galaxybeads.com.au/shop" "Mozilla/5.0 (iPhone; CPU iPhone OS 13_2_3 like Mac OS X) AppleWebKit/605.1.15 (KHTML, like Gecko) Version/13.0.3 Mobile/15E148 Safari/604.1"
37.60.141.252 - - [30/Apr/2026:21:28:09 +1000] "POST /wp-login.php HTTP/1.1" 200 4711 "https://www.galaxybeads.com.au/wp-login.php" "Mozilla/5.0 (X11; Linux x86_64) Gecko/20100101 Firefox/120.0.1"
37.60.141.252 - - [30/Apr/2026:21:28:11 +1000] "POST /wp-login.php HTTP/1.1" 200 4711 "https://www.galaxybeads.com.au/wp-login.php" "Mozilla/5.0 (Windows NT 11.0; Win64; x64) AppleWebKit/537.36 (KHTML, like Gecko) Chrome/120.0.6099.130 Safari/537.36"
37.60.141.252 - - [30/Apr/2026:21:28:13 +1000] "POST /wp-login.php HTTP/1.1" 200 4711 "https://www.galaxybeads.com.au/wp-login.php" "Mozilla/5.0 (Windows NT 10.0; Win64; x64) AppleWebKit/537.36 (KHTML, like Gecko) Chrome/122.0.6261.57 Safari/537.36"
37.60.141.252 - - [30/Apr/2026:21:28:15 +1000] "POST /wp-login.php HTTP/1.1" 200 4711 "https://www.galaxybeads.com.au/wp-login.php" "Mozilla/5.0 (X11; Linux x86_64) Gecko/20100101 Firefox/118.0.2"
37.60.141.252 - - [30/Apr/2026:21:28:23 +1000] "POST /wp-login.php HTTP/1.1" 200 4711 "https://www.galaxybeads.com.au/wp-login.php" "Mozilla/5.0 (Windows NT 10.0; Win64; x64) Gecko/20100101 Firefox/122.0"
37.60.141.252 - - [30/Apr/2026:21:28:25 +1000] "POST /wp-login.php HTTP/1.1" 200 4711 "https://www.galaxybeads.com.au/wp-login.php" "Mozilla/5.0 (X11; Linux x86_64) Gecko/20100101 Firefox/122.0"
37.60.141.252 - - [30/Apr/2026:21:28:27 +1000] "POST /wp-login.php HTTP/1.1" 200 4711 "https://www.galaxybeads.com.au/wp-login.php" "Mozilla/5.0 (X11; Linux x86_64) AppleWebKit/537.36 (KHTML, like Gecko) Chrome/122.0.6261.57 Safari/537.36"
114.119.130.136 - - [30/Apr/2026:21:28:29 +1000] "GET /shop/index.php?main_page=login HTTP/1.1" 302 - "http://galaxybeads.com.au/shop/index.php?main_page=product_info&=33_127&products_id=1108" "Mozilla/5.0 (Linux; Android 7.0;) AppleWebKit/537.36 (HTML, like Gecko) Mobile Safari/537.36 (compatible; PetalBot;+https://webmaster.petalsearch.com/site/petalbot)"
37.60.141.252 - - [30/Apr/2026:21:28:29 +1000] "POST /wp-login.php HTTP/1.1" 200 4711 "https://www.galaxybeads.com.au/wp-login.php" "Mozilla/5.0 (X11; Ubuntu; Linux x86_64) AppleWebKit/537.36 (KHTML, like Gecko) Chrome/120.0.6099.130 Safari/537.36"
114.119.130.136 - - [30/Apr/2026:21:28:29 +1000] "GET /shop/index.php?main_page=cookie_usage HTTP/1.1" 200 9156 "http://galaxybeads.com.au/shop/index.php?main_page=product_info&=33_127&products_id=1108" "Mozilla/5.0 (Linux; Android 7.0;) AppleWebKit/537.36 (HTML, like Gecko) Mobile Safari/537.36 (compatible; PetalBot;+https://webmaster.petalsearch.com/site/petalbot)"
37.60.141.252 - - [30/Apr/2026:21:28:31 +1000] "POST /wp-login.php HTTP/1.1" 200 4711 "https://www.galaxybeads.com.au/wp-login.php" "Mozilla/5.0 (Windows NT 10.0; Win64; x64) AppleWebKit/537.36 (KHTML, like Gecko) Chrome/122.0.6261.57 Safari/537.36"
37.60.141.252 - - [30/Apr/2026:21:28:34 +1000] "POST /wp-login.php HTTP/1.1" 200 4711 "https://www.galaxybeads.com.au/wp-login.php" "Mozilla/5.0 (Macintosh; Intel Mac OS X 10.15) Gecko/20100101 Firefox/120.0.1"
37.60.141.252 - - [30/Apr/2026:21:28:36 +1000] "POST /wp-login.php HTTP/1.1" 200 4711 "https://www.galaxybeads.com.au/wp-login.php" "Mozilla/5.0 (X11; Linux x86_64) Gecko/20100101 Firefox/118.0.2"
37.60.141.252 - - [30/Apr/2026:21:28:39 +1000] "POST /wp-login.php HTTP/1.1" 200 4711 "https://www.galaxybeads.com.au/wp-login.php" "Mozilla/5.0 (Windows NT 10.0; Win64; x64) Gecko/20100101 Firefox/121.0"
37.60.141.252 - - [30/Apr/2026:21:28:42 +1000] "POST /wp-login.php HTTP/1.1" 200 4711 "https://www.galaxybeads.com.au/wp-login.php" "Mozilla/5.0 (Windows NT 11.0; Win64; x64) AppleWebKit/537.36 (KHTML, like Gecko) Chrome/120.0.6099.130 Safari/537.36"
37.60.141.252 - - [30/Apr/2026:21:28:45 +1000] "POST /wp-login.php HTTP/1.1" 200 4711 "https://www.galaxybeads.com.au/wp-login.php" "Mozilla/5.0 (Macintosh; Intel Mac OS X 10_15_7) AppleWebKit/537.36 (KHTML, like Gecko) Chrome/120.0.6099.130 Safari/537.36"
37.60.141.252 - - [30/Apr/2026:21:28:47 +1000] "POST /wp-login.php HTTP/1.1" 200 4711 "https://www.galaxybeads.com.au/wp-login.php" "Mozilla/5.0 (Windows NT 10.0; Win64; x64) Gecko/20100101 Firefox/118.0.2"
37.60.141.252 - - [30/Apr/2026:21:28:49 +1000] "POST /wp-login.php HTTP/1.1" 200 4711 "https://www.galaxybeads.com.au/wp-login.php" "Mozilla/5.0 (Macintosh; Intel Mac OS X 13_6_2) AppleWebKit/537.36 (KHTML, like Gecko) Chrome/119.0.6045.159 Safari/537.36"
37.60.141.252 - - [30/Apr/2026:21:28:51 +1000] "POST /wp-login.php HTTP/1.1" 200 4711 "https://www.galaxybeads.com.au/wp-login.php" "Mozilla/5.0 (Windows NT 10.0; Win64; x64) Gecko/20100101 Firefox/118.0.2"
37.60.141.252 - - [30/Apr/2026:21:28:54 +1000] "POST /wp-login.php HTTP/1.1" 200 4711 "https://www.galaxybeads.com.au/wp-login.php" "Mozilla/5.0 (Macintosh; Intel Mac OS X 10_15_7) AppleWebKit/537.36 (KHTML, like Gecko) Chrome/119.0.6045.159 Safari/537.36"
37.60.141.252 - - [30/Apr/2026:21:28:56 +1000] "POST /wp-login.php HTTP/1.1" 200 4711 "https://www.galaxybeads.com.au/wp-login.php" "Mozilla/5.0 (Macintosh; Intel Mac OS X 10.15) Gecko/20100101 Firefox/118.0.2"
37.60.141.252 - - [30/Apr/2026:21:29:04 +1000] "POST /wp-login.php HTTP/1.1" 200 4711 "https://www.galaxybeads.com.au/wp-login.php" "Mozilla/5.0 (Macintosh; Intel Mac OS X 10_15_7) AppleWebKit/537.36 (KHTML, like Gecko) Chrome/122.0.6261.57 Safari/537.36"
37.60.141.252 - - [30/Apr/2026:21:29:06 +1000] "POST /wp-login.php HTTP/1.1" 200 4711 "https://www.galaxybeads.com.au/wp-login.php" "Mozilla/5.0 (Windows NT 10.0; Win64; x64) Gecko/20100101 Firefox/122.0"
37.60.141.252 - - [30/Apr/2026:21:29:08 +1000] "POST /wp-login.php HTTP/1.1" 200 4711 "https://www.galaxybeads.com.au/wp-login.php" "Mozilla/5.0 (Macintosh; Intel Mac OS X 10_15_7) AppleWebKit/537.36 (KHTML, like Gecko) Chrome/122.0.6261.57 Safari/537.36"
